('022/BA-SMTH/082016',204,2,'SMTH20150701117','202','107',1,'2016-08-18 16:35:23','gilangsm','192.168.2.38'),('045/PB-ITNS/082016',201,3,'ITNS20160601013','100','101',1,'2016-08-19 08:25:22','agus','192.168.4.62'),('024/PB-SMTH/082016',201,8,'ITRD20000101001','100','101',1,'2016-08-19 08:25:36','fathoni','192.168.2.14'),('010/PB-ISGN/082016',201,8,'ITRD20000101001','100','101',1,'2016-08-19 08:26:55','fathoni','192.168.2.14'),('050/PB-ITNS/082016',201,3,'ITNS20160601013','100','101',1,'2016-08-19 08:27:04','agus','192.168.4.62'),('010/PB-SMTH/082016',201,8,'ITRD20000101001','100','101',1,'2016-08-19 08:28:09','fathoni','192.168.2.14'),('020/PB-PJSG/082016',201,7,'ITRD20000101001','100','101',1,'2016-08-19 08:29:09','fathoni','192.168.2.14'),('021/PB-PJSG/082016',201,7,'ITRD20000101001','100','101',1,'2016-08-19 08:29:30','fathoni','192.168.2.14'),('039/PB-ITNS/082016',201,6,'ITRD20000101001','100','101',1,'2016-08-19 08:29:44','fathoni','192.168.2.14'),('041/PB-ITNS/082016',201,6,'ITRD20000101001','100','101',1,'2016-08-19 08:29:58','fathoni','192.168.2.14'),('040/PB-ITNS/082016',201,6,'ITRD20000101001','100','101',1,'2016-08-19 08:30:42','fathoni','192.168.2.14'),('043/PB-ITNS/082016',201,6,'ITRD20000101001','100','101',1,'2016-08-19 08:31:15','fathoni','192.168.2.14'),('044/PB-ITNS/082016',201,6,'ITRD20000101001','100','101',1,'2016-08-19 08:31:38','fathoni','192.168.2.14'),('046/PB-ITNS/082016',201,6,'ITRD20000101001','100','101',1,'2016-08-19 08:32:05','fathoni','192.168.2.14'),('047/PB-ITNS/082016',201,6,'ITRD20000101001','100','101',1,'2016-08-19 08:32:23','fathoni','192.168.2.14'),('022/PB-ITRD/082016',201,3,'ITRD20000101001','100','101',1,'2016-08-19 08:32:40','fathoni','192.168.2.14'),('022/PB-PJSG/082016',201,3,'PJSG20080101058','205','102',1,'2016-08-19 09:00:32','accountingpjs','192.168.2.47'),('033/PB-ISGN/082016',201,4,'ISGN20140601004','202','107',1,'2016-08-19 09:04:03','plhaccountingmijen','192.168.2.47'),('040/PB-ISGN/082016',201,4,'ISGN20140601004','202','107',1,'2016-08-19 09:04:25','plhaccountingmijen','192.168.2.47'),('022/PB-PJSG/082016',201,4,'ITRD20150301016','202','103',1,'2016-08-19 09:05:10','ariwinarsihspv','192.168.2.47'),('022/PB-PJSG/082016',201,5,'ITRD20150301016','202','103',1,'2016-08-19 09:05:13','ariwinarsihspv','192.168.2.47'),('033/PB-ISGN/082016',201,5,'ITRD20150301016','202','103',1,'2016-08-19 09:05:41','ariwinarsihspv','192.168.2.47'),('033/PB-ISGN/082016',201,6,'ITRD20150301016','202','103',1,'2016-08-19 09:05:44','ariwinarsihspv','192.168.2.47'),('040/PB-ISGN/082016',201,5,'ITRD20150301016','202','103',1,'2016-08-19 09:05:53','ariwinarsihspv','192.168.2.47'),('040/PB-ISGN/082016',201,6,'ITRD20150301016','202','103',1,'2016-08-19 09:05:56','ariwinarsihspv','192.168.2.47'),('002/PB-SMNC/082016',201,3,'ITRD20080101011','201','107',3,'2016-08-19 09:18:07','alika','192.168.2.204'),('024/PB-ISGN/082016',201,3,'ITRD20080101011','201','107',3,'2016-08-19 09:18:25','alika','192.168.2.204'),('024/BA-SMTH/082016',202,1,'SMTH20150615119','205','106',1,'2016-08-19 09:26:35','hengkysm','180.246.58.63'),('024/BA-SMTH/082016',204,2,'SMTH20150701117','202','107',1,'2016-08-19 09:31:17','gilangsm','192.168.2.38'),('051/PB-ITNS/082016',201,1,'ITRD20150608008','202','107',1,'2016-08-19 11:02:13','yana','192.168.2.43'),('052/PB-ITNS/082016',201,1,'ITRD20150608008','202','107',1,'2016-08-19 11:03:51','yana','192.168.2.43'),('051/PB-ITNS/082016',201,2,'ITNS20150101009','212','106',1,'2016-08-19 11:12:08','kimkim','192.168.4.181'),('052/PB-ITNS/082016',201,2,'ITNS20150101009','212','106',1,'2016-08-19 11:12:24','kimkim','192.168.4.181'),('051/PB-ITNS/082016',201,3,'ITNS20160601013','100','101',1,'2016-08-19 11:15:25','agus','192.168.4.62'),('052/PB-ITNS/082016',201,3,'ITNS20160601013','100','101',1,'2016-08-19 11:17:54','agus','192.168.4.62'),('043/PB-ISGN/082016',201,1,'ISGN20080601003','205','102',1,'2016-08-19 11:19:54','kaprodmijen','36.73.143.113'),('044/PB-ISGN/082016',201,1,'ISGN20080601003','205','102',1,'2016-08-19 11:27:12','kaprodmijen','36.73.143.113'),('004/PB-SMNC/082016',201,1,'SMNC20150615119','205','106',1,'2016-08-19 13:55:34','hengkycoil','36.79.88.230'),('001/PB-ISGN/082016',201,8,'ITRD20000101001','100','101',1,'2016-08-19 14:02:59','fathoni','36.73.143.113'),('053/PB-ITNS/082016',201,1,'ITRD20150608008','202','107',1,'2016-08-19 15:31:24','yana','192.168.2.43'),('053/PB-ITNS/082016',201,2,'ITNS20150101009','212','106',1,'2016-08-19 15:43:05','kimkim','192.168.4.181'),('053/PB-ITNS/082016',201,3,'ITNS20160601013','100','101',1,'2016-08-19 15:47:03','agus','192.168.4.62'),('001/PD-ITRD/082016',202,1,'ITRD20080101011','201','107',1,'2016-08-19 15:49:45','alika','192.168.2.204'),('053/PB-ITNS/082016',201,4,'ITRD20080101011','201','107',1,'2016-08-19 15:50:03','alika','192.168.2.204'),('023/PB-ITRD/082016',201,1,'ITRD20080101011','201','107',1,'2016-08-19 15:50:58','alika','192.168.2.204'),('052/PB-ITNS/082016',201,4,'ITRD20080101011','201','107',1,'2016-08-19 15:52:45','alika','192.168.2.204');

/*Table structure for table `history_pending` */


CREATE TABLE `history_pending` (
  `kodepermintaan` varchar(20) DEFAULT NULL,
  `tglpending` datetime DEFAULT NULL,
  `eksekutor` varchar(30) DEFAULT NULL,
  `ipclient` varchar(15) DEFAULT NULL,
  `tglmovetoapprove` datetime DEFAULT NULL,
  `userid` varchar(30) DEFAULT NULL
) ENGINE=InnoDB DEFAULT CHARSET=latin1;

/*Data for the table `history_pending` */

insert  into `history_pending`(kodepermintaan,tglpending,eksekutor,ipclient,tglmovetoapprove,userid) values ('021/PB-ITNS/042016','2016-04-06 10:09:45','ITRD20000101001','192.168.2.251','2016-04-06 11:00:47','alika'),('018/PB-ITNS/042016','2016-04-05 14:02:55','ITRD20080101011','192.168.2.10','2016-04-06 11:01:06','alika'),('021/PB-ITNS/042016','2016-04-07 09:13:48','ITRD20000101001','192.168.2.125','2016-04-07 14:50:41','kimkim'),('011/PB-SMTH/042016','2016-04-07 15:09:43','ITRD20080101011','192.168.2.10','2016-04-16 09:07:54','alika'),('013/PB-ISGN/042016','2016-04-07 10:39:22','ITRD20080101011','192.168.2.10','2016-04-18 11:34:34','alika'),('049/PB-ITNS/042016','2016-04-21 11:11:35','ITRD20000101001','192.168.2.115','2016-04-25 11:34:28','fathoni'),('023/PB-ITNS/042016','2016-04-08 15:52:55','ITRD20000101001','192.168.2.251','2016-04-25 16:57:53','fathoni'),('021/PB-ITNS/042016','2016-04-07 15:00:53','ITRD20000101001','192.168.2.251','2016-04-25 16:58:10','fathoni'),('045/PB-ITNS/042016','2016-04-18 15:39:02','ITRD20000101001','114.121.238.14','2016-04-25 16:58:20','fathoni'),('017/PB-SMTH/042016','2016-04-07 15:17:16','ITRD20080101011','192.168.2.10','2016-04-27 16:04:57','alika'),('003/PB-ISGB/042016','2016-04-12 11:05:00','ITRD20080101011','192.168.2.10','2016-04-28 08:58:56','alika'),('048/PB-ITNS/042016','2016-04-25 10:04:00','ITRD20080101011','192.168.2.204','2016-04-29 09:31:49','alika'),('003/PB-ISGB/042016','2016-04-28 09:01:39','ITRD20080101011','192.168.2.204','2016-05-03 15:37:27','alika'),('028/PB-ISGN/052016','2016-05-13 15:46:15','ITRD20080101011','192.168.2.204','2016-05-14 12:51:01','alika'),('052/PB-ISGN/042016','2016-04-25 17:04:29','ITRD20000101001','192.168.2.115','2016-05-17 14:35:29','fathoni'),('051/PB-ISGN/042016','2016-04-25 17:05:24','ITRD20000101001','192.168.2.115','2016-05-17 14:35:30','fathoni'),('057/PB-ITNS/042016','2016-04-26 16:58:23','ITRD20000101001','114.125.79.50','2016-05-17 14:36:07','fathoni'),('009/PB-ITNS/052016','2016-05-13 11:51:17','ITRD20000101001','176.199.58.250','2016-05-17 17:10:04','fathoni'),('046/PB-PJSG/042016','2016-04-28 14:48:07','ITRD20080101011','192.168.2.204','2016-05-20 08:33:03','alika'),('043/PB-ISGN/052016','2016-05-17 16:17:15','ITRD20080101011','192.168.2.204','2016-05-20 13:22:10','alika'),('004/PB-ITNS/052016','2016-05-11 11:48:02','ITRD20000101001','80.13.27.127','2016-05-20 14:56:23','fathoni'),('015/PB-ITNS/052016','2016-05-19 09:39:37','ITRD20000101001','114.120.238.43','2016-05-20 14:57:08','fathoni'),('025/PB-ISGN/052016','2016-05-13 10:20:46','ITRD20080101011','192.168.2.204','2016-05-23 13:18:15','alika'),('017/PB-ITRD/042016','2016-04-05 14:08:52','ITRD20080101004','192.168.2.251','2016-05-24 11:44:38','fanny'),('029/PB-ISGN/042016','2016-04-16 09:06:26','ITRD20080101011','192.168.2.251','2016-05-28 09:00:51','alika'),('065/PB-PJSG/052016','2016-05-21 10:04:22','ITRD20080101011','192.168.2.204','2016-05-28 09:01:43','alika'),('097/PB-SMTH/052016','2016-05-24 16:32:28','ITRD20080101011','192.168.2.204','2016-05-28 09:02:19','alika'),('063/PB-ISGN/052016','2016-05-23 14:35:11','ITRD20080101011','192.168.2.204','2016-05-28 09:02:44','alika'),('073/PB-ISGN/052016','2016-05-24 11:35:10','ITRD20080101011','192.168.2.204','2016-05-28 09:03:46','alika'),('007/PB-ISGC/052016','2016-05-16 11:18:30','ITRD20080101011','192.168.2.204','2016-05-28 09:04:00','alika'),('057/PB-ISGN/052016','2016-05-20 08:39:48','ITRD20080101011','192.168.2.204','2016-05-28 09:04:31','alika'),('005/PB-ISGC/052016','2016-05-16 11:34:38','ITRD20080101011','192.168.2.204','2016-05-31 10:01:51','alika'),('008/PB-ISGC/052016','2016-05-16 13:22:42','ITRD20080101011','192.168.2.204','2016-05-31 11:08:33','alika'),('060/PB-ITRD/052016','2016-05-13 11:49:31','ITRD20000101001','176.199.58.250','2016-06-01 11:36:29','fathoni'),('040/PB-ITNS/052016','2016-05-31 08:31:56','ITRD20000101001','192.168.2.112','2016-06-06 10:44:50','fathoni'),('088/PB-SMTH/052016','2016-05-16 11:12:05','ITRD20080101011','192.168.2.204','2016-06-08 15:05:17','alika'),('001/PB-SMNC/062016','2016-06-06 14:50:36','ITRD20080101011','192.168.2.204','2016-06-09 10:37:47','alika'),('016/PB-ISGC/052016','2016-05-31 09:24:52','ITRD20080101011','192.168.2.204','2016-06-09 10:37:50','alika'),('061/PB-ISGN/052016','2016-05-20 11:18:19','ITRD20080101011','192.168.2.204','2016-06-10 11:32:36','alika'),('010/PB-ISGC/052016','2016-05-17 16:32:38','ITRD20080101011','192.168.2.204','2016-06-10 11:32:47','alika'),('029/PB-ITNS/052016','2016-05-20 08:40:51','ITRD20080101011','192.168.2.204','2016-06-10 11:32:53','alika'),('007/PB-SMNC/062016','2016-06-10 10:21:24','ITRD20080101011','192.168.2.204','2016-06-11 10:31:33','alika'),('080/PB-ISGN/052016','2016-06-02 10:25:43','ITRD20080101011','192.168.2.204','2016-06-13 09:28:04','alika'),('025/PB-ISGN/062016','2016-06-16 10:37:19','ITRD20080101011','192.168.2.204','2016-06-17 09:19:46','alika'),('020/PB-ISGN/062016','2016-06-16 10:37:36','ITRD20080101011','192.168.2.204','2016-06-17 09:19:53','alika'),('019/PB-ISGN/062016','2016-06-16 10:36:52','ITRD20080101011','192.168.2.204','2016-06-17 09:19:55','alika'),('027/PB-ISGN/062016','2016-06-16 10:36:30','ITRD20080101011','192.168.2.204','2016-06-17 09:22:13','alika'),('031/PB-ITNS/062016','2016-06-20 13:58:20','ITRD20080101011','192.168.2.204','2016-06-20 15:19:36','alika'),('042/PB-SMTH/062016','2016-06-24 09:35:23','ITRD20000101001','192.168.2.10','2016-06-24 11:05:29','fathoni'),('008/PB-SMNC/062016','2016-06-24 09:38:21','ITRD20000101001','192.168.2.10','2016-06-24 13:46:10','fathoni'),('035/PB-SMTH/062016','2016-06-24 09:34:51','ITRD20000101001','192.168.2.10','2016-06-24 14:14:24','fathoni'),('058/PB-SMTH/062016','2016-06-23 13:23:40','ITRD20000101001','192.168.2.10','2016-06-24 14:16:59','fathoni'),('034/PB-ISGN/062016','2016-06-15 16:02:10','ISGN20140601004','192.168.3.101','2016-06-27 10:29:02','plhaccountingmijen'),('010/PB-SMTH/062016','2016-06-14 13:43:35','ITRD20000101001','192.168.2.8','2016-07-02 10:07:11','fathoni'),('011/PB-PJSG/062016','2016-06-24 09:36:55','ITRD20000101001','192.168.2.10','2016-07-02 10:07:13','fathoni'),('013/PB-SMTH/062016','2016-06-14 13:46:45','ITRD20000101001','192.168.2.8','2016-07-02 10:07:13','fathoni'),('026/PB-ITRD/062016','2016-06-27 10:31:01','ITRD20080101011','192.168.2.204','2016-07-04 14:53:43','alika'),('007/PD-ITRD/062016','2016-06-26 14:11:44','ITRD20000101001','36.73.2.69','2016-07-13 10:52:23','fathoni'),('008/PB-ISGN/062016','2016-06-24 09:37:19','ITRD20000101001','192.168.2.10','2016-07-13 10:52:30','fathoni'),('007/PB-SMNC/062016','2016-06-17 11:23:21','ITRD20000101001','192.168.2.10','2016-07-13 10:52:31','fathoni'),('015/PB-ISGN/062016','2016-06-24 09:37:37','ITRD20000101001','192.168.2.10','2016-07-13 10:52:33','fathoni'),('025/PB-ISGN/062016','2016-06-24 09:39:08','ITRD20000101001','192.168.2.10','2016-07-13 10:52:35','fathoni'),('017/PB-ISGN/062016','2016-06-24 09:37:53','ITRD20000101001','192.168.2.10','2016-07-13 10:52:37','fathoni'),('020/PB-ISGN/062016','2016-06-24 09:38:38','ITRD20000101001','192.168.2.10','2016-07-13 10:52:39','fathoni'),('024/PB-ISGN/062016','2016-06-24 09:38:52','ITRD20000101001','192.168.2.10','2016-07-13 10:52:41','fathoni'),('037/PB-ISGN/062016','2016-06-24 09:39:23','ITRD20000101001','192.168.2.10','2016-07-13 10:52:42','fathoni'),('040/PB-ISGN/062016','2016-06-24 09:29:14','ITRD20000101001','192.168.2.10','2016-07-13 10:52:48','fathoni'),('019/PB-ITRD/062016','2016-06-24 10:48:00','ITRD20000101001','192.168.2.10','2016-07-13 10:52:49','fathoni'),('018/PB-ITRD/062016','2016-06-24 10:48:28','ITRD20000101001','192.168.2.10','2016-07-13 10:52:54','fathoni'),('034/PB-ISGN/072016','2016-07-23 11:49:01','ITRD20080101011','192.168.2.204','2016-07-25 09:26:53','alika'),('006/PB-ISGB/042016','2016-04-21 10:16:37','ITRD20080101011','192.168.2.204','2016-07-25 13:04:27','alika'),('032/PB-SMTH/042016','2016-04-14 16:22:10','ITRD20000101001','114.121.239.240','2016-07-25 14:18:08','fathoni'),('062/PB-SMTH/062016','2016-07-13 10:49:31','ITRD20000101001','192.168.2.14','2016-07-25 14:18:13','fathoni'),('003/PB-SMTH/072016','2016-07-19 10:38:53','ITRD20000101001','192.168.2.8','2016-07-25 14:18:13','fathoni'),('012/PB-SMTH/072016','2016-07-20 09:47:14','ITRD20000101001','192.168.2.8','2016-07-25 14:18:20','fathoni'),('013/PB-SMTH/072016','2016-07-20 09:47:43','ITRD20000101001','192.168.2.8','2016-07-25 14:18:21','fathoni'),('024/PB-SMTH/072016','2016-07-20 09:48:24','ITRD20000101001','192.168.2.8','2016-07-25 14:18:23','fathoni'),('027/PB-PJSG/072016','2016-07-30 09:59:17','ITRD20080101011','192.168.2.204','2016-08-02 10:38:41','alika'),('025/PB-PJSG/062016','2016-06-25 11:50:43','ITRD20080101011','192.168.2.204','2016-08-08 14:00:32','alika'),('028/PB-PJSG/072016','2016-07-30 09:59:32','ITRD20080101011','192.168.2.204','2016-08-08 14:01:10','alika'),('040/PB-ISGN/072016','2016-07-30 10:07:48','ITRD20080101011','192.168.2.204','2016-08-08 14:01:19','alika'),('001/PB-ISGN/082016','2016-08-02 12:07:26','ITRD20080101011','192.168.2.204','2016-08-08 14:20:34','alika'),('016/PB-ISGN/072016','2016-07-22 15:05:47','ITRD20080101011','192.168.2.204','2016-08-08 14:21:06','alika'),('006/PB-SMTH/072016','2016-07-18 09:29:48','ITRD20080101011','192.168.2.204','2016-08-08 14:21:12','alika'),('024/PB-SMTH/082016','2016-08-04 15:14:09','ITRD20080101011','192.168.2.204','2016-08-11 09:58:30','alika'),('026/PB-SMTH/082016','2016-08-08 14:57:53','ITRD20080101011','192.168.2.204','2016-08-11 09:59:42','alika'),('027/PB-SMTH/082016','2016-08-08 14:42:33','ITRD20080101011','192.168.2.204','2016-08-12 11:37:57','alika'),('024/PB-ISGN/082016','2016-08-09 15:53:48','ITRD20080101011','192.168.2.204','2016-08-12 14:45:42','alika'),('002/PB-SMNC/082016','2016-08-09 15:53:30','ITRD20080101011','192.168.2.204','2016-08-12 14:45:43','alika'),('012/PB-SMNC/062016','2016-06-24 09:34:22','ITRD20000101001','192.168.2.10','2016-08-16 10:11:02','fathoni'),('021/PB-ITNS/082016','2016-08-10 08:39:26','ITRD20000101001','114.125.44.156','2016-08-16 10:11:44','fathoni');

/*Table structure for table `history_undecline` */


CREATE TABLE `history_undecline` (
  `kodetrx` varchar(20) DEFAULT NULL,
  `kodeitem` varchar(6) DEFAULT NULL,
  `jml` decimal(15,2) DEFAULT NULL,
  `userid` varchar(20) DEFAULT NULL,
  `tglentry` datetime DEFAULT NULL
) ENGINE=InnoDB DEFAULT CHARSET=latin1;

/*Data for the table `history_undecline` */

insert  into `history_undecline`(kodetrx,kodeitem,jml,userid,tglentry) values ('026/PB-ISGN/072016','A0060',NULL,'alika','2016-07-22 13:12:56');

/*Table structure for table `jabatan` */


CREATE TABLE `jabatan` (
  `kode_jabatan` varchar(3) NOT NULL DEFAULT '',
  `namajabatan` varchar(50) DEFAULT NULL,
  PRIMARY KEY (`kode_jabatan`)
) ENGINE=InnoDB DEFAULT CHARSET=latin1;

/*Data for the table `jabatan` */

insert  into `jabatan`(kode_jabatan,namajabatan) values ('101','Direktur'),('102','General Manager'),('103','Manager'),('104','Supervisor'),('105','Koordinator'),('106','Kepala'),('107','Staff'),('108','Mandor'),('109','Operator'),('110','Mekanik'),('111','Helper'),('112','Satpam'),('113','Cleaning Service'),('114','Sopir'),('115','Kernet');

/*Table structure for table `jenis_pengajuan` */


CREATE TABLE `jenis_pengajuan` (
  `kode_pengajuan` int(2) NOT NULL AUTO_INCREMENT,
  `nama_pengajuan` varchar(50) DEFAULT NULL,
  PRIMARY KEY (`kode_pengajuan`)
) ENGINE=InnoDB AUTO_INCREMENT=8 DEFAULT CHARSET=latin1 CHECKSUM=1 DELAY_KEY_WRITE=1 ROW_FORMAT=DYNAMIC;

/*Data for the table `jenis_pengajuan` */

insert  into `jenis_pengajuan`(kode_pengajuan,nama_pengajuan) values (1,'PENGAJUAN PINJAMAN SUPPLIER'),(2,'PENGAJUAN KASBON KARYAWAN'),(3,'PENGAJUAN DANA OPERASIONAL'),(4,'PENGAJUAN BARANG'),(5,'PERMOHONAN DANA'),(6,'PENGAJUAN TRANSFER'),(7,'PERMINTAAN KARYAWAN');

/*Table structure for table `jurusan` */


CREATE TABLE `jurusan` (
  `kdjurusan` int(3) DEFAULT NULL,
  `kdpendidikan` int(1) DEFAULT NULL,
  `jurusan` varchar(40) DEFAULT NULL
) ENGINE=MyISAM DEFAULT CHARSET=latin1;

/*Data for the table `jurusan` */

insert  into `jurusan`(kdjurusan,kdpendidikan,jurusan) values (101,1,'IPA'),(102,1,'IPS'),(201,2,'Teknik Bangunan'),(202,2,'Teknik Survei dan Pemetaan'),(203,2,'Teknik Ketenagalistrikan'),(204,2,'Teknik Mesin'),(205,2,'Teknik Grafika'),(206,2,'Teknik Kimia'),(207,2,'Teknik Industri'),(208,2,'Teknik Elektronika'),(209,2,'Teknik Telekomunikasi'),(210,2,'Teknik Komputer dan Informatika'),(211,2,'Teknik Pariwisata'),(212,2,'Tata Boga'),(213,2,'Administrasi'),(214,2,'Keuangan '),(215,2,'Tata Niaga'),(216,2,'Akuntansi'),(217,2,'Teknik Industri'),(218,2,'Teknik Elektronika'),(219,2,'Teknik Telekomunikasi'),(220,2,'Teknik Komputer dan Informatika'),(301,3,'Teknik Arsitektur'),(302,3,'Teknik Elektro'),(303,3,'Teknik Industri'),(304,3,'Teknik Kimia'),(305,3,'Teknik Sipil'),(306,3,'Teknik Mesin'),(307,3,'Teknik Fisika'),(308,3,'Teknik Planologi'),(309,3,'Teknik Komputer (Informatika)'),(310,3,'Teknik Geologi'),(311,3,'Teknik Geofisika'),(312,3,'Psikologi'),(313,3,'Filsafat Indonesia'),(314,3,'Sejarah'),(315,3,'Arkeologi Indonesia'),(316,3,'Antropologi'),(317,3,'Sastra Inggris'),(318,3,'Sosiologi'),(319,3,'Hubungan Internasional'),(320,3,'Ilmu Komunikasi'),(321,3,'Ekonomi'),(322,3,'Akuntansi'),(323,3,'Keuangan'),(324,3,'Manajemen'),(325,3,'Auditing'),(401,4,'Teknik Arsitektur'),(402,4,'Teknik Elektro'),(403,4,'Teknik Industri'),(404,4,'Teknik Kimia'),(405,4,'Teknik Sipil'),(406,4,'Teknik Mesin'),(407,4,'Teknik Fisika'),(408,4,'Teknik Planologi'),(409,4,'Teknik Komputer (Informatika)'),(410,4,'Teknik Geologi'),(411,4,'Teknik Geofisika'),(412,4,'Psikologi'),(413,4,'Filsafat Indonesia'),(414,4,'Sejarah'),(415,4,'Arkeologi Indonesia'),(416,4,'Antropologi'),(417,4,'Sastra Inggris'),(418,4,'Sosiologi'),(419,4,'Hubungan Internasional'),(420,4,'Ilmu Komunikasi'),(421,4,'Ekonomi'),(422,4,'Akuntansi'),(423,4,'Keuangan'),(424,4,'Manajemen'),(425,4,'Auditing');

/*Table structure for table `karyawan` */


CREATE TABLE `karyawan` (
  `nik` varchar(15) NOT NULL DEFAULT '',
  `idfinger` bigint(15) DEFAULT NULL,
  `nama` varchar(50) DEFAULT NULL,
  `jnskelamin` int(1) DEFAULT NULL,
  `alamat` varchar(100) DEFAULT NULL,
  `notelp` varchar(15) DEFAULT NULL,
  `kode_jabatan` varchar(3) NOT NULL DEFAULT '',
  `kode_divisi` varchar(3) NOT NULL DEFAULT '',
  `tgl_masuk` date DEFAULT NULL,
  `tgl_keluar` date DEFAULT NULL,
  `salary` bigint(15) DEFAULT NULL,
  `kurunwkt` varchar(5) DEFAULT NULL,
  `kode_perusahaan` varchar(5) DEFAULT NULL,
  PRIMARY KEY (`nik`),
  KEY `kode_jabatan` (`kode_jabatan`),
  KEY `kode_divisi` (`kode_divisi`)
) ENGINE=InnoDB DEFAULT CHARSET=latin1;

/*Data for the table `karyawan` */

insert  into `karyawan`(nik,idfinger,nama,jnskelamin,alamat,notelp,kode_jabatan,kode_divisi,tgl_masuk,tgl_keluar,salary,kurunwkt,kode_perusahaan) values ('ISGB20080101052',3,'GIYONO',1,'PERUM PRINGSARI PRINGSARI PRINGAPUS KAB SEMARANG','085290403521','106','208','2007-09-01','0000-00-00',265000,'Hari','ISGB'),('ISGB20080101053',6,'WAWAN',1,'KARANGJATI UNGARAN','081','110','208','2008-01-01','0000-00-00',105000,'Hari','ISGB'),('ISGB20080101054',104,'BUDI P',1,'KARANGJATI UNGARAN','081','110','208','2008-01-01','0000-00-00',85000,'Hari','ISGB'),('ISGB20080101055',106,'ERWIN',1,'KARANGJATI UNGARAN','081','110','208','2008-01-01','0000-00-00',70000,'Hari','ISGB'),('ISGB20080101056',7,'WAHYONO',1,'KARANGJATI','081','110','208','2008-01-01','0000-00-00',88000,'Hari','ISGB'),('ISGB20080101057',30,'ANWAR',1,'KEMASAN RT 01/02, PRINGSARI, PRINGAPUS KAB SEMARANG','085726655292','106','207','2009-05-13','0000-00-00',58000,'Hari','ISGB'),('ISGB20080101058',1,'ARI WINARSIH',0,'KARANGJATI UNGARAN','085291434950','102','205','2008-01-01','0000-00-00',10000000,'Bulan','ISGB'),('ISGB20080101087',114,'PONO',1,'UNGARAN','081','111','205','2008-01-01','0000-00-00',54000,'Hari','ISGB'),('ISGB20080101088',48,'SUKIRMAN',1,'UNGARAN','081','111','205','2008-01-01','0000-00-00',54000,'Hari','ISGB'),('ISGB20080101221',NULL,'ARI WINARSIH',0,'KARANGJATI','0','107','202','2008-01-01','0000-00-00',10000000,'Bulan','ISGB'),('ISGB20120101010',94,'TEGUH RIYADI',1,'SEMARANG','0','105','206','2012-01-01','0000-00-00',10000000,'Bulan','ISGB'),('ISGB20130101199',NULL,'MUDLIAH',NULL,'KARANG JATI','0','107','209','2013-01-01','0000-00-00',41000,'Hari','ISGB'),('ISGB20130101200',186,'YESSI',0,'SEMARANG','0','107','206','2013-01-01','0000-00-00',2000000,'Bulan','ISGB'),('ISGB20140519050',219,'SRI FATRINI',0,'KARANGJATI UNGARAN','081123456789','107','206','2014-05-19','0000-00-00',1250000,'Bulan','ISGB'),('ISGB20140601001',9,'DWI ELA',1,'KARANGJATI','0','109','205','2014-06-01','0000-00-00',54000,'Hari','ISGB'),('ISGB20140601002',10,'MUGIONO',1,'KARANGJATI','0','109','205','2014-06-01','0000-00-00',54000,'Hari','ISGB'),('ISGB20140601003',11,'SAMSUL',1,'KARANGJATI','0','109','205','2014-06-01','0000-00-00',54000,'Hari','ISGB'),('ISGB20140601004',12,'PIPIN',NULL,'KARANGJATI','0','109','205','2014-06-01','2015-04-21',44000,'Hari','ISGB'),('ISGB20140601005',214,'TADIM',NULL,'KARANGJATI','0','109','205','2014-06-01','0000-00-00',47000,'Hari','ISGB'),('ISGB20140601006',14,'SUMARNO',1,'KARANGJATI','0','109','205','2014-06-01','0000-00-00',54000,'Hari','ISGB'),('ISGB20140601007',15,'SUPRI',1,'KARANGJATI','0','109','205','2014-06-01','0000-00-00',54000,'Hari','ISGB'),('ISGB20140601008',16,'TRIYANTO',NULL,'KARANGJATI','0','108','205','2014-06-01','0000-00-00',60000,'Hari','ISGB'),('ISGB20140601009',227,'USMAN SOFYAN',1,'KARANGJATI','0','109','205','2014-06-01','0000-00-00',54000,'Hari','ISGB'),('ISGB20140601010',17,'PUJIONO',1,'KARANGJATI','0','109','205','2014-06-01','0000-00-00',54000,'Hari','ISGB'),('ISGB20140601011',18,'PUTIKUM',NULL,'KARANGJATI','0','109','205','2014-06-01','0000-00-00',44000,'Hari','ISGB'),('ISGB20140601012',NULL,'MARIYANTO',NULL,'KARANGJATI','0','109','205','2014-06-01','2015-01-07',40000,'Hari','ISGB'),('ISGB20140601013',20,'NUROHIM',NULL,'KARANGJATI','0','109','205','2014-06-01','0000-00-00',47000,'Hari','ISGB'),('ISGB20140601014',21,'DARMANTO',NULL,'KARANGJATI','0','109','205','2014-06-01','0000-00-00',54000,'Hari','ISGB'),('ISGB20140601015',5,'RYAN',1,'KAMPUNG PENJARINGAN RT 04 RW 01','0','108','205','2014-06-01','0000-00-00',64000,'Hari','ISGB'),('ISGB20140601016',23,'SUYONO',1,'KARANGJATI','0','109','205','2014-06-01','0000-00-00',54000,'Hari','ISGB'),('ISGB20140602017',22,'P NDARI',1,'KARANGJATI','0','109','205','2014-06-02','0000-00-00',54000,'Hari','ISGB'),('ISGB20140701046',120,'PRAS',NULL,'KARANGJATI','0','109','205','2014-07-01','2015-04-21',37500,'Hari','ISGB'),('ISGB20140701047',224,'DANANG',NULL,'KARANGJATI','0','109','205','2014-07-01','2015-04-21',37500,'Hari','ISGB'),('ISGB20140701048',117,'EDI',1,'KARANGJATI','0','109','205','2014-07-01','0000-00-00',54000,'Hari','ISGB'),('ISGB20140701049',129,'SUGENG',NULL,'KARANGJATI','0','109','205','2014-07-01','2015-04-21',37500,'Hari','ISGB'),('ISGB20140702020',24,'MUNAWAR',1,'KARANGJATI','0','109','205','2014-07-02','0000-00-00',54000,'Hari','ISGB'),('ISGB20140702021',25,'SLAMET 1',1,'KARANGJATI','0','109','205','2014-07-02','0000-00-00',54000,'Hari','ISGB'),('ISGB20140702022',26,'SLAMET 2',NULL,'KARANGJATI','0','109','205','2014-07-02','2015-04-21',42000,'Hari','ISGB'),('ISGB20140702023',101,'SARWIDI',1,'KARANGJATI','0','109','205','2014-07-02','0000-00-00',54000,'Hari','ISGB'),('ISGB20140702024',103,'JONI',NULL,'KARANGJATI','0','109','205','2014-07-02','0000-00-00',40000,'Hari','ISGB'),('ISGB20140702025',NULL,'ARIS',NULL,'KARANGJATI','0','109','205','2014-07-02','2015-01-07',37500,'Hari','ISGB'),('ISGB20140702026',189,'NGATIMAN',1,'KARANGJATI','0','109','205','2014-07-02','0000-00-00',54000,'Hari','ISGB'),('ISGB20140702027',196,'AGUS',NULL,'KARANGJATI','0','109','205','2014-07-02','2015-04-21',42000,'Hari','ISGB'),('ISGB20140702029',NULL,'AHMAD',NULL,'KARANGJATI','0','109','205','2014-07-02','2015-01-07',37500,'Hari','ISGB'),('ISGB20140702030',159,'SUNARYO',1,'KARANGJATI','0','109','205','2014-07-02','0000-00-00',54000,'Hari','ISGB'),('ISGB20140702031',215,'NOVIA HERY',1,'KARANGJATI','0','109','205','2014-07-02','0000-00-00',54000,'Hari','ISGB'),('ISGB20140702032',162,'NURSALIM',NULL,'KARANGJATI','0','109','205','2014-07-02','2015-04-21',37500,'Hari','ISGB'),('ISGB20140702033',NULL,'RATNO',NULL,'KARANGJATI','0','109','205','2014-07-02','2015-01-07',37500,'Hari','ISGB'),('ISGB20140702036',NULL,'SANTOSO',NULL,'KARANGJATI','0','109','205','2014-07-02','2015-01-07',37500,'Hari','ISGB'),('ISGB20140702037',231,'ANAS',NULL,'KARANGJATI','0','109','205','2014-07-02','2015-04-21',37500,'Hari','ISGB'),('ISGB20140702038',192,'AZIZ',NULL,'KARANGJATI','0','109','205','2014-07-02','0000-00-00',44000,'Hari','ISGB'),('ISGB20140702039',225,'IKHSAN',NULL,'KARANGJATI','0','109','205','2014-07-02','2015-04-21',37500,'Hari','ISGB'),('ISGB20140702041',NULL,'SLAMET 3',NULL,'KARANGJATI','0','109','205','2014-07-02','2015-01-07',37500,'Hari','ISGB'),('ISGB20140702042',NULL,'TONI',NULL,'KARANGJATI','0','109','205','2014-07-02','2015-01-07',44000,'Hari','ISGB'),('ISGB20140702043',NULL,'MATNUR',1,'KARANGJATI','0','108','205','2014-07-02','2014-09-08',50000,'Hari','ISGB'),('ISGB20140702044',163,'SABAR NARIMO',1,'KARANGJATI','0','109','205','2014-07-02','0000-00-00',54000,'Hari','ISGB'),('ISGB20140705045',226,'RIZKI',NULL,'KARANGJATI','0','109','205','2014-07-05','2015-04-21',37500,'Hari','ISGB'),('ISGB20140804051',130,'PRIHANDOKO',1,'KARANGJATI UNGARAN','081123456789','109','205','2014-08-04','0000-00-00',54000,'Hari','ISGB'),('ISGB20140901059',NULL,'ANWAR ',NULL,'KARANGJATI','123456789123','109','205','2014-09-01','2015-01-07',45000,'Hari','ISGB'),('ISGB20140901060',33,'SUWANDI',NULL,'KARANGJATI','321654987963','109','205','2014-09-01','0000-00-00',45000,'Hari','ISGB'),('ISGB20140901061',31,'NURKHOLIS',1,'KARANGJATI','987654147852','111','205','2014-09-01','0000-00-00',54000,'Hari','ISGB'),('ISGB20140901066',NULL,'HERI MUSTOFA',NULL,'BANDUNGAN','081','108','205','2014-09-01','2015-01-07',1350000,'Bulan','ISGB'),('ISGB20140905062',136,'HERI ( BRIKET )',NULL,'KARANGJATI','123698745','109','205','2014-09-05','0000-00-00',45000,'Hari','ISGB'),('ISGB20140905063',89,'HARYANTO ( BRIKET )',1,'KARANGJATI','123698745','109','205','2014-09-05','0000-00-00',54000,'Hari','ISGB'),('ISGB20140908064',96,'ASEP ( BRIKET )',NULL,'KARANGJATI','369789452','109','205','2014-09-08','2015-04-21',35000,'Hari','ISGB'),('ISGB20140908068',295,'SANDHY PILYANG',1,'MARGOYOSO RT 5 RW 2 KALINYAMATAN JEPARA','081','108','205','2014-09-08','2015-09-01',1350000,'Bulan','ISGB'),('ISGB20140910065',NULL,'ROKHIB',NULL,'KARANGJATI','123654879652','109','205','2014-09-10','2015-01-07',35000,'Hari','ISGB'),('ISGB20140914068',247,'MUSTOFA',1,'KARANGJATI','789654123','109','205','2014-09-14','0000-00-00',54000,'Hari','ISGB'),('ISGB20140915067',NULL,'PRIYO',NULL,'KARANGJATI','963258741','109','205','2014-09-15','2015-01-07',35000,'Hari','ISGB'),('ISGB20140916079',NULL,'YOYOK',NULL,'KARANGJATI','00000','109','205','2014-09-16','2015-01-07',37500,'Hari','ISGB'),('ISGB20140919080',244,'CATUR',NULL,'KARANGJATI','0000','109','205','2014-09-19','2015-01-07',37500,'Hari','ISGB'),('ISGB20140920081',242,'ISMUN',1,'KARANGJATI','0000','109','205','2014-09-20','0000-00-00',54000,'Hari','ISGB'),('ISGB20140922082',243,'INDRAYANTO',NULL,'KARANGJATI','0000','109','205','2014-09-22','0000-00-00',43000,'Hari','ISGB'),('ISGB20140925083',245,'SUJARWANTO',NULL,'KARANGJATI','0000','109','205','2014-09-25','2015-04-21',37500,'Hari','ISGB'),('ISGB20140929084',246,'WAHYUDI',NULL,'KARANGJATI','0000','109','205','2014-09-29','2015-04-21',37500,'Hari','ISGB'),('ISGB20141006085',248,'MUHSONI',1,'KARANGJATI','00000','109','205','2014-10-06','0000-00-00',54000,'Hari','ISGB'),('ISGB20141006086',249,'HARSONO',NULL,'KARANGJATI','00000','109','205','2014-10-06','2015-04-21',37500,'Hari','ISGB'),('ISGB20141019089',NULL,'JUANTO',NULL,'KARANGJATI UNGARAN','081','109','205','2014-10-19','2015-01-07',37500,'Hari','ISGB'),('ISGB20141020090',NULL,'EDI WIDIARNO',NULL,'KARANGJATI UNGARAN','081','109','205','2014-10-20','2015-01-07',37500,'Hari','ISGB'),('ISGB20141022091',NULL,'MUJI',NULL,'KARANGJATI UNGARAN','081','109','205','2014-10-22','2015-01-07',37500,'Hari','ISGB'),('ISGB20141027170',267,'SUSANTO',1,'KARANGJATI','081','110','208','2014-10-27','0000-00-00',60000,'Hari','ISGB'),('ISGB20141028092',NULL,'MASDUKI',NULL,'KARANGJATI','00000','109','205','2014-10-28','2015-01-07',37500,'Hari','ISGB'),('ISGB20141106093',NULL,'ADI ',NULL,'KARANGJATI UNGARAN','081','109','205','2014-11-06','2015-01-07',37500,'Hari','ISGB'),('ISGB20141110094',NULL,'TOPIK',NULL,'KARANGJATI UNGARAN','081','109','205','2014-11-10','2015-01-07',37500,'Hari','ISGB'),('ISGB20141110095',123,'INDRA IRWAN',NULL,'KARANGJATI UNGARAN','081','109','205','2014-11-10','2015-04-21',37500,'Hari','ISGB'),('ISGB20141111096',NULL,'SUGITO',NULL,'KARANGJATI','00000','109','205','2014-11-11','2015-01-07',37500,'Hari','ISGB'),('ISGB20141112097',NULL,'DONI SANTOSO',NULL,'KARANGJATI','0000','109','205','2014-11-12','2015-01-07',37500,'Hari','ISGB'),('ISGB20141112098',NULL,'SUDARMO',NULL,'KARANGJATI','0000','109','205','2014-11-12','2015-04-21',37500,'Hari','ISGB'),('ISGB20141113099',274,'TONI',NULL,'UNGARAN','081','109','205','2014-11-13','0000-00-00',42000,'Hari','ISGB'),('ISGB20141114100',271,'MARGONO',NULL,'KLATEN','081','109','205','2014-11-14','0000-00-00',42000,'Hari','ISGB'),('ISGB20141114101',273,'TOPA',NULL,'UNGARAN KARANGJATI','081','109','205','2014-11-14','2015-04-21',42000,'Hari','ISGB'),('ISGB20141118102',NULL,'PARNO ',NULL,'UNGARAN','081','109','205','2014-11-18','2015-01-07',37500,'Hari','ISGB'),('ISGB20141127104',269,'ABDULLAH FATIH PRONOJOYO',1,'KARANGJATI','0000','109','205','2014-11-27','0000-00-00',54000,'Hari','ISGB'),('ISGB20141201105',NULL,'ANDREAS',NULL,'KARANGJATI UNGARAN','081','109','205','2014-12-01','2015-01-07',37500,'Hari','ISGB'),('ISGB20141208106',270,'AGUS PRAYOGO',1,'KEL LEYANGAN RT 01/01 UANGARAN TIMUR','081','109','205','2015-06-01','0000-00-00',54000,'Hari','ISGB'),('ISGB20141208107',NULL,'HENDRA KRISTANTO',NULL,'KEL BANDAR HARJO RT 04/05 BANDAR HARJO UNGARAN BARAT','081','109','205','2014-12-08','2015-01-07',37500,'Hari','ISGB'),('ISGB20141210108',272,'AHMAD SUGONDO',NULL,' JOHO WONOYOSO RT 03 RW 04 PRIGAPUS','081','109','205','2014-12-10','2015-04-21',37500,'Hari','ISGB'),('ISGB20141211109',NULL,'DEDEK NOFRIANDI',NULL,'PLUWANG RT 05 RW 07 WARINGIN PUTIH BERGAS','081','109','205','2014-12-11','2015-01-07',37500,'Hari','ISGB'),('ISGB20141211110',NULL,'EKA FARDHAN',NULL,'NGOBO RT 1 RW 04 WARINGIN PUTIH BERGAS','081','109','205','2014-12-11','2015-01-07',37500,'Hari','ISGB'),('ISGB20141211111',NULL,'SUTIYARSONO',NULL,'LANGENSARI BARAT RT 13 RW 05 UNGARAN BARAT','081','109','205','2014-12-11','2015-01-07',37500,'Hari','ISGB'),('ISGB20141215112',NULL,'BEKTI TURASMAN',NULL,'GRABAG RT 02 RW 02 MAGELANG','081','109','205','2014-12-15','2015-04-21',37500,'Hari','ISGB'),('ISGB20141215113',NULL,'SATIMO',NULL,'UNGARAN','081','109','205','2014-12-15','2015-01-07',37500,'Hari','ISGB'),('ISGB20141221120',NULL,'RUDHI ARINTO',NULL,'DSN.DENDENG RT 04/03 WARINGIN PUTIH BERGAS','081','109','205','2014-12-21','2015-04-21',37500,'Hari','ISGB'),('ISGB20141222121',NULL,'NUR SANTOSO',NULL,'DURENAN RT 01/04 WONOREJO PRINGAPUS','081','109','205','2014-12-22','2015-01-07',37500,'Hari','ISGB'),('ISGB20141222122',NULL,'CATUR HENDRO SUSILO',NULL,'PRINGSARI RT 06/01 PRINGSARI PRINGAPUS','081','109','205','2014-12-22','2015-04-21',37500,'Hari','ISGB'),('ISGB20141224123',NULL,'AJI',NULL,'KARANGJATI','081','109','205','2014-12-24','2015-01-07',37500,'Hari','ISGB'),('ISGB20141228140',NULL,'JAIB',NULL,'BERGAS','081','109','205','2014-12-28','2015-04-21',37500,'Hari','ISGB'),('ISGB20150105124',NULL,'SEBTI',NULL,'KARANGJATI','081','109','205','2015-01-05','2015-04-21',37500,'Hari','ISGB'),('ISGB20150106125',NULL,'GIARNO',NULL,'KARANGJATI','081','109','205','2015-01-06','2015-04-21',37500,'Hari','ISGB'),('ISGB20150113126',NULL,'SOLIKUN',NULL,'KARANGJATI','081','109','205','2015-01-13','2015-04-21',37500,'Hari','ISGB'),('ISGB20150114127',NULL,'BAGUS',NULL,'KARANGJATI','081','109','205','2015-01-14','2015-04-21',37500,'Hari','ISGB'),('ISGB20150116128',NULL,'JOKO',NULL,'BERGAS','081','109','205','2015-01-16','2015-04-21',37500,'Hari','ISGB'),('ISGB20150116130',NULL,'EKO',NULL,'TUNTANG','081','109','205','2015-01-16','2015-04-21',37500,'Hari','ISGB'),('ISGB20150119131',NULL,'YUDI',NULL,'JIMBARAN','081','109','205','2015-01-19','2015-04-21',37500,'Hari','ISGB'),('ISGB20150119132',NULL,'WARSINO',NULL,'PRINGAPUS ','081','109','205','2015-01-19','2015-04-21',37500,'Hari','ISGB'),('ISGB20150121133',NULL,'AGUNG',NULL,'JIMBARAN','081','109','205','2015-01-21','2015-04-21',37500,'Hari','ISGB'),('ISGB20150125134',NULL,'SUHENDRA',NULL,'KARANGJATI','081','109','205','2015-01-25','2015-04-21',37500,'Hari','ISGB'),('ISGB20150125135',NULL,'YAROKHIM',NULL,'KARANGJATI','081','109','205','2015-01-25','2015-04-21',37500,'Hari','ISGB'),('ISGB20150127136',NULL,'FISTONO',NULL,'KARANGJATI','081123654789','109','205','2015-01-27','2015-04-21',42000,'Bulan','ISGB'),('ISGB20150128137',NULL,'FITRI',NULL,'KARANGJATI','081225899633','109','205','2015-01-28','2015-04-21',42000,'Hari','ISGB'),('ISGB20150128138',NULL,'DANANG',NULL,'KARANGJATI','085236974','109','205','2015-01-28','2015-04-21',42000,'Hari','ISGB'),('ISGB20150128139',NULL,'ANJAR',NULL,'KARANGJATI','258963147','109','205','2015-01-28','2015-04-21',42000,'Hari','ISGB'),('ISGB20150128141',NULL,'DANANG',NULL,'BERGAS','081','109','205','2015-01-28','2015-04-21',37500,'Hari','ISGB'),('ISGB20150128142',NULL,'ANJAR',NULL,'KARANGJATI','081','109','205','2015-01-28','2015-04-21',37500,'Hari','ISGB'),('ISGB20150128143',NULL,'DAVID',NULL,'PRINGAPUS','081','109','205','2015-01-28','2015-04-21',37500,'Hari','ISGB'),('ISGB20150128144',NULL,'LILIK',NULL,'KARANGJATI','081','109','205','2015-01-28','2015-04-21',37500,'Hari','ISGB'),('ISGB20150129145',NULL,'KISTORO',NULL,'KARANGJATI','081','109','205','2015-01-29','0000-00-00',37500,'Hari','ISGB'),('ISGB20150130146',325,'ARI',1,'KARANGJATI','081','109','205','2015-06-01','0000-00-00',54000,'Hari','ISGB'),('ISGB20150202148',315,'MUGIONO 2',1,'KARANGJATI','081','109','205','2015-02-02','0000-00-00',42000,'Hari','ISGB'),('ISGB20150202149',NULL,'GIYONO ',NULL,'KARANGJATI','081','109','205','2015-02-02','0000-00-00',37500,'Hari','ISGB'),('ISGB20150203150',310,'SODIKIN',1,'KARANGJATI','081','109','205','2015-02-03','0000-00-00',37500,'Hari','ISGB'),('ISGB20150203151',309,'SULASI',1,'KARANGJATI','081','109','205','2015-02-03','0000-00-00',54000,'Hari','ISGB'),('ISGB20150203152',NULL,'ARIYANTO',NULL,'KARANGJATI','081','109','205','2015-02-03','2015-04-21',37500,'Hari','ISGB'),('ISGB20150203153',NULL,'AHMAD ADI',NULL,'KARANGJATI','081','109','205','2015-02-03','2015-04-21',37500,'Hari','ISGB'),('ISGB20150204154',NULL,'KOMEDI',NULL,'KARANGJATI','081','109','205','2015-02-04','2015-04-21',37500,'Hari','ISGB'),('ISGB20150207155',NULL,'ANDI SEPTIYO M',NULL,'KEMASAN 001/005','081','109','205','2015-02-07','0000-00-00',37500,'Hari','ISGB'),('ISGB20150207156',NULL,'ROKHIMIN',NULL,'DSN GEMPOL RT 03 RW 04 DS LEYANGAN UNGARAN TIMUR','081','109','205','2015-02-07','2015-04-21',37500,'Hari','ISGB'),('ISGB20150209157',NULL,'NUR ROKHIMIN',NULL,'KARANGJATI','081','109','205','2015-02-09','2015-04-21',37500,'Hari','ISGB'),('ISGB20150210158',NULL,'MUSTAQIM',NULL,'KARANGJATI','081','109','205','2015-02-10','2015-04-21',42000,'Hari','ISGB'),('ISGB20150210159',NULL,'SUR',NULL,'KARANGJATI','081','109','205','2015-02-10','2015-04-21',37500,'Hari','ISGB'),('ISGB20150212160',NULL,'BAGS WALUYO',NULL,'DS WONOREJO RT 5 RW 1 KEC PRINGAPUS KAB SEMARANG','085701150485','109','205','2015-02-12','2015-04-21',42000,'Hari','ISGB'),('ISGB20150212161',NULL,'AHMAD JAUHARI',NULL,'DSN CANDI BANDUNGAN','087832250389','109','205','2015-02-12','2015-04-21',42000,'Hari','ISGB'),('ISGB20150212162',NULL,'CECEP SUPRIYADI',NULL,'DAMPU RT 03 RW 01','085727607322','109','205','2015-02-12','2015-04-21',42000,'Hari','ISGB'),('ISGB20150212163',NULL,'DEDI',NULL,'KARANGJATI','081','109','205','2015-02-12','0000-00-00',42000,'Hari','ISGB'),('ISGB20150213164',NULL,'HERI',NULL,'KARANGJATI ','081','109','205','2015-02-13','2015-04-21',43000,'Hari','ISGB'),('ISGB20150216165',NULL,'PONDI',NULL,'KARANGJATI','081','109','205','2015-02-16','0000-00-00',42000,'Hari','ISGB'),('ISGB20150216166',312,'JONO',1,'KARANGJATI','081','109','205','2015-02-16','0000-00-00',54000,'Hari','ISGB'),('ISGB20150216167',NULL,'IMAM',NULL,'KARANGJATI','081','109','205','2015-02-16','2015-04-21',42000,'Hari','ISGB'),('ISGB20150216168',NULL,'ROHAN',NULL,'KARANGJATI','081','109','205','2015-02-16','2015-04-21',42000,'Hari','ISGB'),('ISGB20150217169',NULL,'SARWEDI 2',NULL,'KARANGJATI','081','109','205','2015-02-17','2015-04-21',42000,'Hari','ISGB'),('ISGB20150218171',NULL,'SANTO',NULL,'KARANGJATI','081','109','205','2015-02-18','2015-04-21',42000,'Hari','ISGB'),('ISGB20150218172',318,'RONAL',1,'KARANGJATI','081','109','205','2015-02-18','0000-00-00',42000,'Hari','ISGB'),('ISGB20150218173',308,'SARWONO',1,'KARANGJATI','081','109','205','2015-02-18','0000-00-00',54000,'Hari','ISGB'),('ISGB20150218174',311,'DODI',1,'KARANGJATI','081','109','205','2015-02-18','0000-00-00',54000,'Hari','ISGB'),('ISGB20150323175',NULL,'TONO',NULL,'SRUMBUNG GUNUNG RT 01 RW 01','085742775035','109','205','2015-03-23','0000-00-00',42000,'Hari','ISGB'),('ISGB20150323176',NULL,'DASUNI EDI CAHYONO',NULL,'WONOSOCO UNDAAN KUDUS','085727859042','109','205','2015-03-23','2015-04-21',42000,'Hari','ISGB'),('ISGB20150328178',314,'SULISTIYONO',1,'KARANGJATI','081','109','205','2015-06-01','0000-00-00',54000,'Hari','ISGB'),('ISGB20150407179',NULL,'AGUS WAHYONO',NULL,'KARANGJATI','081','109','205','2015-04-07','2015-04-21',42000,'Hari','ISGB'),('ISGB20150410180',NULL,'MISDAR',NULL,'AMBIL-AMBIL RT 05 RW 01 MANGUNREJO KEBONAGUNG','081','109','205','2015-04-10','0000-00-00',42000,'Hari','ISGB'),('ISGB20150414181',NULL,'YANTO',NULL,'KARANGJATI','081','109','205','2015-04-14','2015-04-21',42000,'Hari','ISGB'),('ISGB20150423182',NULL,'SULAIMAN',NULL,'KARANGJATI','081','109','205','2015-04-23','0000-00-00',42000,'Hari','ISGB'),('ISGB20150423183',NULL,'AGUS 2',NULL,'KARANGJATI','081','109','205','2015-04-23','0000-00-00',42000,'Hari','ISGB'),('ISGB20150423184',NULL,'SURIYANTO',NULL,'KARANGJATI','081','109','205','2015-04-23','0000-00-00',42000,'Hari','ISGB'),('ISGB20150424185',326,'AHMAD YUSUF',1,'DSN KALILISENG SUMOWONO','081','109','205','2015-04-01','0000-00-00',54000,'Hari','ISGB'),('ISGB20150424195',NULL,'YUSUF',NULL,'SEMARANG','0','109','205','2015-04-24','0000-00-00',42000,'Hari','ISGB'),('ISGB20150426186',NULL,'KHOLIK ASRORI',NULL,'GAMBIR JATI RUNGGO','081','109','205','2015-04-26','0000-00-00',42000,'Hari','ISGB'),('ISGB20150428187',NULL,'SAIPUL',NULL,'KARANGJATI','081','109','205','2015-04-28','0000-00-00',42000,'Hari','ISGB'),('ISGB20150429188',NULL,'SUNARDI',NULL,'KARANGJATI','081','109','205','2015-04-29','0000-00-00',42000,'Hari','ISGB'),('ISGB20150501206',178,'SARYADI',1,'KARANGJATI','03','112','209','2015-05-01','0000-00-00',54000,'Hari','ISGB'),('ISGB20150501208',140,'MUDLIAH',0,'KARANGJATI','66','113','209','2015-05-01','0000-00-00',45000,'Hari','ISGB'),('ISGB20150503189',NULL,'RISKI',NULL,'KARANGJATI','081','109','205','2015-05-03','0000-00-00',42000,'Hari','ISGB'),('ISGB20150518194',342,'ARIYANTO',1,'SEMARANG','0','109','205','2015-05-18','0000-00-00',54000,'Hari','ISGB'),('ISGB20150527191',NULL,'ARIFIN',NULL,'DUSUN PARAS RT05RW01 PENAWANGAN ','085876296917','109','205','2015-05-27','0000-00-00',42000,'Hari','ISGB'),('ISGB20150527192',340,'RUMADI',1,'SEMARANG','0','109','205','2015-05-27','0000-00-00',54000,'Hari','ISGB'),('ISGB20150601009',NULL,'GILANG ANIES',0,'GANG DAHLIA 2 NO 15 SEKARAN GUNUNG PATI','08980950345','107','202','2015-06-01','0000-00-00',2000000,'Bulan','ISGB'),('ISGB20150601205',105,'P YANTO',1,'KARANG JATI','02','112','209','2015-06-01','0000-00-00',54000,'Hari','ISGB'),('ISGB20150615201',341,'HENGKY',1,'SEMARANG','0','106','205','2015-06-15','0000-00-00',3000000,'Bulan','ISGB'),('ISGB20150615202',137,'ADI WINDARSO',1,'SEMARANG','0','112','209','2015-06-15','0000-00-00',54000,'Hari','ISGB'),('ISGB20150701196',65,'AGUS HERIYANTO',1,'SEMARANG','0','111','205','2015-07-01','0000-00-00',54000,'Hari','ISGB'),('ISGB20150701207',244,'CATUR',1,'KARANGJATI','05','109','205','2015-06-01','0000-00-00',54000,'Hari','ISGB'),('ISGB20150727203',NULL,'KUSDI',NULL,'SEMARANG','0','109','205','2015-07-27','0000-00-00',42000,'Hari','ISGB'),('ISGB20150727204',NULL,'MUNTOHAR',NULL,'SEMARANG','0','109','205','2015-07-27','0000-00-00',42000,'Hari','ISGB'),('ISGB20150803209',305,'M HENDRA',1,'KARANGJATI','0','110','208','2015-08-03','0000-00-00',40000,'Hari','ISGB'),('ISGB20150810210',234,'BAYU',1,'KARANGJATI','0','109','205','2015-08-10','0000-00-00',50000,'Hari','ISGB'),('ISGB20150814213',344,'RUDI SULISTIYONO',1,'KARANG JATI','0','109','205','2015-08-14','0000-00-00',50000,'Hari','ISGB'),('ISGB20150818215',346,'BAKOH',1,'KARANG JATI','0','109','205','2015-08-18','0000-00-00',50000,'Hari','ISGB'),('ISGB20150819214',345,'MUHAMMAD TAMAMI',1,'KARANG JATI','0','109','205','2015-08-19','0000-00-00',50000,'Hari','ISGB'),('ISGB20150820216',347,'EKO NOVIANTO',1,'DSN SAJEN','085641700488','109','205','2015-08-20','0000-00-00',50000,'Hari','ISGB'),('ISGB20150820217',348,'PUTUT SUGIARTO',1,'DSN SAJEN','081','109','205','2015-08-20','0000-00-00',50000,'Hari','ISGB'),('ISGB20150820218',349,'KASIYANTO',1,'DSN SAJEN','085600517523','109','205','2015-08-20','0000-00-00',50000,'Hari','ISGB'),('ISGB20150901219',268,'AHMAD PRIHATIN',1,'KARANGJATI','0','114','209','2015-09-01','0000-00-00',41000,'Hari','ISGB'),('ISGB20160401220',373,'ANNISA',0,'KARANGJATI','','107','206','2016-04-01','0000-00-00',1000000,'Bulan','ISGB'),('ISGC19850101002',1313,'TASIMAN',1,'JEPARA','-','108','205','1985-01-01','0000-00-00',65000,'Hari','SMNC'),('ISGC19850101003',1310,'CARYONO',1,'JEPARA','-','110','208','1985-01-01','0000-00-00',87500,'Hari','SMNC'),('ISGC19850101009',1307,'UNTUNG',1,'JEPARA','-','109','205','1985-01-01','0000-00-00',42500,'Hari','SMNC'),('ISGC19900101004',1311,'KARYONO',1,'JEPARA','-','106','208','1990-01-01','0000-00-00',89500,'Hari','SMNC'),('ISGC19900101005',1304,'DARSONO',1,'JEPARA','-','109','205','1990-01-01','0000-00-00',42500,'Hari','SMNC'),('ISGC19900101006',1306,'RAHYOTO',1,'JEPARA','-','109','205','1990-01-01','0000-00-00',42500,'Hari','SMNC'),('ISGC19900101007',1405,'SUKADRI',1,'JEPARA','-','109','205','1990-01-01','0000-00-00',42500,'Hari','SMNC'),('ISGC19900101008',1328,'KATIM',1,'JEPARA','-','111','209','1990-01-01','0000-00-00',40000,'Hari','SMNC'),('ISGC19900101010',1314,'NUR',1,'JEPARA','-','109','205','1990-01-01','0000-00-00',40000,'Hari','SMNC'),('ISGC19900101011',1315,'KHAMDIQ',1,'JEPARA','-','109','205','1990-01-01','0000-00-00',40000,'Hari','SMNC'),('ISGC19900101012',1305,'AZIZ',1,'JEPARA','-','109','205','1990-01-01','0000-00-00',40000,'Hari','SMNC'),('ISGC20000101013',1308,'HERI',1,'JEPARA','08587682395','110','208','2000-01-01','0000-00-00',52500,'Hari','SMNC'),('ISGC20000101040',1352,'MUR',0,'JEPARA','-','109','205','2000-01-01','0000-00-00',33000,'Hari','SMNC'),('ISGC20130225015',1302,'NURUL LUTFIYAH',0,'JEPARA','085640787451','107','206','2013-02-25','0000-00-00',1750000,'Bulan','SMNC'),('ISGC20130826021',NULL,'ANDIK',NULL,'JEPARA','-','109','205','2013-08-26','2015-06-06',32500,'Hari','SMNC'),('ISGC20130909020',1317,'TARNO',1,'JEPARA',' ','109','205','2013-09-09','0000-00-00',37500,'Hari','SMNC'),('ISGC20131008024',1323,'SUROSO',1,'JEPARA','-','109','205','2013-10-08','0000-00-00',37500,'Hari','SMNC'),('ISGC20131012016',NULL,'RIDLO',NULL,'JEPARA','085786856108','108','205','2013-10-12','2015-06-06',1800000,'Bulan','SMNC'),('ISGC20131028025',1322,'MUJI',1,'JEPARA','-','109','205','2013-10-28','0000-00-00',37500,'Hari','SMNC'),('ISGC20131031026',1324,'WISNU',1,'SEMARANG','-','109','205','2013-10-31','0000-00-00',37500,'Hari','SMNC'),('ISGC20131102023',1326,'KUSUMA',1,'JEPARA','-','111','209','2013-11-02','0000-00-00',36000,'Hari','SMNC'),('ISGC20131127027',NULL,'MARJONWO',NULL,'JEPARA','-','109','205','2013-11-27','2015-06-06',32500,'Hari','SMNC'),('ISGC20131203018',1407,'GONI',1,'JEPARA','-','109','205','2013-12-03','0000-00-00',36500,'Hari','SMNC'),('ISGC20140106017',1332,'ALFI',0,'JEPARA','085726709376','105','207','2014-01-06','0000-00-00',1750000,'Bulan','SMNC'),('ISGC20140210022',1341,'AGUNG',NULL,'JEPARA','-','109','205','2014-02-10','2015-06-01',32500,'Hari','SMNC'),('ISGC20140323031',NULL,'IRUN',NULL,'JEPARA','-','111','209','2014-03-23','2015-06-01',41000,'Hari','SMNC'),('ISGC20140522028',1325,'HADI',1,'JEPARA','-','110','208','2012-12-01','0000-00-00',52500,'Hari','SMNC'),('ISGC20140522029',NULL,'PATIKAN',NULL,'JEPARA','-','109','205','2014-05-22','2015-06-06',30000,'Hari','SMNC'),('ISGC20140527036',1361,'KUSNAN',1,'JEPARA','-','109','205','2014-05-27','0000-00-00',36000,'Hari','SMNC'),('ISGC20140609030',NULL,'SOPIK',NULL,'JEPARA','-','109','205','2014-06-09','2015-06-06',30000,'Hari','SMNC'),('ISGC20140624033',NULL,'AGUS',NULL,'JEPARA','-','111','209','2014-06-24','2015-06-01',41000,'Hari','SMNC'),('ISGC20140624037',1370,'DASRIH',0,'JEPARA','-','109','205','2014-06-24','0000-00-00',33000,'Hari','SMNC'),('ISGC20140630035',1371,'TITIN',0,'JEPARA','-','109','205','2014-06-30','0000-00-00',33000,'Hari','SMNC'),('ISGC20140705038',1399,'WARSINI',0,'JEPARA','-','109','205','2014-07-05','0000-00-00',33000,'Hari','SMNC'),('ISGC20140705039',1373,'SRIATUN',0,'JEPARA','-','109','205','2014-07-05','0000-00-00',33000,'Hari','SMNC'),('ISGC20140708034',1375,'GIARTI',0,'JEPARA','-','109','205','2014-07-08','0000-00-00',33000,'Hari','SMNC'),('ISGC20140711032',1377,'MULYATI',0,'JEPARA','-','109','205','2014-07-11','0000-00-00',33000,'Hari','SMNC'),('ISGC20140806041',NULL,'EKO',NULL,'JEPARA','-','109','205','2014-08-06','2015-06-06',32500,'Hari','SMNC'),('ISGC20140808042',NULL,'WAGINAH',NULL,'JEPARA','-','109','205','2014-08-08','2015-06-01',30000,'Hari','SMNC'),('ISGC20140808043',NULL,'RUKAYAH',NULL,'JEPARA','-','109','205','2014-08-08','2015-06-06',30000,'Hari','SMNC'),('ISGC20140808044',NULL,'WATI',NULL,'JEPARA','-','109','205','2014-08-08','2015-06-09',30000,'Hari','SMNC'),('ISGC20140808045',NULL,'MAHMUDAH',NULL,'JEPARA','-','109','205','2014-08-08','2015-06-06',30000,'Hari','SMNC'),('ISGC20140808046',NULL,'HERI B',NULL,'JEPARA','-','109','205','2014-08-08','2015-06-06',32500,'Hari','SMNC'),('ISGC20140808047',NULL,'HASIM',NULL,'JEPARA','-','109','205','2014-08-08','2015-06-06',32500,'Hari','SMNC'),('ISGC20140816048',1451,'NGATIN',0,'JEPARA','-','109','205','2014-08-16','0000-00-00',33000,'Hari','SMNC'),('ISGC20140819049',1392,'YENI',0,'JEPARA','-','109','205','2014-08-19','0000-00-00',33000,'Hari','SMNC'),('ISGC20140824050',NULL,'MASKUN',NULL,'JEPARA','-','109','205','2014-08-24','2015-06-06',32500,'Hari','SMNC'),('ISGC20140825053',NULL,'ARI',NULL,'JEPARA','-','109','205','2014-08-25','2015-06-06',30000,'Hari','SMNC'),('ISGC20140826051',1397,'LIS',0,'JEPARA','-','109','205','2014-08-26','0000-00-00',33000,'Hari','SMNC'),('ISGC20140826052',NULL,'RIMA ',NULL,'JEPARA','-','109','205','2014-08-26','2015-06-06',30000,'Hari','SMNC'),('ISGC20140901054',NULL,'MAKSUM',NULL,'JEPARA','-','109','205','2014-08-24','2015-06-06',30000,'Hari','SMNC'),('ISGC20140901056',NULL,'AHMAD',NULL,'JEPARA','-','109','205','2014-09-01','2015-06-06',30000,'Hari','SMNC'),('ISGC20140901057',NULL,'SUTRIS',NULL,'JEPARA','-','109','205','2014-09-01','2015-06-06',30000,'Hari','SMNC'),('ISGC20140907055',NULL,'MASKURI',NULL,'JEPARA','-','109','205','2014-09-09','2015-06-06',30000,'Hari','SMNC'),('ISGC20140912058',NULL,'MUKSIN',NULL,'JEPARA','-','109','205','2014-09-12','2015-06-06',30000,'Hari','SMNC'),('ISGC20140923059',NULL,'RAGIL',NULL,'JEPARA','-','109','205','2014-09-23','2015-06-06',30000,'Hari','SMNC'),('ISGC20140927060',NULL,'TEKNO',NULL,'JEPARA','-','109','205','2014-09-27','2015-06-06',30000,'Hari','SMNC'),('ISGC20140927061',NULL,'YANTO',NULL,'JEPARA','-','109','205','2014-09-27','2015-06-01',30000,'Hari','SMNC'),('ISGC20140927062',NULL,'FATAH',NULL,'JEPARA','-','109','205','2014-09-27','2015-06-06',30000,'Hari','SMNC'),('ISGC20141001063',NULL,'AMIN',NULL,'KECAPI JEPARA','081','109','205','2014-10-01','2015-06-06',30000,'Hari','SMNC'),('ISGC20141008064',NULL,'RAMA',NULL,'BANGSRI JEPARA','081','109','205','2014-10-08','2015-06-06',30000,'Hari','SMNC'),('ISGC20141010065',1415,'ANDRE',1,'SEKURO','081','109','205','2014-10-10','0000-00-00',32500,'Hari','SMNC'),('ISGC20141010066',NULL,'PANDI',NULL,'SEKURO JEPARA','081','109','205','2014-10-10','2015-06-06',37500,'Hari','SMNC'),('ISGC20141019067',NULL,'ZAMRONI',NULL,'PENGKOL JEPARA','081','111','205','2014-10-19','2015-06-01',30000,'Hari','SMNC'),('ISGC20141116070',NULL,'YUSA',NULL,'JEPARA','081','109','205','2014-11-16','2015-06-01',30000,'Hari','SMNC'),('ISGC20141116071',NULL,'ULIN',NULL,'JEPARA','081','109','205','2014-11-16','2015-06-01',30000,'Hari','SMNC'),('ISGC20141205074',1428,'MUS',0,'JEPARA','081','109','205','2014-12-05','0000-00-00',31000,'Hari','SMNC'),('ISGC20141205075',NULL,'SITI',NULL,'JEPARA','081','109','205','2014-12-05','2015-06-06',30000,'Hari','SMNC'),('ISGC20141226077',1431,'RUSMI',0,'JEPARA','081','109','205','2014-12-26','0000-00-00',31000,'Hari','SMNC'),('ISGC20141227103',1432,'DATAR',1,'JEPARA','0','112','209','2014-12-27','0000-00-00',41000,'Hari','SMNC'),('ISGC20141230082',1433,'ANTON',1,'KUDUS','085601979706','108','205','2014-12-30','0000-00-00',2500000,'Bulan','SMNC'),('ISGC20150101102',1301,'MOCH RIFAI',1,'SEMARANG','081','103','205','2007-01-01','0000-00-00',10000000,'Bulan','SMNC'),('ISGC20150106072',1430,'ARIFIN',1,'BANYU PUTIH','081','109','205','2014-12-07','0000-00-00',36500,'Hari','SMNC'),('ISGC20150106073',1435,'NARYO',1,'JEPARA','081','109','205','2015-01-06','0000-00-00',34000,'Hari','SMNC'),('ISGC20150123078',NULL,'HENDRO',NULL,'JEPARA','081','109','205','2015-01-23','2015-06-06',32500,'Hari','SMNC'),('ISGC20150208076',1444,'SURONO',1,'JEPARA','081','109','205','2015-02-08','0000-00-00',34000,'Hari','SMNC'),('ISGC20150209081',NULL,'MARDIYAH',NULL,'PENGKOL, JEPARA','593821','109','205','2015-02-09','2015-06-06',30000,'Hari','SMNC'),('ISGC20150209083',NULL,'BAMBANG',NULL,'PENGKOL\n','593821','111','205','2015-02-09','2015-06-01',32500,'Hari','SMNC'),('ISGC20150210079',NULL,'SAPTO',NULL,'KUDUS','593821','111','205','2015-02-10','2015-06-01',32500,'Hari','SMNC'),('ISGC20150213085',NULL,'SAMADI',NULL,'BANYU PUTIH','081','111','205','2015-02-13','2015-06-01',32500,'Hari','SMNC'),('ISGC20150213086',NULL,'MURWATI',NULL,'JEPARA','081','109','205','2015-02-13','2015-06-06',30000,'Hari','SMNC'),('ISGC20150213087',NULL,'ISWATI',NULL,'JEPARA','081','109','205','2015-02-13','2015-06-06',30000,'Hari','SMNC'),('ISGC20150214088',NULL,'SAMADI',NULL,'BANYU PUTIH','081','109','205','2015-02-14','2015-06-06',32500,'Hari','SMNC'),('ISGC20150218089',NULL,'AISYAH',NULL,'PENGKOL JEPARA','081','109','205','2015-02-18','2015-06-06',30000,'Hari','SMNC'),('ISGC20150224090',1454,'CUNDO',1,'PENGKOL','085','111','205','2015-02-24','0000-00-00',34000,'Hari','SMNC'),('ISGC20150304091',NULL,'PENDI',NULL,'PENGKOL','085','111','205','2015-03-04','2015-06-01',32500,'Hari','SMNC'),('ISGC20150306092',1456,'NGAHADI',1,'BATANG','085','111','205','2015-03-06','0000-00-00',34000,'Hari','SMNC'),('ISGC20150306093',NULL,'TUGIRI',NULL,'BATANG','085','111','205','2015-03-06','2015-06-01',32500,'Hari','SMNC'),('ISGC20150306094',1458,'WIWIN',0,'PENGKOL','085','111','205','2015-03-06','0000-00-00',34000,'Hari','SMNC'),('ISGC20150424100',1464,'BUDI',1,'JEPARA','081','110','208','2015-04-24','0000-00-00',52500,'Hari','SMNC'),('ISGC20150504097',1471,'SANTOSO',1,'MAMBAK','593821','111','205','2015-05-04','0000-00-00',34000,'Hari','SMNC'),('ISGC20150508096',1396,'MUJAB',1,'PENGKOL','593821','111','205','2015-05-08','0000-00-00',34000,'Hari','SMNC'),('ISGC20150515098',1470,'PANI',1,'PENGKOL','593821','111','205','2015-06-12','0000-00-00',34000,'Hari','SMNC'),('ISGC20150526099',1468,'SUKRI',1,'UJUNGBATU','081','111','205','2015-05-26','0000-00-00',32500,'Hari','SMNC'),('ISGC20150701117',NULL,'GILANG ANIES A',0,'SEMARANG','','107','202','2015-07-01','0000-00-00',2500000,'Bulan','SMNC'),('ISGC20150727104',1429,'SITI',0,'JEPARA','081','109','205','2015-07-27','0000-00-00',30000,'Hari','SMNC'),('ISGC20150804105',1472,'HARIS',1,'PURWODADI','081','111','205','2015-08-04','0000-00-00',32500,'Hari','SMNC'),('ISGC20150811106',1473,'RIAN',1,'TENGGULI','08500000','111','205','2015-08-11','0000-00-00',32500,'Hari','SMNC'),('ISGC20150811107',1474,'WAHAB',1,'TENGGULI','0855555','111','205','2015-08-11','0000-00-00',32500,'Hari','SMNC'),('ISGC20150824108',1476,'MUDZAKIR',1,'PECANGAAN','08521256','111','205','2015-08-24','0000-00-00',32500,'Hari','SMNC'),('ISGC20150828109',1404,'MUKSIN',1,'KAWAK','081','111','205','2015-08-28','0000-00-00',32500,'Hari','SMNC'),('ISGC20150829111',1331,'MAMAN',1,'SEMARANG','081','110','208','2015-08-29','0000-00-00',207000,'Hari','SMNC'),('ISGC20150831110',1440,'RIDO',1,'BULUNGAN','123456','111','205','2015-08-31','0000-00-00',32500,'Hari','SMNC'),('ISGC20150908112',1398,'SUNIJAH',0,'JEPARA','081','109','205','2015-09-08','0000-00-00',30000,'Hari','SMNC'),('ISGC20150910116',1329,'ARIS',1,'KUDUS','081','108','205','2015-09-10','0000-00-00',10000,'Hari','SMNC'),('ISGC20150914113',1477,'DWI',1,'KUASEN JEPARA','085222','111','205','2015-09-14','0000-00-00',32500,'Hari','SMNC'),('ISGC20150914114',1300,'TOWO',1,'PJS KRG. JATI','081','110','208','2015-09-14','0000-00-00',108000,'Hari','SMNC'),('ISGC20150925115',1402,'TRI',1,'JEPARA','018','111','205','2015-09-25','0000-00-00',32500,'Hari','SMNC'),('ISGC20160227118',1403,'FATKIYA',0,'JEPARA','','107','206','2016-02-27','0000-00-00',1000000,'Bulan','SMNC'),('ISGN20080601003',1301,'MOCH RIFAI',1,'SEMARANG','081','102','205','2008-06-01','0000-00-00',10000000,'Bulan','ISGN'),('ISGN20130225002',1302,'NURUL LUTFIYAH',0,'JEPARA','081','107','206','2013-02-25','0000-00-00',1750000,'Bulan','ISGN'),('ISGN20140601004',NULL,'ARI WINARSIH',0,'KARANGJATI','0','107','202','2014-06-01','0000-00-00',3000000,'Bulan','ISGN'),('ISGN20150717001',NULL,'MUCHAMAD WILDAN PEBRIANTO',1,'SAMBIROTO VI RT.2/II NO.20 TEMBALANG SEMARANG','081','106','203','2015-07-17','0000-00-00',3000000,'Bulan','ISGN'),('ITNS20150101001',NULL,'SUTOPO',1,'SEMARANG','0','114','211','2015-01-01','0000-00-00',0,'Bulan','ITNS'),('ITNS20150101002',NULL,'JAENAL',1,'SEMARANG','0','114','211','2015-01-01','0000-00-00',0,'Bulan','ITNS'),('ITNS20150101003',NULL,'TAUFIK',1,'SEMARANG','0','114','211','2015-01-01','0000-00-00',0,'Bulan','ITNS'),('ITNS20150101004',NULL,'ZAINI',1,'SEMARANG','0','114','211','2015-01-01','0000-00-00',0,'Bulan','ITNS'),('ITNS20150101005',NULL,'ARIFIN',1,'SEMARANG','0','114','211','2015-01-01','0000-00-00',0,'Bulan','ITNS'),('ITNS20150101006',NULL,'ROHADI',1,'SEMARANG','0','114','211','2015-01-01','0000-00-00',0,'Bulan','ITNS'),('ITNS20150101009',NULL,'WIYANTO GUNAWAN',1,'SEMARANG','','106','212','2015-01-01','0000-00-00',3000000,'Bulan','ITNS'),('ITNS20150608010',NULL,'YANA KUSUMA ANDRIANI',0,'KEMIT RT 03 RW 03, KWAREN, NGAWEN, KLATEN','085728537047','107','206','2015-06-08','0000-00-00',2500000,'Bulan','ITNS'),('ITNS20150824007',NULL,'TITO FERRY ANGGRIYAWAN',1,'JEMBANGAN 1/2 GAGAKSIPAT NGEMPLAK BOYOLALI','087836710613','107','202','2015-08-24','0000-00-00',2000000,'Bulan','ITNS'),('ITNS20150901008',NULL,'ANDAR ERTANTO',1,'JL.PENJARINGAN 2 NO 62 SEMARANG','089623879306','107','206','2015-09-01','0000-00-00',2000000,'Bulan','ITNS'),('ITNS20160101011',NULL,'ARISONA',1,'CEPU, PEKALONGAN','081','114','211','2016-01-01','0000-00-00',100000,'Hari','ITNS'),('ITNS20160418012',NULL,'LINASARI HESTI PANDINI',0,'JL. PENATUSAN III NO. 37 PURWOKERTO','','107','206','2016-04-18','0000-00-00',2000000,'Bulan','ITNS'),('ITNS20160601013',NULL,'AGUS SUDARYANTO',1,'SEMARANG','0','101','100','2016-06-01','0000-00-00',3000000,'Bulan','ITNS'),('ITNS20160801014',NULL,'MUHAMAD ALFIYUDIN',1,'SEMARANG','0','107','206','2016-08-01','0000-00-00',2000000,'Bulan','ITNS'),('ITRD20000101001',NULL,'FATHONI',1,'GRAND WAHID KEDUNGMUNDU SEMARANG','081123456789','101','100','2000-01-01','0000-00-00',100000000,'Bulan','ITRD'),('ITRD20080101004',NULL,'MOCH CHAIRUL FANY',1,'SEMARANG','081','103','200','2008-01-01','0000-00-00',10000000,'Bulan','ITRD'),('ITRD20080101011',NULL,'ALICA',0,'','081555667777','107','201','2008-01-01','0000-00-00',3000000,'Bulan','ITRD'),('ITRD20100301014',NULL,'GIGIH',1,'SEMARANG','0','111','209','2010-03-01','0000-00-00',2000000,'Bulan','ITRD'),('ITRD20100301017',NULL,'BU TANTI',0,'SEMARANG','','107','200','2010-03-01','0000-00-00',2000000,'Bulan','ITRD'),('ITRD20120101010',94,'TEGUH RIYADI',1,'SEMARANG','0','105','206','2012-01-01','0000-00-00',10000000,'Bulan','PJSG'),('ITRD20131021007',NULL,'EVA NURYANA',NULL,'PATI','085799866250','107','202','2013-10-21','0000-00-00',2500000,'Bulan','ITRD'),('ITRD20140101002',NULL,'ANTIEK YUNARNINGSIH',0,'TUMPANG KRASAK RT 03 RW VII KEC. JATI KAB KUDUS','081904665112','107','202','2014-01-01','0000-00-00',2500000,'Bulan','ITRD'),('ITRD20140305013',NULL,'KHOLIQ',1,'SEMARANG','081','111','209','2014-03-05','0000-00-00',2000000,'Bulan','ITRD'),('ITRD20140523003',NULL,'DEDY ANANTA',1,'TUGUREJO A4 NO 23 TUGU SEMARANG','081325572588','107','204','2014-05-23','0000-00-00',3000000,'Bulan','ITRD'),('ITRD20141110006',NULL,'WHINO SEKAR PRASETYANING TUNGGAL',NULL,'BLORA','085740082119','107','202','2014-11-10','2015-05-31',2000000,'Bulan','ITRD'),('ITRD20150101010',NULL,'AYU WULANDARI',0,'PASAR KAPLING SEMARANG TIMUR','08188889999','107','206','2015-01-01','0000-00-00',2000000,'Bulan','ITRD'),('ITRD20150301016',NULL,'ARI WINARSIH',0,'SEMARANG','','103','202','2015-03-01','0000-00-00',3000000,'Bulan','ITRD'),('ITRD20150601009',NULL,'GILANG ANIES',0,'GANG DAHLIA 2 NO 15 SEKARAN GUNUNG PATI','08980950345','107','202','2015-06-01','0000-00-00',2000000,'Bulan','ITRD'),('ITRD20150608008',NULL,'YANA KUSUMA ANDRIANI',0,'KEMIT RT 03 RW 03, KWAREN, NGAWEN, KLATEN','085728537047','107','202','2015-06-08','0000-00-00',2500000,'Bulan','ITNS'),('ITRD20160114012',NULL,'USWATUN KHASANAH',0,'BULUNGCANGKRING 02/12 JEKULO KUDUS','085640284417','107','204','2016-01-14','0000-00-00',2000000,'Bulan','ITRD'),('ITRD20160215015',NULL,'CATUR',1,'SEMARANG','0','111','209','2016-02-15','0000-00-00',2000000,'Bulan','ITRD'),('ITRD20160525018',NULL,'IQBAL MUSTHOFA BARIKLANA',1,' JALAN DEWI SARTIKA TIMUR X SEMARANG\n','089672812940','107','204','2016-05-25','0000-00-00',2000000,'Bulan','ITRD'),('ITRD20160525019',NULL,'BAGUS BUDI SETYAWAN',1,'JL REKSODIPUTRO GANG JAMBU 1, MLANGSEN, BLORA','089654464552','107','204','2016-05-25','0000-00-00',2000000,'Bulan','ITRD'),('ITRD20160525021',NULL,'WAHYU TITIAN RIZKIANSYAH',1,'JL. SURYOKUSUMO KESAMBI RT02/RW02 MEJOBO KUDUS','085875601809','107','204','2016-05-25','0000-00-00',2000000,'Bulan','ITRD'),('ITRD20160526020',NULL,'SATRIO BAGAS AJI SAPUTRO',1,' JALAN BRIGJEN SUDIARTO NO 761','089658387671','107','204','2016-05-26','0000-00-00',2000000,'Bulan','ITRD'),('ITRD20160801022',NULL,'TOTOK SUPRAPTO',1,'SEMARANG','0','106','210','2016-08-01','0000-00-00',3000000,'Bulan','ITRD'),('PJSG20080101052',3,'GIYONO',1,'PERUM PRINGSARI PRINGSARI PRINGAPUS KAB SEMARANG','085290403521','106','208','2007-09-01','0000-00-00',265000,'Hari','PJSG'),('PJSG20080101053',6,'WAWAN',1,'KARANGJATI UNGARAN','081','110','208','2008-01-01','0000-00-00',105000,'Hari','PJSG'),('PJSG20080101054',104,'BUDI P',1,'KARANGJATI UNGARAN','081','110','208','2008-01-01','0000-00-00',85000,'Hari','PJSG'),('PJSG20080101055',106,'ERWIN',1,'KARANGJATI UNGARAN','081','110','208','2008-01-01','0000-00-00',70000,'Hari','PJSG'),('PJSG20080101056',7,'WAHYONO',1,'KARANGJATI','081','110','208','2008-01-01','0000-00-00',88000,'Hari','PJSG'),('PJSG20080101057',30,'ANWAR',1,'KEMASAN RT 01/02, PRINGSARI, PRINGAPUS KAB SEMARANG','085726655292','106','207','2009-05-13','0000-00-00',58000,'Hari','PJSG'),('PJSG20080101058',1,'ARI WINARSIH',0,'KARANGJATI UNGARAN','085291434950','102','205','2008-01-01','0000-00-00',10000000,'Bulan','PJSG'),('PJSG20080101087',114,'PONO',1,'UNGARAN','081','111','205','2008-01-01','0000-00-00',54000,'Hari','PJSG'),('PJSG20080101088',48,'SUKIRMAN',1,'UNGARAN','081','111','205','2008-01-01','0000-00-00',54000,'Hari','PJSG'),('PJSG20130101199',NULL,'MUDLIAH',NULL,'KARANG JATI','0','107','209','2013-01-01','0000-00-00',41000,'Hari','PJSG'),('PJSG20130101200',186,'YESSI',0,'SEMARANG','0','107','206','2013-01-01','0000-00-00',2000000,'Bulan','PJSG'),('PJSG20140519050',219,'SRI FATRINI',0,'KARANGJATI UNGARAN','081123456789','107','206','2014-05-19','0000-00-00',1250000,'Bulan','PJSG'),('PJSG20140601001',9,'DWI ELA',1,'KARANGJATI','0','109','205','2014-06-01','0000-00-00',54000,'Hari','PJSG'),('PJSG20140601002',10,'MUGIONO',1,'KARANGJATI','0','109','205','2014-06-01','0000-00-00',54000,'Hari','PJSG'),('PJSG20140601003',11,'SAMSUL',1,'KARANGJATI','0','109','205','2014-06-01','0000-00-00',54000,'Hari','PJSG'),('PJSG20140601004',12,'PIPIN',NULL,'KARANGJATI','0','109','205','2014-06-01','2015-04-21',44000,'Hari','PJSG'),('PJSG20140601005',214,'TADIM',NULL,'KARANGJATI','0','109','205','2014-06-01','0000-00-00',47000,'Hari','PJSG'),('PJSG20140601006',14,'SUMARNO',1,'KARANGJATI','0','109','205','2014-06-01','0000-00-00',54000,'Hari','PJSG'),('PJSG20140601007',15,'SUPRI',1,'KARANGJATI','0','109','205','2014-06-01','0000-00-00',54000,'Hari','PJSG'),('PJSG20140601008',16,'TRIYANTO',NULL,'KARANGJATI','0','108','205','2014-06-01','0000-00-00',60000,'Hari','PJSG'),('PJSG20140601009',227,'USMAN SOFYAN',1,'KARANGJATI','0','109','205','2014-06-01','0000-00-00',54000,'Hari','PJSG'),('PJSG20140601010',17,'PUJIONO',1,'KARANGJATI','0','109','205','2014-06-01','0000-00-00',54000,'Hari','PJSG'),('PJSG20140601011',18,'PUTIKUM',NULL,'KARANGJATI','0','109','205','2014-06-01','0000-00-00',44000,'Hari','PJSG'),('PJSG20140601012',NULL,'MARIYANTO',NULL,'KARANGJATI','0','109','205','2014-06-01','2015-01-07',40000,'Hari','PJSG'),('PJSG20140601013',20,'NUROHIM',NULL,'KARANGJATI','0','109','205','2014-06-01','0000-00-00',47000,'Hari','PJSG'),('PJSG20140601014',21,'DARMANTO',NULL,'KARANGJATI','0','109','205','2014-06-01','0000-00-00',54000,'Hari','PJSG'),('PJSG20140601015',5,'RYAN',1,'KAMPUNG PENJARINGAN RT 04 RW 01','0','108','205','2014-06-01','0000-00-00',64000,'Hari','PJSG'),('PJSG20140601016',23,'SUYONO',1,'KARANGJATI','0','109','205','2014-06-01','0000-00-00',54000,'Hari','PJSG'),('PJSG20140602017',22,'P NDARI',1,'KARANGJATI','0','109','205','2014-06-02','0000-00-00',54000,'Hari','PJSG'),('PJSG20140701046',120,'PRAS',NULL,'KARANGJATI','0','109','205','2014-07-01','2015-04-21',37500,'Hari','PJSG'),('PJSG20140701047',224,'DANANG',NULL,'KARANGJATI','0','109','205','2014-07-01','2015-04-21',37500,'Hari','PJSG'),('PJSG20140701048',117,'EDI',1,'KARANGJATI','0','109','205','2014-07-01','0000-00-00',54000,'Hari','PJSG'),('PJSG20140701049',129,'SUGENG',NULL,'KARANGJATI','0','109','205','2014-07-01','2015-04-21',37500,'Hari','PJSG'),('PJSG20140702020',24,'MUNAWAR',1,'KARANGJATI','0','109','205','2014-07-02','0000-00-00',54000,'Hari','PJSG'),('PJSG20140702021',25,'SLAMET 1',1,'KARANGJATI','0','109','205','2014-07-02','0000-00-00',54000,'Hari','PJSG'),('PJSG20140702022',26,'SLAMET 2',NULL,'KARANGJATI','0','109','205','2014-07-02','2015-04-21',42000,'Hari','PJSG'),('PJSG20140702023',101,'SARWIDI',1,'KARANGJATI','0','109','205','2014-07-02','0000-00-00',54000,'Hari','PJSG'),('PJSG20140702024',103,'JONI',NULL,'KARANGJATI','0','109','205','2014-07-02','0000-00-00',40000,'Hari','PJSG'),('PJSG20140702025',NULL,'ARIS',NULL,'KARANGJATI','0','109','205','2014-07-02','2015-01-07',37500,'Hari','PJSG'),('PJSG20140702026',189,'NGATIMAN',1,'KARANGJATI','0','109','205','2014-07-02','0000-00-00',54000,'Hari','PJSG'),('PJSG20140702027',196,'AGUS',NULL,'KARANGJATI','0','109','205','2014-07-02','2015-04-21',42000,'Hari','PJSG'),('PJSG20140702029',NULL,'AHMAD',NULL,'KARANGJATI','0','109','205','2014-07-02','2015-01-07',37500,'Hari','PJSG'),('PJSG20140702030',159,'SUNARYO',1,'KARANGJATI','0','109','205','2014-07-02','0000-00-00',54000,'Hari','PJSG'),('PJSG20140702031',215,'NOVIA HERY',1,'KARANGJATI','0','109','205','2014-07-02','0000-00-00',54000,'Hari','PJSG'),('PJSG20140702032',162,'NURSALIM',NULL,'KARANGJATI','0','109','205','2014-07-02','2015-04-21',37500,'Hari','PJSG'),('PJSG20140702033',NULL,'RATNO',NULL,'KARANGJATI','0','109','205','2014-07-02','2015-01-07',37500,'Hari','PJSG'),('PJSG20140702036',NULL,'SANTOSO',NULL,'KARANGJATI','0','109','205','2014-07-02','2015-01-07',37500,'Hari','PJSG'),('PJSG20140702037',231,'ANAS',NULL,'KARANGJATI','0','109','205','2014-07-02','2015-04-21',37500,'Hari','PJSG'),('PJSG20140702038',192,'AZIZ',NULL,'KARANGJATI','0','109','205','2014-07-02','0000-00-00',44000,'Hari','PJSG'),('PJSG20140702039',225,'IKHSAN',NULL,'KARANGJATI','0','109','205','2014-07-02','2015-04-21',37500,'Hari','PJSG'),('PJSG20140702041',NULL,'SLAMET 3',NULL,'KARANGJATI','0','109','205','2014-07-02','2015-01-07',37500,'Hari','PJSG'),('PJSG20140702042',NULL,'TONI',NULL,'KARANGJATI','0','109','205','2014-07-02','2015-01-07',44000,'Hari','PJSG'),('PJSG20140702043',NULL,'MATNUR',1,'KARANGJATI','0','108','205','2014-07-02','2014-09-08',50000,'Hari','PJSG'),('PJSG20140702044',163,'SABAR NARIMO',1,'KARANGJATI','0','109','205','2014-07-02','0000-00-00',54000,'Hari','PJSG'),('PJSG20140705045',226,'RIZKI',NULL,'KARANGJATI','0','109','205','2014-07-05','2015-04-21',37500,'Hari','PJSG'),('PJSG20140804051',130,'PRIHANDOKO',1,'KARANGJATI UNGARAN','081123456789','109','205','2014-08-04','0000-00-00',54000,'Hari','PJSG'),('PJSG20140901059',NULL,'ANWAR ',NULL,'KARANGJATI','123456789123','109','205','2014-09-01','2015-01-07',45000,'Hari','PJSG'),('PJSG20140901060',33,'SUWANDI',NULL,'KARANGJATI','321654987963','109','205','2014-09-01','0000-00-00',45000,'Hari','PJSG'),('PJSG20140901061',31,'NURKHOLIS',1,'KARANGJATI','987654147852','111','205','2014-09-01','0000-00-00',54000,'Hari','PJSG'),('PJSG20140901066',NULL,'HERI MUSTOFA',NULL,'BANDUNGAN','081','108','205','2014-09-01','2015-01-07',1350000,'Bulan','PJSG'),('PJSG20140905062',136,'HERI ( BRIKET )',NULL,'KARANGJATI','123698745','109','205','2014-09-05','0000-00-00',45000,'Hari','PJSG'),('PJSG20140905063',89,'HARYANTO ( BRIKET )',1,'KARANGJATI','123698745','109','205','2014-09-05','0000-00-00',54000,'Hari','PJSG'),('PJSG20140908064',96,'ASEP ( BRIKET )',NULL,'KARANGJATI','369789452','109','205','2014-09-08','2015-04-21',35000,'Hari','PJSG'),('PJSG20140910065',NULL,'ROKHIB',NULL,'KARANGJATI','123654879652','109','205','2014-09-10','2015-01-07',35000,'Hari','PJSG'),('PJSG20140914068',247,'MUSTOFA',1,'KARANGJATI','789654123','109','205','2014-09-14','0000-00-00',54000,'Hari','PJSG'),('PJSG20140915067',NULL,'PRIYO',NULL,'KARANGJATI','963258741','109','205','2014-09-15','2015-01-07',35000,'Hari','PJSG'),('PJSG20140916079',NULL,'YOYOK',NULL,'KARANGJATI','00000','109','205','2014-09-16','2015-01-07',37500,'Hari','PJSG'),('PJSG20140919080',244,'CATUR',NULL,'KARANGJATI','0000','109','205','2014-09-19','2015-01-07',37500,'Hari','PJSG'),('PJSG20140920081',242,'ISMUN',1,'KARANGJATI','0000','109','205','2014-09-20','0000-00-00',54000,'Hari','PJSG'),('PJSG20140922082',243,'INDRAYANTO',NULL,'KARANGJATI','0000','109','205','2014-09-22','0000-00-00',43000,'Hari','PJSG'),('PJSG20140925083',245,'SUJARWANTO',NULL,'KARANGJATI','0000','109','205','2014-09-25','2015-04-21',37500,'Hari','PJSG'),('PJSG20140929084',246,'WAHYUDI',NULL,'KARANGJATI','0000','109','205','2014-09-29','2015-04-21',37500,'Hari','PJSG'),('PJSG20141006085',248,'MUHSONI',1,'KARANGJATI','00000','109','205','2014-10-06','0000-00-00',54000,'Hari','PJSG'),('PJSG20141006086',249,'HARSONO',NULL,'KARANGJATI','00000','109','205','2014-10-06','2015-04-21',37500,'Hari','PJSG'),('PJSG20141019089',NULL,'JUANTO',NULL,'KARANGJATI UNGARAN','081','109','205','2014-10-19','2015-01-07',37500,'Hari','PJSG'),('PJSG20141020090',NULL,'EDI WIDIARNO',NULL,'KARANGJATI UNGARAN','081','109','205','2014-10-20','2015-01-07',37500,'Hari','PJSG'),('PJSG20141022091',NULL,'MUJI',NULL,'KARANGJATI UNGARAN','081','109','205','2014-10-22','2015-01-07',37500,'Hari','PJSG'),('PJSG20141027170',267,'SUSANTO',1,'KARANGJATI','081','110','208','2014-10-27','0000-00-00',60000,'Hari','PJSG'),('PJSG20141028092',NULL,'MASDUKI',NULL,'KARANGJATI','00000','109','205','2014-10-28','2015-01-07',37500,'Hari','PJSG'),('PJSG20141106093',NULL,'ADI ',NULL,'KARANGJATI UNGARAN','081','109','205','2014-11-06','2015-01-07',37500,'Hari','PJSG'),('PJSG20141110094',NULL,'TOPIK',NULL,'KARANGJATI UNGARAN','081','109','205','2014-11-10','2015-01-07',37500,'Hari','PJSG'),('PJSG20141110095',123,'INDRA IRWAN',NULL,'KARANGJATI UNGARAN','081','109','205','2014-11-10','2015-04-21',37500,'Hari','PJSG'),('PJSG20141111096',NULL,'SUGITO',NULL,'KARANGJATI','00000','109','205','2014-11-11','2015-01-07',37500,'Hari','PJSG'),('PJSG20141112097',NULL,'DONI SANTOSO',NULL,'KARANGJATI','0000','109','205','2014-11-12','2015-01-07',37500,'Hari','PJSG'),('PJSG20141112098',NULL,'SUDARMO',NULL,'KARANGJATI','0000','109','205','2014-11-12','2015-04-21',37500,'Hari','PJSG'),('PJSG20141113099',274,'TONI',NULL,'UNGARAN','081','109','205','2014-11-13','0000-00-00',42000,'Hari','PJSG'),('PJSG20141114100',271,'MARGONO',NULL,'KLATEN','081','109','205','2014-11-14','0000-00-00',42000,'Hari','PJSG'),('PJSG20141114101',273,'TOPA',NULL,'UNGARAN KARANGJATI','081','109','205','2014-11-14','2015-04-21',42000,'Hari','PJSG'),('PJSG20141118102',NULL,'PARNO ',NULL,'UNGARAN','081','109','205','2014-11-18','2015-01-07',37500,'Hari','PJSG'),('PJSG20141127104',269,'ABDULLAH FATIH PRONOJOYO',1,'KARANGJATI','0000','109','205','2014-11-27','0000-00-00',54000,'Hari','PJSG'),('PJSG20141201105',NULL,'ANDREAS',NULL,'KARANGJATI UNGARAN','081','109','205','2014-12-01','2015-01-07',37500,'Hari','PJSG'),('PJSG20141208106',270,'AGUS PRAYOGO',1,'KEL LEYANGAN RT 01/01 UANGARAN TIMUR','081','109','205','2015-06-01','0000-00-00',54000,'Hari','PJSG'),('PJSG20141208107',NULL,'HENDRA KRISTANTO',NULL,'KEL BANDAR HARJO RT 04/05 BANDAR HARJO UNGARAN BARAT','081','109','205','2014-12-08','2015-01-07',37500,'Hari','PJSG'),('PJSG20141210108',272,'AHMAD SUGONDO',NULL,' JOHO WONOYOSO RT 03 RW 04 PRIGAPUS','081','109','205','2014-12-10','2015-04-21',37500,'Hari','PJSG'),('PJSG20141211109',NULL,'DEDEK NOFRIANDI',NULL,'PLUWANG RT 05 RW 07 WARINGIN PUTIH BERGAS','081','109','205','2014-12-11','2015-01-07',37500,'Hari','PJSG'),('PJSG20141211110',NULL,'EKA FARDHAN',NULL,'NGOBO RT 1 RW 04 WARINGIN PUTIH BERGAS','081','109','205','2014-12-11','2015-01-07',37500,'Hari','PJSG'),('PJSG20141211111',NULL,'SUTIYARSONO',NULL,'LANGENSARI BARAT RT 13 RW 05 UNGARAN BARAT','081','109','205','2014-12-11','2015-01-07',37500,'Hari','PJSG'),('PJSG20141215112',NULL,'BEKTI TURASMAN',NULL,'GRABAG RT 02 RW 02 MAGELANG','081','109','205','2014-12-15','2015-04-21',37500,'Hari','PJSG'),('PJSG20141215113',NULL,'SATIMO',NULL,'UNGARAN','081','109','205','2014-12-15','2015-01-07',37500,'Hari','PJSG'),('PJSG20141221120',NULL,'RUDHI ARINTO',NULL,'DSN.DENDENG RT 04/03 WARINGIN PUTIH BERGAS','081','109','205','2014-12-21','2015-04-21',37500,'Hari','PJSG'),('PJSG20141222121',NULL,'NUR SANTOSO',NULL,'DURENAN RT 01/04 WONOREJO PRINGAPUS','081','109','205','2014-12-22','2015-01-07',37500,'Hari','PJSG'),('PJSG20141222122',NULL,'CATUR HENDRO SUSILO',NULL,'PRINGSARI RT 06/01 PRINGSARI PRINGAPUS','081','109','205','2014-12-22','2015-04-21',37500,'Hari','PJSG'),('PJSG20141224123',NULL,'AJI',NULL,'KARANGJATI','081','109','205','2014-12-24','2015-01-07',37500,'Hari','PJSG'),('PJSG20141228140',NULL,'JAIB',NULL,'BERGAS','081','109','205','2014-12-28','2015-04-21',37500,'Hari','PJSG'),('PJSG20150105124',NULL,'SEBTI',NULL,'KARANGJATI','081','109','205','2015-01-05','2015-04-21',37500,'Hari','PJSG'),('PJSG20150106125',NULL,'GIARNO',NULL,'KARANGJATI','081','109','205','2015-01-06','2015-04-21',37500,'Hari','PJSG'),('PJSG20150113126',NULL,'SOLIKUN',NULL,'KARANGJATI','081','109','205','2015-01-13','2015-04-21',37500,'Hari','PJSG'),('PJSG20150114127',NULL,'BAGUS',NULL,'KARANGJATI','081','109','205','2015-01-14','2015-04-21',37500,'Hari','PJSG'),('PJSG20150116128',NULL,'JOKO',NULL,'BERGAS','081','109','205','2015-01-16','2015-04-21',37500,'Hari','PJSG'),('PJSG20150116130',NULL,'EKO',NULL,'TUNTANG','081','109','205','2015-01-16','2015-04-21',37500,'Hari','PJSG'),('PJSG20150119131',NULL,'YUDI',NULL,'JIMBARAN','081','109','205','2015-01-19','2015-04-21',37500,'Hari','PJSG'),('PJSG20150119132',NULL,'WARSINO',NULL,'PRINGAPUS ','081','109','205','2015-01-19','2015-04-21',37500,'Hari','PJSG'),('PJSG20150121133',NULL,'AGUNG',NULL,'JIMBARAN','081','109','205','2015-01-21','2015-04-21',37500,'Hari','PJSG'),('PJSG20150125134',NULL,'SUHENDRA',NULL,'KARANGJATI','081','109','205','2015-01-25','2015-04-21',37500,'Hari','PJSG'),('PJSG20150125135',NULL,'YAROKHIM',NULL,'KARANGJATI','081','109','205','2015-01-25','2015-04-21',37500,'Hari','PJSG'),('PJSG20150127136',NULL,'FISTONO',NULL,'KARANGJATI','081123654789','109','205','2015-01-27','2015-04-21',42000,'Bulan','PJSG'),('PJSG20150128137',NULL,'FITRI',NULL,'KARANGJATI','081225899633','109','205','2015-01-28','2015-04-21',42000,'Hari','PJSG'),('PJSG20150128138',NULL,'DANANG',NULL,'KARANGJATI','085236974','109','205','2015-01-28','2015-04-21',42000,'Hari','PJSG'),('PJSG20150128139',NULL,'ANJAR',NULL,'KARANGJATI','258963147','109','205','2015-01-28','2015-04-21',42000,'Hari','PJSG'),('PJSG20150128141',NULL,'DANANG',NULL,'BERGAS','081','109','205','2015-01-28','2015-04-21',37500,'Hari','PJSG'),('PJSG20150128142',NULL,'ANJAR',NULL,'KARANGJATI','081','109','205','2015-01-28','2015-04-21',37500,'Hari','PJSG'),('PJSG20150128143',NULL,'DAVID',NULL,'PRINGAPUS','081','109','205','2015-01-28','2015-04-21',37500,'Hari','PJSG'),('PJSG20150128144',NULL,'LILIK',NULL,'KARANGJATI','081','109','205','2015-01-28','2015-04-21',37500,'Hari','PJSG'),('PJSG20150129145',NULL,'KISTORO',NULL,'KARANGJATI','081','109','205','2015-01-29','0000-00-00',37500,'Hari','PJSG'),('PJSG20150130146',325,'ARI',1,'KARANGJATI','081','109','205','2015-06-01','0000-00-00',54000,'Hari','PJSG'),('PJSG20150202148',315,'MUGIONO 2',1,'KARANGJATI','081','109','205','2015-02-02','0000-00-00',42000,'Hari','PJSG'),('PJSG20150202149',NULL,'GIYONO ',NULL,'KARANGJATI','081','109','205','2015-02-02','0000-00-00',37500,'Hari','PJSG'),('PJSG20150203150',310,'SODIKIN',1,'KARANGJATI','081','109','205','2015-02-03','0000-00-00',37500,'Hari','PJSG'),('PJSG20150203151',309,'SULASI',1,'KARANGJATI','081','109','205','2015-02-03','0000-00-00',54000,'Hari','PJSG'),('PJSG20150203152',NULL,'ARIYANTO',NULL,'KARANGJATI','081','109','205','2015-02-03','2015-04-21',37500,'Hari','PJSG'),('PJSG20150203153',NULL,'AHMAD ADI',NULL,'KARANGJATI','081','109','205','2015-02-03','2015-04-21',37500,'Hari','PJSG'),('PJSG20150204154',NULL,'KOMEDI',NULL,'KARANGJATI','081','109','205','2015-02-04','2015-04-21',37500,'Hari','PJSG'),('PJSG20150207155',NULL,'ANDI SEPTIYO M',NULL,'KEMASAN 001/005','081','109','205','2015-02-07','0000-00-00',37500,'Hari','PJSG'),('PJSG20150207156',NULL,'ROKHIMIN',NULL,'DSN GEMPOL RT 03 RW 04 DS LEYANGAN UNGARAN TIMUR','081','109','205','2015-02-07','2015-04-21',37500,'Hari','PJSG'),('PJSG20150209157',NULL,'NUR ROKHIMIN',NULL,'KARANGJATI','081','109','205','2015-02-09','2015-04-21',37500,'Hari','PJSG'),('PJSG20150210158',NULL,'MUSTAQIM',NULL,'KARANGJATI','081','109','205','2015-02-10','2015-04-21',42000,'Hari','PJSG'),('PJSG20150210159',NULL,'SUR',NULL,'KARANGJATI','081','109','205','2015-02-10','2015-04-21',37500,'Hari','PJSG'),('PJSG20150212160',NULL,'BAGS WALUYO',NULL,'DS WONOREJO RT 5 RW 1 KEC PRINGAPUS KAB SEMARANG','085701150485','109','205','2015-02-12','2015-04-21',42000,'Hari','PJSG'),('PJSG20150212161',NULL,'AHMAD JAUHARI',NULL,'DSN CANDI BANDUNGAN','087832250389','109','205','2015-02-12','2015-04-21',42000,'Hari','PJSG'),('PJSG20150212162',NULL,'CECEP SUPRIYADI',NULL,'DAMPU RT 03 RW 01','085727607322','109','205','2015-02-12','2015-04-21',42000,'Hari','PJSG'),('PJSG20150212163',NULL,'DEDI',NULL,'KARANGJATI','081','109','205','2015-02-12','0000-00-00',42000,'Hari','PJSG'),('PJSG20150213164',NULL,'HERI',NULL,'KARANGJATI ','081','109','205','2015-02-13','2015-04-21',43000,'Hari','PJSG'),('PJSG20150216165',NULL,'PONDI',NULL,'KARANGJATI','081','109','205','2015-02-16','0000-00-00',42000,'Hari','PJSG'),('PJSG20150216166',312,'JONO',1,'KARANGJATI','081','109','205','2015-02-16','0000-00-00',54000,'Hari','PJSG'),('PJSG20150216167',NULL,'IMAM',NULL,'KARANGJATI','081','109','205','2015-02-16','2015-04-21',42000,'Hari','PJSG'),('PJSG20150216168',NULL,'ROHAN',NULL,'KARANGJATI','081','109','205','2015-02-16','2015-04-21',42000,'Hari','PJSG'),('PJSG20150217169',NULL,'SARWEDI 2',NULL,'KARANGJATI','081','109','205','2015-02-17','2015-04-21',42000,'Hari','PJSG'),('PJSG20150218171',NULL,'SANTO',NULL,'KARANGJATI','081','109','205','2015-02-18','2015-04-21',42000,'Hari','PJSG'),('PJSG20150218172',318,'RONAL',1,'KARANGJATI','081','109','205','2015-02-18','0000-00-00',42000,'Hari','PJSG'),('PJSG20150218173',308,'SARWONO',1,'KARANGJATI','081','109','205','2015-02-18','0000-00-00',54000,'Hari','PJSG'),('PJSG20150218174',311,'DODI',1,'KARANGJATI','081','109','205','2015-02-18','0000-00-00',54000,'Hari','PJSG'),('PJSG20150323175',NULL,'TONO',NULL,'SRUMBUNG GUNUNG RT 01 RW 01','085742775035','109','205','2015-03-23','0000-00-00',42000,'Hari','PJSG'),('PJSG20150323176',NULL,'DASUNI EDI CAHYONO',NULL,'WONOSOCO UNDAAN KUDUS','085727859042','109','205','2015-03-23','2015-04-21',42000,'Hari','PJSG'),('PJSG20150328178',314,'SULISTIYONO',1,'KARANGJATI','081','109','205','2015-06-01','0000-00-00',54000,'Hari','PJSG'),('PJSG20150407179',NULL,'AGUS WAHYONO',NULL,'KARANGJATI','081','109','205','2015-04-07','2015-04-21',42000,'Hari','PJSG'),('PJSG20150410180',NULL,'MISDAR',NULL,'AMBIL-AMBIL RT 05 RW 01 MANGUNREJO KEBONAGUNG','081','109','205','2015-04-10','0000-00-00',42000,'Hari','PJSG'),('PJSG20150414181',NULL,'YANTO',NULL,'KARANGJATI','081','109','205','2015-04-14','2015-04-21',42000,'Hari','PJSG'),('PJSG20150423182',NULL,'SULAIMAN',NULL,'KARANGJATI','081','109','205','2015-04-23','0000-00-00',42000,'Hari','PJSG'),('PJSG20150423183',NULL,'AGUS 2',NULL,'KARANGJATI','081','109','205','2015-04-23','0000-00-00',42000,'Hari','PJSG'),('PJSG20150423184',NULL,'SURIYANTO',NULL,'KARANGJATI','081','109','205','2015-04-23','0000-00-00',42000,'Hari','PJSG'),('PJSG20150424185',326,'AHMAD YUSUF',1,'DSN KALILISENG SUMOWONO','081','109','205','2015-04-01','0000-00-00',54000,'Hari','PJSG'),('PJSG20150424195',NULL,'YUSUF',NULL,'SEMARANG','0','109','205','2015-04-24','0000-00-00',42000,'Hari','PJSG'),('PJSG20150426186',NULL,'KHOLIK ASRORI',NULL,'GAMBIR JATI RUNGGO','081','109','205','2015-04-26','0000-00-00',42000,'Hari','PJSG'),('PJSG20150428187',NULL,'SAIPUL',NULL,'KARANGJATI','081','109','205','2015-04-28','0000-00-00',42000,'Hari','PJSG'),('PJSG20150429188',NULL,'SUNARDI',NULL,'KARANGJATI','081','109','205','2015-04-29','0000-00-00',42000,'Hari','PJSG'),('PJSG20150501206',178,'SARYADI',1,'KARANGJATI','03','112','209','2015-05-01','0000-00-00',54000,'Hari','PJSG'),('PJSG20150501208',140,'MUDLIAH',0,'KARANGJATI','66','113','209','2015-05-01','0000-00-00',45000,'Hari','PJSG'),('PJSG20150503189',NULL,'RISKI',NULL,'KARANGJATI','081','109','205','2015-05-03','0000-00-00',42000,'Hari','PJSG'),('PJSG20150518194',342,'ARIYANTO',1,'SEMARANG','0','109','205','2015-05-18','0000-00-00',54000,'Hari','PJSG'),('PJSG20150527191',NULL,'ARIFIN',NULL,'DUSUN PARAS RT05RW01 PENAWANGAN ','085876296917','109','205','2015-05-27','0000-00-00',42000,'Hari','PJSG'),('PJSG20150527192',340,'RUMADI',1,'SEMARANG','0','109','205','2015-05-27','0000-00-00',54000,'Hari','PJSG'),('PJSG20150601205',105,'P YANTO',1,'KARANG JATI','02','112','209','2015-06-01','0000-00-00',54000,'Hari','PJSG'),('PJSG20150615201',341,'HENGKY',1,'SEMARANG','0','106','205','2015-06-15','0000-00-00',3000000,'Bulan','PJSG'),('PJSG20150615202',137,'ADI WINDARSO',1,'SEMARANG','0','112','209','2015-06-15','0000-00-00',54000,'Hari','PJSG'),('PJSG20150701196',65,'AGUS HERIYANTO',1,'SEMARANG','0','111','205','2015-07-01','0000-00-00',54000,'Hari','PJSG'),('PJSG20150701207',244,'CATUR',1,'KARANGJATI','05','109','205','2015-06-01','0000-00-00',54000,'Hari','PJSG'),('PJSG20150727203',NULL,'KUSDI',NULL,'SEMARANG','0','109','205','2015-07-27','0000-00-00',42000,'Hari','PJSG'),('PJSG20150727204',NULL,'MUNTOHAR',NULL,'SEMARANG','0','109','205','2015-07-27','0000-00-00',42000,'Hari','PJSG'),('PJSG20150803209',305,'M HENDRA',1,'KARANGJATI','0','110','208','2015-08-03','0000-00-00',40000,'Hari','PJSG'),('PJSG20150810210',234,'BAYU',1,'KARANGJATI','0','109','205','2015-08-10','0000-00-00',50000,'Hari','PJSG'),('PJSG20150814213',344,'RUDI SULISTIYONO',1,'KARANG JATI','0','109','205','2015-08-14','0000-00-00',50000,'Hari','PJSG'),('PJSG20150818215',346,'BAKOH',1,'KARANG JATI','0','109','205','2015-08-18','0000-00-00',50000,'Hari','PJSG'),('PJSG20150819214',345,'MUHAMMAD TAMAMI',1,'KARANG JATI','0','109','205','2015-08-19','0000-00-00',50000,'Hari','PJSG'),('PJSG20150820216',347,'EKO NOVIANTO',1,'DSN SAJEN','085641700488','109','205','2015-08-20','0000-00-00',50000,'Hari','PJSG'),('PJSG20150820217',348,'PUTUT SUGIARTO',1,'DSN SAJEN','081','109','205','2015-08-20','0000-00-00',50000,'Hari','PJSG'),('PJSG20150820218',349,'KASIYANTO',1,'DSN SAJEN','085600517523','109','205','2015-08-20','0000-00-00',50000,'Hari','PJSG'),('PJSG20150901219',268,'AHMAD PRIHATIN',1,'KARANGJATI','0','114','209','2015-09-01','0000-00-00',41000,'Hari','PJSG'),('PJSG20160401220',373,'ANNISA',0,'KARANGJATI','','107','206','2016-04-01','0000-00-00',1000000,'Bulan','PJSG'),('SMNC20140601120',NULL,'ARI WINARSIH',0,'KARANGJATI','0','107','202','2014-06-01','0000-00-00',3000000,'Bulan','SMNC'),('SMNC20150615119',341,'HENGKY',1,'SEMARANG','0','106','205','2015-06-15','0000-00-00',3000000,'Bulan','SMNC'),('SMTH19850101002',1313,'TASIMAN',1,'JEPARA','-','108','205','1985-01-01','0000-00-00',65000,'Hari','SMTH'),('SMTH19850101003',1310,'CARYONO',1,'JEPARA','-','110','208','1985-01-01','0000-00-00',87500,'Hari','SMTH'),('SMTH19850101009',1307,'UNTUNG',1,'JEPARA','-','109','205','1985-01-01','0000-00-00',42500,'Hari','SMTH'),('SMTH19900101004',1311,'KARYONO',1,'JEPARA','-','106','208','1990-01-01','0000-00-00',89500,'Hari','SMTH'),('SMTH19900101005',1304,'DARSONO',1,'JEPARA','-','109','205','1990-01-01','0000-00-00',42500,'Hari','SMTH'),('SMTH19900101006',1306,'RAHYOTO',1,'JEPARA','-','109','205','1990-01-01','0000-00-00',42500,'Hari','SMTH'),('SMTH19900101007',1405,'SUKADRI',1,'JEPARA','-','109','205','1990-01-01','0000-00-00',42500,'Hari','SMTH'),('SMTH19900101008',1328,'KATIM',1,'JEPARA','-','111','209','1990-01-01','0000-00-00',40000,'Hari','SMTH'),('SMTH19900101010',1314,'NUR',1,'JEPARA','-','109','205','1990-01-01','0000-00-00',40000,'Hari','SMTH'),('SMTH19900101011',1315,'KHAMDIQ',1,'JEPARA','-','109','205','1990-01-01','0000-00-00',40000,'Hari','SMTH'),('SMTH19900101012',1305,'AZIZ',1,'JEPARA','-','109','205','1990-01-01','0000-00-00',40000,'Hari','SMTH'),('SMTH20000101013',1308,'HERI',1,'JEPARA','08587682395','110','208','2000-01-01','0000-00-00',52500,'Hari','SMTH'),('SMTH20000101040',1352,'MUR',0,'JEPARA','-','109','205','2000-01-01','0000-00-00',33000,'Hari','SMTH'),('SMTH20130225015',1302,'NURUL LUTFIYAH',0,'JEPARA','085640787451','107','206','2013-02-25','0000-00-00',1750000,'Bulan','SMTH'),('SMTH20130826021',NULL,'ANDIK',NULL,'JEPARA','-','109','205','2013-08-26','2015-06-06',32500,'Hari','SMTH'),('SMTH20130909020',1317,'TARNO',1,'JEPARA',' ','109','205','2013-09-09','0000-00-00',37500,'Hari','SMTH'),('SMTH20131008024',1323,'SUROSO',1,'JEPARA','-','109','205','2013-10-08','0000-00-00',37500,'Hari','SMTH'),('SMTH20131012016',NULL,'RIDLO',NULL,'JEPARA','085786856108','108','205','2013-10-12','2015-06-06',1800000,'Bulan','SMTH'),('SMTH20131028025',1322,'MUJI',1,'JEPARA','-','109','205','2013-10-28','0000-00-00',37500,'Hari','SMTH'),('SMTH20131031026',1324,'WISNU',1,'SEMARANG','-','109','205','2013-10-31','0000-00-00',37500,'Hari','SMTH'),('SMTH20131102023',1326,'KUSUMA',1,'JEPARA','-','111','209','2013-11-02','0000-00-00',36000,'Hari','SMTH'),('SMTH20131127027',NULL,'MARJONWO',NULL,'JEPARA','-','109','205','2013-11-27','2015-06-06',32500,'Hari','SMTH'),('SMTH20131203018',1407,'GONI',1,'JEPARA','-','109','205','2013-12-03','0000-00-00',36500,'Hari','SMTH'),('SMTH20140106017',1332,'ALFI',0,'JEPARA','085726709376','105','207','2014-01-06','0000-00-00',1750000,'Bulan','SMTH'),('SMTH20140117001',NULL,'MASYUROTUN',0,'DEMAK','085713130442','107','202','2014-01-17','0000-00-00',1800000,'Bulan','ITRD'),('SMTH20140210022',1341,'AGUNG',NULL,'JEPARA','-','109','205','2014-02-10','2015-06-01',32500,'Hari','SMTH'),('SMTH20140323031',NULL,'IRUN',NULL,'JEPARA','-','111','209','2014-03-23','2015-06-01',41000,'Hari','SMTH'),('SMTH20140522028',1325,'HADI',1,'JEPARA','-','110','208','2012-12-01','0000-00-00',52500,'Hari','SMTH'),('SMTH20140522029',NULL,'PATIKAN',NULL,'JEPARA','-','109','205','2014-05-22','2015-06-06',30000,'Hari','SMTH'),('SMTH20140527036',1361,'KUSNAN',1,'JEPARA','-','109','205','2014-05-27','0000-00-00',36000,'Hari','SMTH'),('SMTH20140609030',NULL,'SOPIK',NULL,'JEPARA','-','109','205','2014-06-09','2015-06-06',30000,'Hari','SMTH'),('SMTH20140624033',NULL,'AGUS',NULL,'JEPARA','-','111','209','2014-06-24','2015-06-01',41000,'Hari','SMTH'),('SMTH20140624037',1370,'DASRIH',0,'JEPARA','-','109','205','2014-06-24','0000-00-00',33000,'Hari','SMTH'),('SMTH20140630035',1371,'TITIN',0,'JEPARA','-','109','205','2014-06-30','0000-00-00',33000,'Hari','SMTH'),('SMTH20140705038',1399,'WARSINI',0,'JEPARA','-','109','205','2014-07-05','0000-00-00',33000,'Hari','SMTH'),('SMTH20140705039',1373,'SRIATUN',0,'JEPARA','-','109','205','2014-07-05','0000-00-00',33000,'Hari','SMTH'),('SMTH20140708034',1375,'GIARTI',0,'JEPARA','-','109','205','2014-07-08','0000-00-00',33000,'Hari','SMTH'),('SMTH20140711032',1377,'MULYATI',0,'JEPARA','-','109','205','2014-07-11','0000-00-00',33000,'Hari','SMTH'),('SMTH20140806041',NULL,'EKO',NULL,'JEPARA','-','109','205','2014-08-06','2015-06-06',32500,'Hari','SMTH'),('SMTH20140808042',NULL,'WAGINAH',NULL,'JEPARA','-','109','205','2014-08-08','2015-06-01',30000,'Hari','SMTH'),('SMTH20140808043',NULL,'RUKAYAH',NULL,'JEPARA','-','109','205','2014-08-08','2015-06-06',30000,'Hari','SMTH'),('SMTH20140808044',NULL,'WATI',NULL,'JEPARA','-','109','205','2014-08-08','2015-06-09',30000,'Hari','SMTH'),('SMTH20140808045',NULL,'MAHMUDAH',NULL,'JEPARA','-','109','205','2014-08-08','2015-06-06',30000,'Hari','SMTH'),('SMTH20140808046',NULL,'HERI B',NULL,'JEPARA','-','109','205','2014-08-08','2015-06-06',32500,'Hari','SMTH'),('SMTH20140808047',NULL,'HASIM',NULL,'JEPARA','-','109','205','2014-08-08','2015-06-06',32500,'Hari','SMTH'),('SMTH20140816048',1451,'NGATIN',0,'JEPARA','-','109','205','2014-08-16','0000-00-00',33000,'Hari','SMTH'),('SMTH20140819049',1392,'YENI',0,'JEPARA','-','109','205','2014-08-19','0000-00-00',33000,'Hari','SMTH'),('SMTH20140824050',NULL,'MASKUN',NULL,'JEPARA','-','109','205','2014-08-24','2015-06-06',32500,'Hari','SMTH'),('SMTH20140825053',NULL,'ARI',NULL,'JEPARA','-','109','205','2014-08-25','2015-06-06',30000,'Hari','SMTH'),('SMTH20140826051',1397,'LIS',0,'JEPARA','-','109','205','2014-08-26','0000-00-00',33000,'Hari','SMTH'),('SMTH20140826052',NULL,'RIMA ',NULL,'JEPARA','-','109','205','2014-08-26','2015-06-06',30000,'Hari','SMTH'),('SMTH20140901054',NULL,'MAKSUM',NULL,'JEPARA','-','109','205','2014-08-24','2015-06-06',30000,'Hari','SMTH'),('SMTH20140901056',NULL,'AHMAD',NULL,'JEPARA','-','109','205','2014-09-01','2015-06-06',30000,'Hari','SMTH'),('SMTH20140901057',NULL,'SUTRIS',NULL,'JEPARA','-','109','205','2014-09-01','2015-06-06',30000,'Hari','SMTH'),('SMTH20140907055',NULL,'MASKURI',NULL,'JEPARA','-','109','205','2014-09-09','2015-06-06',30000,'Hari','SMTH'),('SMTH20140908068',295,'SANDHY PILYANG',1,'MARGOYOSO RT 5 RW 2 KALINYAMATAN JEPARA','081','108','205','2014-09-08','2015-09-01',1350000,'Bulan','PJSG'),('SMTH20140912058',NULL,'MUKSIN',NULL,'JEPARA','-','109','205','2014-09-12','2015-06-06',30000,'Hari','SMTH'),('SMTH20140923059',NULL,'RAGIL',NULL,'JEPARA','-','109','205','2014-09-23','2015-06-06',30000,'Hari','SMTH'),('SMTH20140927060',NULL,'TEKNO',NULL,'JEPARA','-','109','205','2014-09-27','2015-06-06',30000,'Hari','SMTH'),('SMTH20140927061',NULL,'YANTO',NULL,'JEPARA','-','109','205','2014-09-27','2015-06-01',30000,'Hari','SMTH'),('SMTH20140927062',NULL,'FATAH',NULL,'JEPARA','-','109','205','2014-09-27','2015-06-06',30000,'Hari','SMTH'),('SMTH20141001063',NULL,'AMIN',NULL,'KECAPI JEPARA','081','109','205','2014-10-01','2015-06-06',30000,'Hari','SMTH'),('SMTH20141008064',NULL,'RAMA',NULL,'BANGSRI JEPARA','081','109','205','2014-10-08','2015-06-06',30000,'Hari','SMTH'),('SMTH20141010065',1415,'ANDRE',1,'SEKURO','081','109','205','2014-10-10','0000-00-00',32500,'Hari','SMTH'),('SMTH20141010066',NULL,'PANDI',NULL,'SEKURO JEPARA','081','109','205','2014-10-10','2015-06-06',37500,'Hari','SMTH'),('SMTH20141019067',NULL,'ZAMRONI',NULL,'PENGKOL JEPARA','081','111','205','2014-10-19','2015-06-01',30000,'Hari','SMTH'),('SMTH20141116070',NULL,'YUSA',NULL,'JEPARA','081','109','205','2014-11-16','2015-06-01',30000,'Hari','SMTH'),('SMTH20141116071',NULL,'ULIN',NULL,'JEPARA','081','109','205','2014-11-16','2015-06-01',30000,'Hari','SMTH'),('SMTH20141205074',1428,'MUS',0,'JEPARA','081','109','205','2014-12-05','0000-00-00',31000,'Hari','SMTH'),('SMTH20141205075',NULL,'SITI',NULL,'JEPARA','081','109','205','2014-12-05','2015-06-06',30000,'Hari','SMTH'),('SMTH20141226077',1431,'RUSMI',0,'JEPARA','081','109','205','2014-12-26','0000-00-00',31000,'Hari','SMTH'),('SMTH20141227103',1432,'DATAR',1,'JEPARA','0','112','209','2014-12-27','0000-00-00',41000,'Hari','SMTH'),('SMTH20141230082',1433,'ANTON',1,'KUDUS','085601979706','108','205','2014-12-30','0000-00-00',2500000,'Bulan','SMTH'),('SMTH20150101102',1301,'MOCH RIFAI',1,'SEMARANG','081','103','205','2007-01-01','0000-00-00',10000000,'Bulan','SMTH'),('SMTH20150106072',1430,'ARIFIN',1,'BANYU PUTIH','081','109','205','2014-12-07','0000-00-00',36500,'Hari','SMTH'),('SMTH20150106073',1435,'NARYO',1,'JEPARA','081','109','205','2015-01-06','0000-00-00',34000,'Hari','SMTH'),('SMTH20150123078',NULL,'HENDRO',NULL,'JEPARA','081','109','205','2015-01-23','2015-06-06',32500,'Hari','SMTH'),('SMTH20150208076',1444,'SURONO',1,'JEPARA','081','109','205','2015-02-08','0000-00-00',34000,'Hari','SMTH'),('SMTH20150209081',NULL,'MARDIYAH',NULL,'PENGKOL, JEPARA','593821','109','205','2015-02-09','2015-06-06',30000,'Hari','SMTH'),('SMTH20150209083',NULL,'BAMBANG',NULL,'PENGKOL\n','593821','111','205','2015-02-09','2015-06-01',32500,'Hari','SMTH'),('SMTH20150210079',NULL,'SAPTO',NULL,'KUDUS','593821','111','205','2015-02-10','2015-06-01',32500,'Hari','SMTH'),('SMTH20150213085',NULL,'SAMADI',NULL,'BANYU PUTIH','081','111','205','2015-02-13','2015-06-01',32500,'Hari','SMTH'),('SMTH20150213086',NULL,'MURWATI',NULL,'JEPARA','081','109','205','2015-02-13','2015-06-06',30000,'Hari','SMTH'),('SMTH20150213087',NULL,'ISWATI',NULL,'JEPARA','081','109','205','2015-02-13','2015-06-06',30000,'Hari','SMTH'),('SMTH20150214088',NULL,'SAMADI',NULL,'BANYU PUTIH','081','109','205','2015-02-14','2015-06-06',32500,'Hari','SMTH'),('SMTH20150218089',NULL,'AISYAH',NULL,'PENGKOL JEPARA','081','109','205','2015-02-18','2015-06-06',30000,'Hari','SMTH'),('SMTH20150224090',1454,'CUNDO',1,'PENGKOL','085','111','205','2015-02-24','0000-00-00',34000,'Hari','SMTH'),('SMTH20150304091',NULL,'PENDI',NULL,'PENGKOL','085','111','205','2015-03-04','2015-06-01',32500,'Hari','SMTH'),('SMTH20150306092',1456,'NGAHADI',1,'BATANG','085','111','205','2015-03-06','0000-00-00',34000,'Hari','SMTH'),('SMTH20150306093',NULL,'TUGIRI',NULL,'BATANG','085','111','205','2015-03-06','2015-06-01',32500,'Hari','SMTH'),('SMTH20150306094',1458,'WIWIN',0,'PENGKOL','085','111','205','2015-03-06','0000-00-00',34000,'Hari','SMTH'),('SMTH20150424100',1464,'BUDI',1,'JEPARA','081','110','208','2015-04-24','0000-00-00',52500,'Hari','SMTH'),('SMTH20150504097',1471,'SANTOSO',1,'MAMBAK','593821','111','205','2015-05-04','0000-00-00',34000,'Hari','SMTH'),('SMTH20150508096',1396,'MUJAB',1,'PENGKOL','593821','111','205','2015-05-08','0000-00-00',34000,'Hari','SMTH'),('SMTH20150515098',1470,'PANI',1,'PENGKOL','593821','111','205','2015-06-12','0000-00-00',34000,'Hari','SMTH'),('SMTH20150526099',1468,'SUKRI',1,'UJUNGBATU','081','111','205','2015-05-26','0000-00-00',32500,'Hari','SMTH'),('SMTH20150615119',341,'HENGKY',1,'SEMARANG','','106','205','2015-06-15','0000-00-00',3000000,'Bulan','SMTH'),('SMTH20150701117',NULL,'GILANG ANIES A',0,'SEMARANG','','107','202','2015-07-01','0000-00-00',2500000,'Bulan','SMTH'),('SMTH20150727104',1429,'SITI',0,'JEPARA','081','109','205','2015-07-27','0000-00-00',30000,'Hari','SMTH'),('SMTH20150804105',1472,'HARIS',1,'PURWODADI','081','111','205','2015-08-04','0000-00-00',32500,'Hari','SMTH'),('SMTH20150811106',1473,'RIAN',1,'TENGGULI','08500000','111','205','2015-08-11','0000-00-00',32500,'Hari','SMTH'),('SMTH20150811107',1474,'WAHAB',1,'TENGGULI','0855555','111','205','2015-08-11','0000-00-00',32500,'Hari','SMTH'),('SMTH20150824108',1476,'MUDZAKIR',1,'PECANGAAN','08521256','111','205','2015-08-24','0000-00-00',32500,'Hari','SMTH'),('SMTH20150828109',1404,'MUKSIN',1,'KAWAK','081','111','205','2015-08-28','0000-00-00',32500,'Hari','SMTH'),('SMTH20150829111',1331,'MAMAN',1,'SEMARANG','081','110','208','2015-08-29','0000-00-00',207000,'Hari','SMTH'),('SMTH20150831110',1440,'RIDO',1,'BULUNGAN','123456','111','205','2015-08-31','0000-00-00',32500,'Hari','SMTH'),('SMTH20150908112',1398,'SUNIJAH',0,'JEPARA','081','109','205','2015-09-08','0000-00-00',30000,'Hari','SMTH'),('SMTH20150910116',1329,'ARIS',1,'KUDUS','081','108','205','2015-09-10','0000-00-00',10000,'Hari','SMTH'),('SMTH20150914113',1477,'DWI',1,'KUASEN JEPARA','085222','111','205','2015-09-14','0000-00-00',32500,'Hari','SMTH'),('SMTH20150914114',1300,'TOWO',1,'PJS KRG. JATI','081','110','208','2015-09-14','0000-00-00',108000,'Hari','SMTH'),('SMTH20150925115',1402,'TRI',1,'JEPARA','018','111','205','2015-09-25','0000-00-00',32500,'Hari','SMTH'),('SMTH20160227118',1403,'FATKIYA',0,'JEPARA','','107','206','2016-02-27','0000-00-00',1000000,'Bulan','SMTH'),('SMTH20160429133',1359,'SYAFIQ',1,'JEPARA','0005','111','205','2016-04-29','0000-00-00',42500,'Hari','SMTH');

/*Table structure for table `kas` */


CREATE TABLE `kas` (
  `lokasi` varchar(4) DEFAULT NULL,
  `kodetrx` varchar(20) DEFAULT NULL,
  `jml` decimal(15,2) DEFAULT NULL
) ENGINE=InnoDB DEFAULT CHARSET=latin1 CHECKSUM=1 DELAY_KEY_WRITE=1 ROW_FORMAT=DYNAMIC;

/*Data for the table `kas` */

insert  into `kas`(lokasi,kodetrx,jml) values ('206','001/TK-ITRD/042016','3000000.00'),('201','001/TA-ITRD/042016','200000.00'),('201','002/TA-ITRD/042016','1500000.00'),('201','001/RF-ITRD/042016','-200000.00'),('201','001/BY-ITRD/042016','-102000.00'),('201','002/BY-ITRD/042016','-120000.00'),('201','003/BY-ITRD/042016','-30000.00'),('201','004/BY-ITRD/042016','-7500.00'),('201','005/BY-ITRD/042016','-20000.00'),('201','006/BY-ITRD/042016','-655000.00'),('201','007/BY-ITRD/042016','-400000.00'),('201','008/OB-ITRD/042016','-1000.00'),('201','009/OB-ITRD/042016','-1000.00'),('201','010/OB-ITRD/042016','-1000.00'),('201','011/OB-ITRD/042016','-15000.00'),('201','012/OB-ITRD/042016','-10000.00'),('201','013/OB-ITRD/042016','-13500.00'),('201','014/OB-ITRD/042016','-15000.00'),('201','015/OB-ITRD/042016','-17500.00'),('201','016/OB-ITRD/042016','-13500.00'),('201','017/OB-ITRD/042016','-10000.00'),('201','008/BY-ITRD/042016','-63500.00'),('201','009/BY-ITRD/042016','-70000.00'),('201','001/BY-SMTH/042016','-1540400.00'),('201','002/BY-SMTH/042016','-260000.00'),('201','003/BY-SMTH/042016','-648500.00'),('201','001/BY-PJSG/042016','-361000.00'),('201','002/BY-PJSG/042016','-153000.00'),('201','005/BY-PJSG/042016','-5000.00'),('201','006/BY-PJSG/042016','-401660.00'),('201','007/BY-PJSG/042016','-502000.00'),('201','008/BY-PJSG/042016','-153000.00'),('201','009/BY-PJSG/042016','-936000.00'),('201','010/BY-PJSG/042016','-150000.00'),('201','011/BY-PJSG/042016','-237500.00'),('201','012/BY-PJSG/042016','-110250.00'),('201','013/BY-PJSG/042016','-56000.00'),('201','004/BY-SMTH/042016','-450000.00'),('201','005/BY-SMTH/042016','-225000.00'),('201','003/TA-ITRD/042016','655000.00'),('201','004/TA-ITRD/042016','2486500.00'),('201','005/TA-ITRD/042016','5214100.00'),('201','010/BY-ITRD/042016','-6000.00'),('201','011/BY-ITRD/042016','-54000.00'),('201','012/BY-ITRD/042016','-4500.00'),('201','013/BY-ITRD/042016','-2500.00'),('201','014/BY-ITRD/042016','-6000.00'),('201','015/BY-ITRD/042016','-450000.00'),('201','016/BY-ITRD/042016','-46500.00'),('201','017/BY-ITRD/042016','-24980.00'),('201','018/BY-ITRD/042016','-18000.00'),('201','019/BY-ITRD/042016','-30000.00'),('201','020/BY-ITRD/042016','-13790.00'),('201','021/BY-ITRD/042016','-4690.00'),('201','022/BY-ITRD/042016','-18000.00'),('201','023/BY-ITRD/042016','-70000.00'),('201','024/BY-ITRD/042016','-17500.00'),('201','025/BY-ITRD/042016','-205000.00'),('201','026/BY-ITRD/042016','-69000.00'),('201','027/BY-ITRD/042016','-20000.00'),('201','028/BY-ITRD/042016','-20000.00'),('201','029/BY-ITRD/042016','-21980.00'),('201','030/BY-ITRD/042016','-400000.00'),('201','031/BY-ITRD/042016','-49500.00'),('201','032/BY-ITRD/042016','-10000.00'),('201','033/BY-ITRD/042016','-8400.00'),('201','034/BY-ITRD/042016','-75000.00'),('201','035/BY-ITRD/042016','-21600.00'),('201','036/BY-ITRD/042016','-14700.00'),('201','037/BY-ITRD/042016','-71000.00'),('201','038/BY-ITRD/042016','-162000.00'),('201','039/BY-ITRD/042016','-160000.00'),('201','040/BY-ITRD/042016','-400000.00'),('201','041/BY-ITRD/042016','-102000.00'),('201','042/BY-ITRD/042016','-110000.00'),('201','043/BY-ITRD/042016','-27000.00'),('201','044/BY-ITRD/042016','-255000.00'),('201','045/BY-ITRD/042016','-120000.00'),('201','046/BY-ITRD/042016','-8000.00'),('201','047/BY-ITRD/042016','-62000.00'),('201','048/BY-ITRD/042016','-400000.00'),('201','049/BY-ITRD/042016','-24600.00'),('201','006/TA-ITRD/042016','7642500.00'),('201','007/TA-ITRD/042016','2641500.00'),('201','006/BY-SMTH/042016','-560000.00'),('201','008/TA-ITRD/042016','2708700.00'),('201','014/BY-PJSG/042016','-1481000.00'),('201','015/BY-PJSG/042016','-1045000.00'),('201','050/BY-ITRD/042016','-780000.00'),('201','051/BY-ITRD/042016','-309999.00'),('201','016/BY-PJSG/042016','-76000.00'),('201','052/BY-ITRD/042016','-18500.00'),('201','053/BY-ITRD/042016','-10400.00'),('201','017/BY-PJSG/042016','-1170000.00'),('201','018/BY-PJSG/042016','-5950000.00'),('201','019/BY-PJSG/042016','-355000.00'),('201','054/BY-ITRD/042016','-175000.00'),('201','055/BY-ITRD/042016','-200000.00'),('201','056/BY-ITRD/042016','-38000.00'),('201','009/TA-ITRD/052016','235171.00'),('201','010/TA-ITRD/052016','142000.00'),('201','057/BY-ITRD/052016','-250000.00'),('201','058/BY-ITRD/052016','-25000.00'),('201','059/BY-ITRD/052016','-18000.00'),('201','060/BY-ITRD/052016','-102000.00'),('201','007/BY-SMTH/052016','-1439500.00'),('201','008/BY-SMTH/052016','-112000.00'),('201','009/BY-SMTH/052016','-650000.00'),('201','010/BY-SMTH/052016','-1170000.00'),('201','020/BY-PJSG/052016','-175000.00'),('201','021/BY-PJSG/052016','-339800.00'),('201','022/BY-PJSG/052016','-250000.00'),('201','023/BY-PJSG/052016','-52500.00'),('201','024/BY-PJSG/052016','-746000.00'),('201','025/BY-PJSG/052016','-1045000.00'),('201','026/BY-PJSG/052016','-1560000.00'),('201','027/BY-PJSG/052016','-2962000.00'),('201','028/BY-PJSG/052016','-160000.00'),('201','011/BY-SMTH/052016','-1260000.00'),('201','012/BY-SMTH/052016','-990000.00'),('201','013/BY-SMTH/052016','-450000.00'),('201','014/BY-SMTH/052016','-45000.00'),('201','015/BY-SMTH/052016','-70000.00'),('201','016/BY-SMTH/062016','-162000.00'),('201','017/BY-SMTH/062016','-340000.00'),('201','018/BY-SMTH/062016','-45000.00'),('201','019/BY-SMTH/062016','-70000.00'),('201','020/BY-SMTH/062016','-112000.00'),('201','021/BY-SMTH/062016','-675000.00'),('201','022/BY-SMTH/062016','-906000.00'),('201','023/BY-SMTH/062016','-252000.00'),('201','024/BY-SMTH/062016','-1050000.00'),('201','025/BY-SMTH/062016','-990000.00'),('201','001/BY-ITNS/062016','-500000.00'),('201','002/BY-ITNS/062016','-300000.00'),('201','003/BY-ITNS/062016','-600000.00'),('201','004/BY-ITNS/062016','-60000.00'),('201','005/BY-ITNS/062016','-1176000.00'),('201','006/BY-ITNS/062016','-950000.00'),('201','007/BY-ITNS/062016','-5720000.00'),('201','008/BY-ITNS/062016','-12000.00'),('201','009/BY-ITNS/062016','-51000.00'),('201','010/BY-ITNS/062016','-51000.00'),('201','011/BY-ITNS/062016','-12000.00'),('201','012/BY-ITNS/062016','-51000.00'),('201','013/BY-ITNS/062016','-12000.00'),('201','014/BY-ITNS/062016','-26000.00'),('201','015/BY-ITNS/062016','-9000000.00'),('201','016/BY-ITNS/062016','-450000.00'),('201','017/BY-ITNS/062016','-300000.00'),('201','018/BY-ITNS/062016','-51000.00'),('201','019/BY-ITNS/062016','-51000.00'),('201','020/BY-ITNS/062016','-26000.00'),('201','021/BY-ITNS/062016','-101000.00'),('201','022/BY-ITNS/062016','-26000.00'),('201','023/BY-ITNS/062016','-101000.00'),('201','024/BY-ITNS/062016','-51000.00'),('201','025/BY-ITNS/062016','-51000.00'),('201','026/BY-ITNS/062016','-102000.00'),('201','027/BY-ITNS/062016','-51000.00'),('201','028/BY-ITNS/062016','-51000.00'),('201','029/BY-ITNS/062016','-51000.00'),('201','030/BY-ITNS/062016','-51000.00'),('201','031/BY-ITNS/062016','-51000.00'),('201','032/BY-ITNS/062016','-60000.00'),('201','033/BY-ITNS/062016','-300000.00'),('201','034/BY-ITNS/062016','-2700000.00'),('201','035/BY-ITNS/062016','-860200.00'),('201','036/BY-ITNS/062016','-600000.00'),('201','037/BY-ITNS/062016','-18000000.00'),('201','038/BY-ITNS/062016','-315000.00'),('201','039/BY-ITNS/062016','-1500000.00'),('201','040/BY-ITNS/062016','-5700000.00'),('201','041/BY-ITNS/062016','-6605000.00'),('201','042/BY-ITNS/062016','-35000000.00'),('201','043/BY-ITNS/062016','-150000.00'),('201','044/BY-ITNS/062016','-51000.00'),('201','045/BY-ITNS/062016','-51000.00'),('201','046/BY-ITNS/062016','-600000.00'),('201','047/BY-ITNS/062016','-200000.00'),('201','048/BY-ITNS/062016','-98000.00'),('201','049/BY-ITNS/062016','-310200.00'),('201','050/BY-ITNS/062016','-270000.00'),('201','026/BY-SMTH/062016','-990000.00'),('201','027/BY-SMTH/062016','-120000.00'),('201','028/BY-SMTH/062016','-1155000.00'),('201','029/BY-SMTH/062016','-1170000.00'),('201','030/BY-SMTH/062016','-90000.00'),('201','031/BY-SMTH/062016','-42000.00'),('201','032/BY-SMTH/062016','-395000.00'),('201','033/BY-SMTH/062016','-870000.00'),('201','029/BY-PJSG/062016','-36000.00'),('201','030/BY-PJSG/062016','-250000.00'),('201','034/BY-SMTH/062016','-21000.00'),('201','035/BY-SMTH/062016','-45000.00'),('201','036/BY-SMTH/062016','-23000.00'),('201','061/BY-ITRD/062016','-292500.00'),('201','062/BY-ITRD/062016','-35000.00'),('201','063/BY-ITRD/062016','-35000.00'),('201','064/BY-ITRD/062016','-10500.00'),('201','065/BY-ITRD/062016','-110171.00'),('201','066/BY-ITRD/062016','-120000.00'),('201','067/BY-ITRD/062016','-32000.00'),('201','068/BY-ITRD/062016','-18390.00'),('201','069/BY-ITRD/062016','-12700.00'),('201','070/BY-ITRD/062016','-60000.00'),('201','071/BY-ITRD/062016','-480000.00'),('201','072/BY-ITRD/062016','-195000.00'),('201','073/BY-ITRD/062016','-25000.00'),('201','074/BY-ITRD/062016','-73000.00'),('201','075/BY-ITRD/062016','-90000.00'),('201','076/BY-ITRD/062016','-25000.00'),('201','077/BY-ITRD/062016','-60000.00'),('201','078/BY-ITRD/062016','-765000.00'),('201','079/BY-ITRD/062016','-560000.00'),('201','080/BY-ITRD/062016','-51000.00'),('201','081/BY-ITRD/062016','-51000.00'),('201','082/BY-ITRD/062016','-3150000.00'),('201','083/BY-ITRD/062016','-1080000.00'),('201','084/BY-ITRD/062016','-43000.00'),('201','085/BY-ITRD/062016','-211000.00'),('201','086/BY-ITRD/062016','-6000000.00'),('201','087/BY-ITRD/062016','-625000.00'),('201','088/BY-ITRD/062016','-625000.00'),('201','089/BY-ITRD/062016','-18500.00'),('201','090/BY-ITRD/062016','-46500.00'),('201','091/BY-ITRD/062016','-23500.00'),('201','092/BY-ITRD/062016','-13800.00'),('201','093/BY-ITRD/062016','-1224500.00'),('201','094/BY-ITRD/062016','-70000.00'),('201','095/BY-ITRD/062016','-27000.00'),('201','096/BY-ITRD/062016','-19100.00'),('201','097/BY-ITRD/062016','-7500.00'),('201','098/BY-ITRD/062016','-51800.00'),('201','099/BY-ITRD/062016','-35000.00'),('201','100/BY-ITRD/062016','-64000.00'),('201','101/BY-ITRD/062016','-250000.00'),('201','102/BY-ITRD/062016','-9900.00'),('201','103/BY-ITRD/062016','-85500.00'),('201','104/BY-ITRD/062016','-26900.00'),('201','105/BY-ITRD/062016','-15000.00'),('201','106/BY-ITRD/062016','-18500.00'),('201','107/BY-ITRD/062016','-26300.00'),('201','108/BY-ITRD/062016','-85500.00'),('201','109/BY-ITRD/062016','-14700.00'),('201','110/BY-ITRD/062016','-21100.00'),('201','001/BY-ISGN/062016','-1800000.00'),('201','002/BY-ISGN/062016','-3096600.00'),('201','003/BY-ISGN/062016','-740000.00'),('201','004/BY-ISGN/062016','-695000.00'),('201','005/BY-ISGN/062016','-30000.00'),('201','006/BY-ISGN/062016','-720000.00'),('201','007/BY-ISGN/062016','-900000.00'),('201','111/BY-ITRD/062016','-48300.00'),('201','112/BY-ITRD/062016','-305000.00'),('201','113/BY-ITRD/062016','-13200.00'),('201','001/BY-ITRD/062016','-21100.00'),('201','002/BY-ITRD/062016','-11300.00'),('201','003/BY-ITRD/062016','-3150000.00'),('201','004/BY-ITRD/062016','-1039000.00'),('201','005/BY-ITRD/062016','-73000.00'),('201','006/BY-ITRD/062016','-25000.00'),('201','007/BY-ITRD/062016','-60000.00'),('201','008/BY-ITRD/062016','-560000.00'),('201','009/BY-ITRD/062016','-765000.00'),('201','010/BY-ITRD/062016','-51000.00'),('201','011/BY-ITRD/062016','-51000.00'),('201','012/BY-ITRD/062016','-6000000.00'),('201','013/BY-ITRD/062016','-211000.00'),('201','014/BY-ITRD/062016','-43000.00'),('201','015/BY-ITRD/062016','-21500.00'),('201','016/BY-ITRD/062016','-57900.00'),('201','017/BY-ITRD/062016','-20000.00'),('201','018/BY-ITRD/062016','-450000.00'),('201','019/BY-ITRD/062016','-1100000.00'),('201','020/BY-ITRD/062016','-53000.00'),('201','001/BY-PJSG/062016','-150000.00'),('201','002/BY-PJSG/062016','-90000.00'),('201','003/BY-PJSG/062016','-250000.00'),('201','004/BY-PJSG/062016','-878000.00'),('201','005/BY-PJSG/062016','-250000.00'),('201','011/TA-ITRD/062016','7566000.00'),('201','001/BY-ISGN/062016','-450000.00'),('201','021/BY-ITRD/062016','-2250000.00'),('201','021/BY-ITRD/062016','-2250000.00'),('201','022/BY-ITRD/062016','-116400.00'),('201','022/BY-ITRD/062016','-116400.00'),('201','023/BY-ITRD/062016','-51000.00'),('201','024/BY-ITRD/062016','-51000.00'),('201','025/BY-ITRD/062016','-16400.00'),('201','026/BY-ITRD/062016','-130000.00'),('201','027/BY-ITRD/062016','-35000.00'),('201','028/BY-ITRD/062016','-28000.00'),('201','029/BY-ITRD/062016','-1000000.00'),('201','030/BY-ITRD/062016','-104000.00'),('201','002/BY-ISGN/062016','-177500.00'),('201','001/BY-ITNS/062016','-60000.00'),('201','002/BY-ITNS/062016','-51000.00'),('201','003/BY-ITNS/062016','-51000.00'),('201','004/BY-ITNS/062016','-51000.00'),('201','005/BY-ITNS/062016','-51000.00'),('201','006/BY-ITNS/062016','-51000.00'),('201','007/BY-ITNS/062016','-51000.00'),('201','008/BY-ITNS/062016','-51000.00'),('201','009/BY-ITNS/062016','-51000.00'),('201','010/BY-ITNS/062016','-260000.00'),('201','031/BY-ITRD/062016','-290000.00'),('201','032/BY-ITRD/062016','-600000.00'),('201','001/BY-SMNC/062016','-600000.00'),('201','002/BY-SMNC/062016','-725000.00'),('201','003/BY-SMNC/062016','-2900000.00'),('201','004/BY-SMNC/062016','-800000.00'),('201','005/BY-SMNC/062016','-1150000.00'),('201','006/BY-SMNC/062016','-1425000.00'),('201','001/BY-SMTH/062016','-112000.00'),('201','002/BY-SMTH/062016','-906000.00'),('201','003/BY-SMTH/062016','-675000.00'),('201','004/BY-SMTH/062016','-190000.00'),('201','005/BY-SMTH/062016','-50000.00'),('201','006/BY-SMTH/062016','-100000.00'),('201','007/BY-SMTH/062016','-70000.00'),('201','008/BY-SMTH/062016','-45000.00'),('201','009/BY-SMTH/062016','-1050000.00'),('201','010/BY-SMTH/062016','-1260000.00'),('201','011/BY-SMTH/062016','-252000.00'),('201','012/BY-SMTH/062016','-990000.00'),('201','013/BY-SMTH/062016','-990000.00'),('201','014/BY-SMTH/062016','-162000.00'),('201','012/TA-ITRD/062016','10831200.00'),('201','013/TA-ITRD/062016','12733200.00'),('201','014/TA-ITRD/062016','68055000.00'),('201','015/TA-ITRD/062016','13032800.00'),('201','015/BY-SMTH/062016','-375000.00'),('201','016/BY-SMTH/062016','-20000.00'),('201','017/BY-SMTH/062016','-1170000.00'),('201','018/BY-SMTH/062016','-120000.00'),('201','019/BY-SMTH/062016','-90000.00'),('201','020/BY-SMTH/062016','-42000.00'),('201','021/BY-SMTH/062016','-1155000.00'),('201','022/BY-SMTH/062016','-870000.00'),('201','023/BY-SMTH/062016','-765000.00'),('201','024/BY-SMTH/062016','-906000.00'),('201','025/BY-SMTH/062016','-450000.00'),('201','026/BY-SMTH/062016','-23000.00'),('201','027/BY-SMTH/062016','-2058500.00'),('201','028/BY-SMTH/062016','-21000.00'),('201','029/BY-SMTH/072016','-990000.00'),('201','030/BY-SMTH/072016','-1045200.00'),('201','031/BY-SMTH/072016','-1829000.00'),('201','006/BY-PJSG/072016','-208000.00'),('201','007/BY-PJSG/072016','-90000.00'),('201','008/BY-PJSG/072016','-150000.00'),('201','033/BY-ITRD/072016','-15500.00'),('201','034/BY-ITRD/072016','-16500.00'),('201','035/BY-ITRD/072016','-13700.00'),('201','036/BY-ITRD/072016','-55500.00'),('201','037/BY-ITRD/072016','-15500.00'),('201','038/BY-ITRD/072016','-4800.00'),('201','039/BY-ITRD/072016','-22400.00'),('201','040/BY-ITRD/072016','-15700.00'),('201','041/BY-ITRD/072016','-20000.00'),('201','042/BY-ITRD/072016','-16600.00'),('201','043/BY-ITRD/072016','-480000.00'),('201','044/BY-ITRD/072016','-32000.00'),('201','045/BY-ITRD/072016','-102000.00'),('201','016/TA-ITRD/072016','146415700.00'),('201','017/TA-ITRD/072016','3102200.00'),('201','046/BY-ITRD/072016','-75000.00'),('201','047/BY-ITRD/072016','-30900.00'),('201','048/BY-ITRD/072016','-30200.00'),('201','049/BY-ITRD/072016','-27000.00'),('201','050/BY-ITRD/072016','-10500.00'),('201','051/BY-ITRD/072016','-150000.00'),('201','052/BY-ITRD/072016','-23500.00'),('201','053/BY-ITRD/072016','-120000.00'),('201','054/BY-ITRD/072016','-62000.00'),('201','055/BY-ITRD/072016','-35000.00'),('201','056/BY-ITRD/072016','-44000.00'),('201','057/BY-ITRD/072016','-200000.00'),('201','009/BY-PJSG/072016','-3050000.00'),('201','010/BY-PJSG/072016','-1055000.00'),('201','011/BY-PJSG/072016','-3880000.00'),('201','012/BY-PJSG/072016','-30000.00'),('201','013/BY-PJSG/072016','-186000.00'),('201','058/BY-ITRD/072016','-70000.00'),('201','003/BY-ISGN/072016','-15000.00'),('201','004/BY-ISGN/072016','-30000.00'),('201','005/BY-ISGN/072016','-100000.00'),('201','006/BY-ISGN/072016','-127500.00'),('201','007/BY-ISGN/072016','-140000.00'),('201','008/BY-ISGN/072016','-240000.00'),('201','059/BY-ITRD/072016','-3000000.00'),('201','060/BY-ITRD/072016','-6400000.00'),('201','061/BY-ITRD/072016','-500000.00'),('201','062/BY-ITRD/072016','-16500.00'),('201','063/BY-ITRD/072016','-120500.00'),('201','064/BY-ITRD/072016','-10290.00'),('201','011/BY-ITNS/072016','-173000.00'),('201','012/BY-ITNS/072016','-600000.00'),('201','013/BY-ITNS/072016','-51000.00'),('201','014/BY-ITNS/072016','-51000.00'),('201','014/BY-PJSG/072016','-248000.00'),('201','009/BY-ISGN/072016','-480000.00'),('201','032/BY-SMTH/072016','-392000.00'),('201','018/TA-ITRD/072016','12882500.00'),('201','019/TA-ITRD/072016','80000.00'),('201','020/TA-ITRD/072016','182500.00'),('201','010/BY-ISGN/072016','-990000.00'),('201','021/TA-ITRD/072016','12519500.00'),('201','033/BY-SMTH/072016','-2970000.00'),('201','011/BY-ISGN/072016','-1055000.00'),('201','015/BY-PJSG/072016','-1045000.00'),('201','034/BY-SMTH/072016','-1895500.00'),('201','012/BY-ISGN/072016','-286000.00'),('201','013/BY-ISGN/072016','-718000.00'),('201','014/BY-ISGN/072016','-683000.00'),('201','015/BY-ISGN/072016','-2888600.00'),('201','016/BY-ISGN/072016','-47000.00'),('201','017/BY-ISGN/072016','-724000.00'),('201','022/TA-ITRD/072016','2970000.00'),('201','023/TA-ITRD/072016','242500.00'),('201','065/BY-ITRD/072016','-10000.00'),('201','066/BY-ITRD/072016','-32000.00'),('201','067/BY-ITRD/072016','-23500.00'),('201','068/BY-ITRD/072016','-58500.00'),('201','069/BY-ITRD/072016','-18250.00'),('201','070/BY-ITRD/072016','-56200.00'),('201','071/BY-ITRD/072016','-480000.00'),('201','018/BY-ISGN/072016','-18500.00'),('201','024/TA-ITRD/072016','682000.00'),('201','016/BY-PJSG/072016','-400000.00'),('201','072/BY-ITRD/072016','-75000.00'),('201','025/TA-ITRD/072016','7219100.00'),('201','026/TA-ITRD/072016','4307000.00'),('201','073/BY-ITRD/072016','-3240000.00'),('201','074/BY-ITRD/072016','-19000.00'),('201','075/BY-ITRD/072016','-30500.00'),('201','076/BY-ITRD/072016','-70000.00'),('201','077/BY-ITRD/072016','-85000.00'),('201','015/BY-ITNS/072016','-50000.00'),('201','078/BY-ITRD/072016','-102000.00'),('201','017/BY-PJSG/072016','-1396000.00'),('201','019/BY-ISGN/072016','-385000.00'),('201','027/TA-ITRD/072016','4555300.00'),('201','079/BY-ITRD/072016','-27500.00'),('201','028/TA-ITRD/072016','1883500.00'),('201','080/BY-ITRD/072016','-206000.00'),('201','018/BY-PJSG/072016','-358000.00'),('201','019/BY-PJSG/072016','-220000.00'),('201','020/BY-PJSG/072016','-400000.00'),('201','021/BY-PJSG/072016','-496000.00'),('201','081/BY-ITRD/072016','-66500.00'),('201','082/BY-ITRD/072016','-540000.00'),('201','083/BY-ITRD/082016','-500000.00'),('201','084/BY-ITRD/082016','-500000.00'),('201','085/BY-ITRD/082016','-18500.00'),('201','086/BY-ITRD/082016','-280000.00'),('201','087/BY-ITRD/082016','-552500.00'),('201','035/BY-SMTH/082016','-360000.00'),('201','088/BY-ITRD/082016','-543000.00'),('201','029/TA-ITRD/082016','9252500.00'),('201','036/BY-SMTH/082016','-315000.00'),('201','020/BY-ISGN/082016','-1176000.00'),('201','021/BY-ISGN/082016','-552000.00'),('201','022/BY-ISGN/082016','-1104000.00'),('201','023/BY-ISGN/082016','-23800.00'),('201','037/BY-SMTH/082016','-325000.00'),('201','022/BY-PJSG/082016','-490000.00'),('201','024/BY-ISGN/082016','-254000.00'),('201','038/BY-SMTH/082016','-200000.00'),('201','039/BY-SMTH/082016','-500000.00'),('201','040/BY-SMTH/082016','-70000.00'),('201','041/BY-SMTH/082016','-56000.00'),('201','042/BY-SMTH/082016','-40000.00'),('201','043/BY-SMTH/082016','-1055000.00'),('201','030/TA-ITRD/082016','6540000.00'),('201','044/BY-SMTH/082016','-340000.00'),('201','031/TA-ITRD/082016','1803000.00'),('201','089/BY-ITRD/082016','-100000.00'),('201','090/BY-ITRD/082016','-16500.00'),('201','091/BY-ITRD/082016','-227490.00'),('201','092/BY-ITRD/082016','-560000.00'),('201','093/BY-ITRD/082016','-27500.00'),('201','094/BY-ITRD/082016','-21300.00'),('201','095/BY-ITRD/082016','-32000.00'),('201','096/BY-ITRD/082016','-28200.00'),('201','097/BY-ITRD/082016','-250000.00'),('201','098/BY-ITRD/082016','-16000.00'),('201','099/BY-ITRD/082016','-60000.00'),('201','100/BY-ITRD/082016','-1300000.00'),('201','101/BY-ITRD/082016','-16500.00'),('201','102/BY-ITRD/082016','-480000.00'),('201','045/BY-SMTH/082016','-963000.00'),('201','032/TA-ITRD/082016','4412500.00'),('201','103/BY-ITRD/082016','-60000.00'),('201','025/BY-ISGN/082016','-474000.00'),('201','026/BY-ISGN/082016','-1500000.00'),('201','027/BY-ISGN/082016','-93000.00'),('201','007/BY-SMNC/082016','-370000.00'),('201','104/BY-ITRD/082016','-11000.00'),('201','105/BY-ITRD/082016','-30000.00'),('201','106/BY-ITRD/082016','-18000.00'),('201','107/BY-ITRD/082016','-74000.00'),('201','016/BY-ITNS/082016','-51000.00'),('201','033/TA-ITRD/082016','6485300.00'),('201','008/BY-SMNC/082016','-1250000.00'),('201','108/BY-ITRD/082016','-25300.00'),('201','109/BY-ITRD/082016','-32600.00'),('201','110/BY-ITRD/082016','-120000.00'),('201','111/BY-ITRD/082016','-230000.00'),('201','034/TA-ITRD/082016','11608300.00'),('201','035/TA-ITRD/082016','37931000.00'),('201','028/BY-ISGN/082016','-1430000.00'),('201','017/BY-ITNS/082016','-60000.00'),('201','018/BY-ITNS/082016','-1372000.00'),('201','019/BY-ITNS/082016','-600000.00'),('201','020/BY-ITNS/082016','-230000.00'),('201','021/BY-ITNS/082016','-225000.00'),('201','022/BY-ITNS/082016','-4000000.00'),('201','023/BY-ITNS/082016','-51000.00'),('201','024/BY-ITNS/082016','-51000.00'),('201','025/BY-ITNS/082016','-51000.00'),('201','026/BY-ITNS/082016','-51000.00'),('201','027/BY-ITNS/082016','-51000.00'),('201','028/BY-ITNS/082016','-160000.00'),('201','029/BY-ITNS/082016','-160000.00'),('201','030/BY-ITNS/082016','-60000.00'),('201','112/BY-ITRD/082016','-27500.00'),('201','113/BY-ITRD/082016','-70000.00'),('201','114/BY-ITRD/082016','-16500.00'),('201','023/BY-PJSG/082016','-2448500.00'),('201','036/TA-ITRD/082016','7861200.00'),('201','029/BY-ISGN/082016','-150000.00'),('201','024/BY-PJSG/082016','-136000.00'),('201','030/BY-ISGN/082016','-190000.00'),('201','031/BY-ISGN/082016','-87500.00'),('201','032/BY-ISGN/082016','-180000.00'),('201','033/BY-ISGN/082016','-90000.00'),('201','034/BY-ISGN/082016','-50000.00'),('201','035/BY-ISGN/082016','-100000.00'),('201','036/BY-ISGN/082016','-280800.00'),('201','025/BY-PJSG/082016','-1045000.00'),('201','026/BY-PJSG/082016','-936000.00'),('201','037/BY-ISGN/082016','-580000.00'),('201','038/BY-ISGN/082016','-70000.00'),('201','039/BY-ISGN/082016','-13300000.00'),('201','037/TA-ITRD/082016','7810000.00'),('201','038/TA-ITRD/082016','560000.00'),('201','046/BY-SMTH/082016','-344000.00'),('201','115/BY-ITRD/082016','-560000.00'),('201','047/BY-SMTH/082016','-618000.00'),('201','048/BY-SMTH/082016','-19200.00'),('201','031/BY-ITNS/082016','-115000.00'),('201','032/BY-ITNS/082016','-600000.00'),('201','116/BY-ITRD/082016','-1270800.00'),('201','117/BY-ITRD/082016','-46500.00'),('201','118/BY-ITRD/082016','-25000.00'),('201','119/BY-ITRD/082016','-1767000.00'),('201','120/BY-ITRD/082016','-3533500.00'),('201','121/BY-ITRD/082016','-92000.00'),('201','122/BY-ITRD/082016','-16500.00'),('201','039/TA-ITRD/082016','23323800.00');

/*Table structure for table `kodeapproval` */


CREATE TABLE `kodeapproval` (
  `idapproval` int(2) DEFAULT NULL,
  `ket` varchar(50) DEFAULT NULL
) ENGINE=InnoDB DEFAULT CHARSET=latin1;

/*Data for the table `kodeapproval` */

insert  into `kodeapproval`(idapproval,ket) values (1,'Disetujui'),(2,'Ditolak'),(3,'Ditunda');

/*Table structure for table `konfirmasi` */


CREATE TABLE `konfirmasi` (
  `kodeconfirm` varchar(20) DEFAULT NULL,
  `tglconfirm` date DEFAULT NULL,
  `tglentry` datetime DEFAULT NULL,
  `userid` varchar(20) DEFAULT NULL
) ENGINE=InnoDB DEFAULT CHARSET=latin1;

/*Data for the table `konfirmasi` */

/*Table structure for table `konfirmharga` */


CREATE TABLE `konfirmharga` (
  `kodeconfirm` varchar(20) DEFAULT NULL,
  `noref` varchar(20) DEFAULT NULL,
  `kodebrg` varchar(5) DEFAULT NULL,
  `harga` decimal(15,2) DEFAULT NULL,
  `hargabaru` decimal(15,2) DEFAULT NULL,
  `jml` decimal(15,2) DEFAULT NULL,
  `kodesatuan` varchar(5) DEFAULT NULL
) ENGINE=InnoDB DEFAULT CHARSET=latin1 CHECKSUM=1 DELAY_KEY_WRITE=1 ROW_FORMAT=DYNAMIC;

/*Data for the table `konfirmharga` */

/*Table structure for table `konfirmharga_temp` */


CREATE TABLE `konfirmharga_temp` (
  `userid` varchar(20) DEFAULT NULL,
  `kodebrg` varchar(5) DEFAULT NULL,
  `harga` decimal(15,2) DEFAULT NULL,
  `hargabaru` decimal(15,2) DEFAULT NULL,
  `jml` decimal(15,2) DEFAULT NULL,
  `kodesatuan` varchar(5) DEFAULT NULL
) ENGINE=InnoDB DEFAULT CHARSET=latin1;

/*Data for the table `konfirmharga_temp` */

insert  into `konfirmharga_temp`(userid,kodebrg,harga,hargabaru,jml,kodesatuan) values ('alika','L0006','12000.00','0.00','1.00','105'),('alika','L0033','15000.00','0.00','1.00','118'),('alika','k0031','6000.00','0.00','1.00','105'),('alika','P0072','29000.00','0.00','1.00','105'),('alika','T0034','9000.00','0.00','1.00','113'),('alika','L0032','30000.00','0.00','1.00','101'),('alika','s0031','2000.00','0.00','20.00','101'),('alika','a0018','46000.00','0.00','2.00','101'),('alika','J0012','80000.00','0.00','2.00','135');

/*Table structure for table `lintasform` */


CREATE TABLE `lintasform` (
  `kodetrx` varchar(25) DEFAULT NULL,
  `userid` varchar(20) DEFAULT NULL,
  `tgl` datetime DEFAULT NULL,
  `idtrx` varchar(20) DEFAULT NULL,
  `kodebrg` varchar(6) DEFAULT NULL,
  `kodeperusahaan` varchar(4) DEFAULT NULL
) ENGINE=InnoDB DEFAULT CHARSET=latin1;

/*Data for the table `lintasform` */

insert  into `lintasform`(kodetrx,userid,tgl,idtrx,kodebrg,kodeperusahaan) values ('008/PB-ISGB/042016','hengkybriket','2016-04-30 13:10:47','monprevpb',NULL,NULL),('003/PD-ISGB/052016','teguhbriket','2016-05-11 14:19:33','prevpd',NULL,NULL),('048/PB-PJSG/052016','hengky','2016-05-25 13:26:28','prevdecpb',NULL,NULL),('046/PB-ITRD/052016','tanti','2016-05-27 10:40:26','appprevpb',NULL,NULL),('007/PP-SMTH/042016','nuruladm','2016-05-30 13:33:32','reqbuy',NULL,NULL),('009/PB-PJSG/062016','bagas','2016-06-07 15:56:14','monprevpb',NULL,NULL),('016/PB-PJSG/062016','antiek','2016-06-08 11:00:19','prevpb',NULL,NULL),('007/PP-PJSG/052016','teguh','2016-06-08 14:44:24','monprevha',NULL,NULL),('014/PP-ITRD/062016','tian','2016-06-21 09:52:06','monprevha',NULL,NULL),('033/PP-SMTH/062016','satrio','2016-07-13 15:04:38','monprevha',NULL,NULL),('004/PB-ITNS/072016','lina','2016-07-14 16:14:54','monprevpb',NULL,NULL),('001/PD-SMNC/072016','plhaccountingcoil','2016-07-21 09:05:49','prevpd',NULL,NULL),('206/ITNS/4','deroi','2016-08-01 10:07:59','newsetapp',NULL,NULL),('001/PD-ISGB/082016','kapabrikbriket','2016-08-03 09:54:55','prevpd',NULL,NULL),('008/PB-ISGN/062016','iqbal','2016-08-03 11:41:19','prevpb',NULL,NULL),('001/PD-ISGB/082016','rinibriket','2016-08-04 08:05:34','monprevpd',NULL,NULL),('001/PD-ISGB/082016','accountingbriket','2016-08-04 08:25:11','monprevpd',NULL,NULL),('012/PP-SMTH/072016','bagus','2016-08-08 15:03:22','monprevha',NULL,NULL),('033/PB-SMTH/082016','rifai','2016-08-11 17:45:10','prevpb',NULL,NULL),('030/PB-SMTH/082016','ariwinarsihcf','2016-08-12 11:44:28','prevpb',NULL,NULL),('020/PB-PJSG/082016','gilang','2016-08-13 09:05:04','prevpb',NULL,NULL),('003/PB-SMNC/082016','rifaicoil','2016-08-13 17:11:49','prevpb',NULL,NULL),('023/PB-PJSG/082016','ariwinarsih','2016-08-15 14:50:52','prevpb',NULL,NULL),('023/PB-PJSG/072016','annisa','2016-08-16 13:12:09','monprevpb',NULL,NULL),('039/PB-ISGN/082016','rifai2','2016-08-18 08:21:31','prevpb',NULL,NULL),('001/PD-ISGN/082016','tutun','2016-08-18 08:35:47','monprevpd',NULL,NULL),('045/PB-ITNS/082016','hana','2016-08-18 11:05:52','monprevpb',NULL,NULL),('022/PB-PJSG/082016','accountingpjs','2016-08-19 09:00:25','prevpb',NULL,NULL),('040/PB-ISGN/082016','plhaccountingmijen','2016-08-19 09:04:08','prevpb',NULL,NULL),('040/PB-ISGN/082016','ariwinarsihspv','2016-08-19 09:05:49','prevpb',NULL,NULL),('024/BA-SMTH/082016','hengkysm','2016-08-19 09:26:15','prevba',NULL,NULL),('024/BA-SMTH/082016','gilangsm','2016-08-19 09:31:13','prevba',NULL,NULL),('022/PB-PJSG/082016','fanny','2016-08-19 09:39:48','prevpb',NULL,NULL),('021/PB-PJSG/082016','riniadm','2016-08-19 09:48:45','monprevpb',NULL,NULL),('044/PB-ISGN/082016','kaprodmijen','2016-08-19 11:27:09','prevpb',NULL,NULL),('004/PB-SMNC/082016','hengkycoil','2016-08-19 13:54:57','prevpb',NULL,NULL),('001/PB-ISGN/082016','fathoni','2016-08-19 14:02:55','prevpb',NULL,NULL),('024/PB-ITNS/072016','whardah','2016-08-19 15:25:21','monprevbuy','M0067','ITNS'),('024/PB-ITNS/072016','yanaadm','2016-08-19 15:28:27','monprevbuy','M0067','ITNS'),('015/PP-ITNS/082016','ayuproc','2016-08-19 15:28:59','monprevbuy','',''),('008/PB-ISGN/062016','','2016-08-19 15:32:52','prevpb',NULL,NULL),('053/PB-ITNS/082016','kimkim','2016-08-19 15:42:49','prevpb',NULL,NULL),('053/PB-ITNS/082016','alfi','2016-08-19 15:42:55','monprevpb',NULL,NULL),('053/PB-ITNS/082016','agus','2016-08-19 15:46:44','prevpb',NULL,NULL),('001/PD-ITRD/082016','ayu','2016-08-19 15:50:39','monprevpd',NULL,NULL),('051/PB-ITNS/082016','alika','2016-08-19 15:52:51','prevpb',NULL,NULL),('052/PB-ITNS/082016','yana','2016-08-19 16:14:32','monprevpb',NULL,NULL);

/*Table structure for table `lintasreport` */


CREATE TABLE `lintasreport` (
  `kodeperusahaan` varchar(5) DEFAULT NULL,
  `lokasi` varchar(3) DEFAULT NULL,
  `tglmulai` date DEFAULT NULL,
  `tglakhir` date DEFAULT NULL,
  `idtrx` varchar(15) DEFAULT NULL,
  `userid` varchar(20) DEFAULT NULL
) ENGINE=InnoDB DEFAULT CHARSET=latin1 CHECKSUM=1 DELAY_KEY_WRITE=1 ROW_FORMAT=DYNAMIC;

/*Data for the table `lintasreport` */

insert  into `lintasreport`(kodeperusahaan,lokasi,tglmulai,tglakhir,idtrx,userid) values ('ISGN','201','2016-04-01','2016-04-07','rptbuy','antiek'),('PJSG','201','2016-04-01','2016-04-21','rptbuy','ariwinarsihcf'),('','','2016-04-01','2016-04-21','rptpay','fanny'),('ITRD','201',NULL,'2016-05-24','rptkas','tutun'),('','201',NULL,'2016-05-26','rptkas','tanti'),('ITRD','',NULL,'2016-06-01','rptbuy','bagas'),('','',NULL,'2016-06-18','rptbuy','tian'),('','201',NULL,'2016-06-20','rptkas','alika'),('ITRD','206',NULL,'2016-07-18','rptbuy','bagus'),('ITRD','',NULL,'2016-07-28','rptbuy','deroi'),('','',NULL,'2016-08-15','rptbuy','whardah'),('','201',NULL,'2016-08-15','rptbuy','admin'),('ITRD','',NULL,'2016-08-18','rptbuy','ayuproc');

/*Table structure for table `logym` */


CREATE TABLE `logym` (
  `kodeperusahaan` varchar(20) DEFAULT NULL,
  `kodedivisi` varchar(5) DEFAULT NULL,
  `username` varchar(30) DEFAULT NULL,
  `lastupdate` datetime DEFAULT NULL
) ENGINE=InnoDB DEFAULT CHARSET=latin1;

/*Data for the table `logym` */

insert  into `logym`(kodeperusahaan,kodedivisi,username,lastupdate) values ('ITRD','101',NULL,'2016-08-18 16:32:19'),('PJSG','109',NULL,'2016-08-18 16:32:19'),('ISGN','177',NULL,'2016-08-18 16:32:19'),('ITNS','201',NULL,'2016-08-18 16:32:19'),('ITNS','199',NULL,'2016-08-18 16:32:19'),('SMTH','109',NULL,'2016-08-18 16:32:19'),('ITRD','101',NULL,'2016-08-18 16:52:19'),('PJSG','109',NULL,'2016-08-18 16:52:20'),('ISGN','177',NULL,'2016-08-18 16:52:20'),('ITNS','199',NULL,'2016-08-18 16:52:20'),('ITRD','101',NULL,'2016-08-18 17:12:19'),('PJSG','109',NULL,'2016-08-18 17:12:19'),('ISGN','177',NULL,'2016-08-18 17:12:19'),('ITNS','199',NULL,'2016-08-18 17:12:19'),('ITRD','101',NULL,'2016-08-18 17:32:19'),('PJSG','109',NULL,'2016-08-18 17:32:20'),('ISGN','177',NULL,'2016-08-18 17:32:20'),('ITNS','199',NULL,'2016-08-18 17:32:20'),('ITRD','101',NULL,'2016-08-18 17:47:20'),('PJSG','109',NULL,'2016-08-18 17:52:20'),('ISGN','177',NULL,'2016-08-18 17:52:20'),('ITNS','199',NULL,'2016-08-18 17:52:20'),('ITRD','101',NULL,'2016-08-18 18:07:19'),('PJSG','109',NULL,'2016-08-18 18:12:19'),('ISGN','177',NULL,'2016-08-18 18:12:19'),('ITNS','199',NULL,'2016-08-18 18:12:19'),('ITRD','101',NULL,'2016-08-18 18:27:19'),('PJSG','109',NULL,'2016-08-18 18:32:19'),('ISGN','177',NULL,'2016-08-18 18:32:19'),('ITNS','199',NULL,'2016-08-18 18:32:19'),('ITRD','101',NULL,'2016-08-18 18:42:20'),('PJSG','109',NULL,'2016-08-18 18:47:20'),('ISGN','177',NULL,'2016-08-18 18:47:20'),('ITNS','199',NULL,'2016-08-18 18:47:20'),('ITRD','101',NULL,'2016-08-18 19:02:20'),('PJSG','109',NULL,'2016-08-18 19:07:19'),('ISGN','177',NULL,'2016-08-18 19:07:19'),('ITNS','199',NULL,'2016-08-18 19:07:19'),('ITRD','101',NULL,'2016-08-18 19:22:19'),('PJSG','109',NULL,'2016-08-18 19:27:19'),('ISGN','177',NULL,'2016-08-18 19:27:19'),('ITNS','199',NULL,'2016-08-18 19:27:19'),('ITRD','101',NULL,'2016-08-18 19:42:19'),('PJSG','109',NULL,'2016-08-18 19:42:20'),('ISGN','177',NULL,'2016-08-18 19:42:20'),('ITNS','199',NULL,'2016-08-18 19:42:20'),('ITRD','101',NULL,'2016-08-18 19:57:20'),('PJSG','109',NULL,'2016-08-18 20:02:20'),('ISGN','177',NULL,'2016-08-18 20:02:20'),('ITNS','199',NULL,'2016-08-18 20:02:20'),('ITRD','101',NULL,'2016-08-18 20:17:19'),('PJSG','109',NULL,'2016-08-18 20:22:19'),('ISGN','177',NULL,'2016-08-18 20:22:19'),('ITNS','199',NULL,'2016-08-18 20:22:19'),('ITRD','101',NULL,'2016-08-18 20:37:19'),('ISGN','177',NULL,'2016-08-18 20:37:20'),('ITNS','199',NULL,'2016-08-18 20:37:20'),('PJSG','109',NULL,'2016-08-18 20:42:19'),('ITRD','101',NULL,'2016-08-18 20:52:20'),('PJSG','109',NULL,'2016-08-18 20:57:20'),('ISGN','177',NULL,'2016-08-18 20:57:20'),('ITNS','199',NULL,'2016-08-18 20:57:20'),('ITRD','101',NULL,'2016-08-18 21:12:19'),('PJSG','109',NULL,'2016-08-18 21:17:19'),('ISGN','177',NULL,'2016-08-18 21:17:19'),('ITNS','199',NULL,'2016-08-18 21:17:19'),('ITRD','101',NULL,'2016-08-18 21:32:19'),('PJSG','109',NULL,'2016-08-18 21:37:19'),('ISGN','177',NULL,'2016-08-18 21:37:19'),('ITNS','199',NULL,'2016-08-18 21:37:19'),('ITRD','101',NULL,'2016-08-18 21:47:20'),('PJSG','109',NULL,'2016-08-18 21:52:20'),('ISGN','177',NULL,'2016-08-18 21:52:20'),('ITNS','199',NULL,'2016-08-18 21:52:20'),('ITRD','101',NULL,'2016-08-18 22:07:19'),('PJSG','109',NULL,'2016-08-18 22:12:19'),('ISGN','177',NULL,'2016-08-18 22:12:19'),('ITNS','199',NULL,'2016-08-18 22:12:19'),('ITRD','101',NULL,'2016-08-18 22:27:19'),('PJSG','109',NULL,'2016-08-18 22:32:19'),('ISGN','177',NULL,'2016-08-18 22:32:19'),('ITNS','199',NULL,'2016-08-18 22:32:19'),('ITRD','101',NULL,'2016-08-18 22:42:20'),('PJSG','109',NULL,'2016-08-18 22:47:20'),('ISGN','177',NULL,'2016-08-18 22:47:20'),('ITNS','199',NULL,'2016-08-18 22:47:20'),('ITRD','101',NULL,'2016-08-18 23:02:20'),('PJSG','109',NULL,'2016-08-18 23:07:19'),('ISGN','177',NULL,'2016-08-18 23:07:19'),('ITNS','199',NULL,'2016-08-18 23:07:19'),('ITRD','101',NULL,'2016-08-18 23:22:19'),('PJSG','109',NULL,'2016-08-18 23:27:19'),('ISGN','177',NULL,'2016-08-18 23:27:19'),('ITNS','199',NULL,'2016-08-18 23:27:19'),('ITRD','101',NULL,'2016-08-18 23:42:19'),('ISGN','177',NULL,'2016-08-18 23:42:20'),('ITNS','199',NULL,'2016-08-18 23:42:20'),('PJSG','109',NULL,'2016-08-18 23:47:20'),('ITRD','101',NULL,'2016-08-18 23:57:20'),('ITRD','101',NULL,'2016-08-19 09:37:19'),('ITNS','109',NULL,'2016-08-19 09:37:19'),('ITNS','109',NULL,'2016-08-19 09:52:20'),('ITRD','101',NULL,'2016-08-19 09:57:19'),('ITNS','109',NULL,'2016-08-19 10:12:19'),('ITRD','101',NULL,'2016-08-19 10:17:19'),('ISGN','101','fathoni','2016-08-19 10:27:19'),('ISGN','107','ariwinarsihcf','2016-08-19 10:27:19'),('PJSG','302','fanny','2016-08-19 10:27:19'),('PJSG','106','alika','2016-08-19 10:27:19'),('PJSG','106','ayuproc','2016-08-19 10:27:20'),('SMTH','102','ariwinarsih','2016-08-19 10:27:20'),('SMTH','102','kapabrikbriket','2016-08-19 10:27:20'),('ITNS','109','accountingbriket','2016-08-19 10:27:20'),('ITNS','109','accountingpjs','2016-08-19 10:27:20'),('ITNS','109','gilang','2016-08-19 10:27:20'),('ITNS','109','gilangcoil','2016-08-19 10:27:20'),('ITNS','109','gilangsm','2016-08-19 10:27:20'),('ITNS','109','yana','2016-08-19 10:27:20'),('ISGN','101','fathoni','2016-08-19 10:47:20'),('ISGN','107','ariwinarsihcf','2016-08-19 10:47:20'),('PJSG','302','fanny','2016-08-19 10:47:20'),('PJSG','106','alika','2016-08-19 10:47:20'),('PJSG','106','ayuproc','2016-08-19 10:47:20'),('SMTH','102','ariwinarsih','2016-08-19 10:47:20'),('SMTH','102','kapabrikbriket','2016-08-19 10:47:20'),('ITNS','109','accountingbriket','2016-08-19 10:47:20'),('ITNS','109','accountingpjs','2016-08-19 10:47:20'),('ITNS','109','gilang','2016-08-19 10:47:20'),('ITNS','109','gilangcoil','2016-08-19 10:47:20'),('ITNS','109','gilangsm','2016-08-19 10:47:20'),('ITNS','109','yana','2016-08-19 10:47:20'),('ITNS','201','kimkim','2016-08-19 11:02:19'),('ISGN','101','fathoni','2016-08-19 11:32:19'),('ISGN','107','ariwinarsihcf','2016-08-19 11:32:19'),('PJSG','302','fanny','2016-08-19 11:32:19'),('PJSG','106','alika','2016-08-19 11:32:19'),('PJSG','106','ayuproc','2016-08-19 11:32:19'),('SMTH','102','ariwinarsih','2016-08-19 11:32:19'),('SMTH','102','kapabrikbriket','2016-08-19 11:32:19'),('ISGN','101','fathoni','2016-08-19 13:02:20'),('ISGN','107','ariwinarsihcf','2016-08-19 13:02:20'),('PJSG','302','fanny','2016-08-19 13:02:20'),('PJSG','106','alika','2016-08-19 13:02:20'),('PJSG','106','ayuproc','2016-08-19 13:02:20'),('SMTH','102','ariwinarsih','2016-08-19 13:02:20'),('SMTH','102','kapabrikbriket','2016-08-19 13:02:20'),('ISGN','101','fathoni','2016-08-19 13:32:19'),('ISGN','107','ariwinarsihcf','2016-08-19 13:32:19'),('PJSG','302','fanny','2016-08-19 13:32:19'),('PJSG','106','alika','2016-08-19 13:32:19'),('PJSG','106','ayuproc','2016-08-19 13:32:19'),('SMTH','102','ariwinarsih','2016-08-19 13:32:19'),('SMTH','102','kapabrikbriket','2016-08-19 13:32:19'),('ISGN','101','fathoni','2016-08-19 14:32:19'),('ISGN','107','ariwinarsihcf','2016-08-19 14:32:19'),('PJSG','302','fanny','2016-08-19 14:32:19'),('PJSG','106','alika','2016-08-19 14:32:19'),('PJSG','106','ayuproc','2016-08-19 14:32:19'),('SMTH','102','ariwinarsih','2016-08-19 14:32:19'),('SMTH','102','kapabrikbriket','2016-08-19 14:32:19'),('ISGN','101','fathoni','2016-08-19 15:32:19'),('ISGN','107','ariwinarsihcf','2016-08-19 15:32:19'),('PJSG','302','fanny','2016-08-19 15:32:19'),('PJSG','106','alika','2016-08-19 15:32:19'),('PJSG','106','ayuproc','2016-08-19 15:32:19'),('SMTH','102','ariwinarsih','2016-08-19 15:32:19'),('SMTH','102','kapabrikbriket','2016-08-19 15:32:19'),('ITNS','201','kimkim','2016-08-19 15:32:19'),('ISGN','101','fathoni','2016-08-19 16:32:19'),('ISGN','107','ariwinarsihcf','2016-08-19 16:32:19'),('PJSG','302','fanny','2016-08-19 16:32:19'),('PJSG','106','alika','2016-08-19 16:32:19'),('PJSG','106','ayuproc','2016-08-19 16:32:19'),('SMTH','102','ariwinarsih','2016-08-19 16:32:19'),('SMTH','102','kapabrikbriket','2016-08-19 16:32:20');

/*Table structure for table `marketingfreelance` */


CREATE TABLE `marketingfreelance` (
  `kode_perusahaan` varchar(4) DEFAULT NULL,
  `kode_marketing` varchar(6) DEFAULT NULL,
  `nama_marketing` varchar(50) DEFAULT NULL,
  `ktp` varchar(30) DEFAULT NULL,
  `alamat` varchar(50) DEFAULT NULL,
  `notelp` varchar(15) DEFAULT NULL,
  `tglentry` datetime DEFAULT NULL,
  `userid` varchar(15) DEFAULT NULL,
  `onview` int(1) DEFAULT NULL
) ENGINE=MyISAM DEFAULT CHARSET=utf8;

/*Data for the table `marketingfreelance` */

/*Table structure for table `menu_anak` */


CREATE TABLE `menu_anak` (
  `id_anak` int(4) NOT NULL DEFAULT '0',
  `id_induk` int(2) DEFAULT NULL,
  `menu_class` varchar(30) DEFAULT NULL,
  `menu_caption` varchar(30) DEFAULT NULL,
  `link` varchar(100) DEFAULT NULL,
  PRIMARY KEY (`id_anak`)
) ENGINE=InnoDB DEFAULT CHARSET=latin1;

/*Data for the table `menu_anak` */

insert  into `menu_anak`(id_anak,id_induk,menu_class,menu_caption,link) values (111,11,'fa fa-angle-double-right','Vendor','?mod=vend'),(112,11,'fa fa-angle-double-right','Karyawan','?mod=empl'),(114,11,'fa fa-angle-double-right','Supplier','?mod=splr'),(115,11,'fa fa-angle-double-right','Customer','?mod=cstmr'),(116,11,'fa fa-angle-double-right','Marketing Freelance','?mod=markfree'),(117,11,'fa fa-angle-double-right','Barang','?mod=prdct'),(121,12,'fa fa-angle-double-right','Pembelian','?mod=reportbuy'),(122,12,'fa fa-angle-double-right','Pembayaran','?mod=reportpay'),(123,12,'fa fa-angle-double-right','Hutang','?mod=reportdebt'),(124,12,'fa fa-angle-double-right','Kas Harian','?mod=reportkas'),(125,12,'fa fa-angle-double-right','BA Lembur','?mod=reqba'),(126,12,'fa fa-angle-double-right','Saldo Pengajuan','?mod=saldop'),(131,13,'fa fa-angle-double-right','Cetak PO','?mod=puor'),(132,13,'fa fa-angle-double-right','Upload Attactment','?mod=upload'),(133,13,'fa fa-angle-double-right','Setting Approval','?mod=setapp'),(134,13,'fa fa-angle-double-right','Unlock Pengajuan','?mod=unlokp'),(141,14,'fa fa-angle-double-right','Receipt','?mod=crpgrprm'),(201,2,'fa fa-angle-double-right','Pengadaan Barang & Jasa','?mod=req'),(202,2,'fa fa-angle-double-right','Permohonan Dana','?mod=reqdan'),(203,2,'fa fa-angle-double-right','Pengajuan Anggaran','?mod=reqpa'),(204,2,'fa fa-angle-double-right','Pengajuan Kas Kecil','?mod=reqkas'),(205,2,'fa fa-angle-double-right','Permintaan Pembelian','?mod=mintabl'),(206,2,'fa fa-angle-double-right','BA Lembur','?mod=newba'),(207,2,'fa fa-angle-double-right','Pengajuan Transfer','?mod=transfer1'),(208,2,'fa fa-angle-double-right','Permintaan Karyawan','?mod=karyawan'),(301,3,'fa fa-angle-double-right','To Approve','?mod=toap'),(302,3,'fa fa-angle-double-right','Approved','?mod=appr'),(303,3,'fa fa-angle-double-right','Pending','?mod=pend'),(304,3,'fa fa-angle-double-right','Decline','?mod=decl'),(801,8,'fa fa-angle-double-right','Pembelian Pusat','?mod=waitlist'),(802,8,'fa fa-angle-double-right','Pembelian Lokal','?mod=real'),(803,8,'fa fa-angle-double-right','Pengiriman','?mod=newsend'),(804,8,'fa fa-angle-double-right','Penerimaan','?mod=received'),(805,8,'fa fa-angle-double-right','Barang Ditolak','?mod=newrcvtlk'),(806,8,'fa fa-angle-double-right','Retur Pembelian','?mod=returbeli'),(807,8,'fa fa-angle-double-right','Barang Diganti','?mod=confirmreqch'),(808,8,'fa fa-angle-double-right','Transfer','?mod=trnsfr'),(901,9,'fa fa-angle-double-right','Biaya Lain','?mod=othbea'),(902,9,'fa fa-angle-double-right','Pelunasan','?mod=plns'),(903,9,'fa fa-angle-double-right','Pengembalian Kas','?mod=entrirefund');

/*Table structure for table `menu_induk` */


CREATE TABLE `menu_induk` (
  `id_induk` int(2) NOT NULL DEFAULT '0',
  `menu_class` varchar(20) DEFAULT NULL,
  `menu_caption` varchar(30) DEFAULT NULL,
  `link` varchar(20) DEFAULT NULL,
  PRIMARY KEY (`id_induk`)
) ENGINE=InnoDB DEFAULT CHARSET=latin1;

/*Data for the table `menu_induk` */

insert  into `menu_induk`(id_induk,menu_class,menu_caption,link) values (1,'fa fa-dashboard','Dashboard','?mod=home'),(2,'fa fa-folder','Pengajuan','#'),(3,'fa fa-folder','Approval','#'),(8,'fa fa-folder','Realisasi','#'),(9,'fa fa-folder','Pengeluaran','#'),(11,'fa fa-folder','Master','#'),(12,'fa fa-folder','Report','#'),(13,'fa fa-folder','Tools','#'),(14,'fa fa-folder','Pencarian','#');

/*Table structure for table `noref_anggaran` */


CREATE TABLE `noref_anggaran` (
  `noanggaran` varchar(20) DEFAULT NULL,
  `index_item` varchar(3) DEFAULT NULL,
  `noref` varchar(20) DEFAULT NULL
) ENGINE=InnoDB DEFAULT CHARSET=latin1;

/*Data for the table `noref_anggaran` */

insert  into `noref_anggaran`(noanggaran,index_item,noref) values ('001/PA-ITRD/042016','1','008/PB-ITRD/042016'),('001/PA-ITRD/042016','2','008/PB-ITRD/042016'),('002/PA-ITRD/042016','1','007/PB-ITRD/042016'),('002/PA-ITRD/042016','2','007/PB-ITRD/042016'),('002/PA-ITRD/042016','4','007/PB-ITRD/042016'),('002/PA-ITRD/042016','5','015/PB-ITRD/042016'),('002/PA-ITRD/042016','6','018/PB-ITRD/042016'),('002/PA-ITRD/042016','7','025/PB-ITRD/042016'),('002/PA-ITRD/042016','8','025/PB-ITRD/042016'),('002/PA-ITRD/042016','9',''),('002/PA-ITRD/042016','10','019/PB-ITRD/042016'),('002/PA-ITRD/042016','11','015/PB-ITRD/042016'),('002/PA-ITRD/042016','12','023/PB-ITRD/042016'),('002/PA-ITRD/042016','13','023/PB-ITRD/042016'),('002/PA-ITRD/042016','14',''),('002/PA-ITRD/042016','15',''),('002/PA-ITRD/042016','16',''),('002/PA-ITRD/042016','17',''),('002/PA-ITRD/042016','18','019/PB-ITRD/042016'),('002/PA-ITRD/042016','19','019/PB-ITRD/042016'),('003/PA-ITRD/042016','3','003/PB-SMTH/042016'),('003/PA-ITRD/042016','4','003/PB-SMTH/042016'),('003/PA-ITRD/042016','8','026/PB-ITRD/042016'),('003/PA-ITRD/042016','9','026/PB-ITRD/042016'),('003/PA-ITRD/042016','10','019/PB-ITRD/042016'),('003/PA-ITRD/042016','11','019/PB-ITRD/042016'),('003/PA-ITRD/042016','12','019/PB-ITRD/042016'),('003/PA-ITRD/042016','13','023/PB-ITRD/042016'),('003/PA-ITRD/042016','14','023/PB-ITRD/042016'),('003/PA-ITRD/042016','30','002/PB-SMTH/042016'),('003/PA-ITRD/042016','31','002/PB-SMTH/042016'),('003/PA-ITRD/042016','32','002/PB-SMTH/042016'),('003/PA-ITRD/042016','33','002/PB-SMTH/042016'),('003/PA-ITRD/042016','39','012/PB-ITRD/042016'),('003/PA-ITRD/042016','40','032/PB-ITRD/042016'),('003/PA-ITRD/042016','41','032/PB-ITRD/042016'),('003/PA-ITRD/042016','42','032/PB-ITRD/042016'),('003/PA-ITRD/042016','43','032/PB-ITRD/042016'),('003/PA-ITRD/042016','44','032/PB-ITRD/042016'),('003/PA-ITRD/042016','45','032/PB-ITRD/042016'),('003/PA-ITRD/042016','46','032/PB-ITRD/042016'),('003/PA-ITRD/042016','47','032/PB-ITRD/042016'),('003/PA-ITRD/042016','48','032/PB-ITRD/042016'),('003/PA-ITRD/042016','49','033/PB-ITRD/042016'),('003/PA-ITRD/042016','52','029/PB-SMTH/042016'),('003/PA-ITRD/042016','53','029/PB-SMTH/042016'),('003/PA-ITRD/042016','54','029/PB-SMTH/042016'),('003/PA-ITRD/042016','58','001/PB-PJSG/042016'),('003/PA-ITRD/042016','59','001/PB-PJSG/042016'),('003/PA-ITRD/042016','60','001/PB-PJSG/042016'),('003/PA-ITRD/042016','62','016/PB-PJSG/042016'),('003/PA-ITRD/042016','3','011/PB-PJSG/042016'),('003/PA-ITRD/042016','4','011/PB-PJSG/042016'),('003/PA-ITRD/042016','63',''),('003/PA-ITRD/042016','64',''),('003/PA-ITRD/042016','65',''),('003/PA-ITRD/042016','66',''),('003/PA-ITRD/042016','67',''),('003/PA-ITRD/042016','68',''),('004/PA-ITRD/042016','2','018/PB-ITRD/042016'),('004/PA-ITRD/042016','3','018/PB-ITRD/042016'),('004/PA-ITRD/042016','19','010/PB-ITRD/042016'),('004/PA-ITRD/042016','20','030/PB-ITRD/042016'),('004/PA-ITRD/042016','24','010/PB-ITRD/042016'),('004/PA-ITRD/042016','25','029/PB-ITNS/042016'),('004/PA-ITRD/042016','26','034/PB-ITRD/042016'),('004/PA-ITRD/042016','27','034/PB-ITRD/042016'),('004/PA-ITRD/042016','28','005/PB-PJSG/042016'),('004/PA-ITRD/042016','29','005/PB-PJSG/042016'),('004/PA-ITRD/042016','30','036/PB-ITRD/042016'),('004/PA-ITRD/042016','4','035/PB-ITRD/042016'),('004/PA-ITRD/042016','5','035/PB-ITRD/042016'),('004/PA-ITRD/042016','6','020/PB-ITRD/042016'),('004/PA-ITRD/042016','7','020/PB-ITRD/042016'),('005/PA-ITRD/042016','20','028/PB-ITNS/042016'),('005/PA-ITRD/042016','21','001/PB-PJSG/042016'),('006/PA-ITRD/042016','20','021/PB-PJSG/042016'),('006/PA-ITRD/042016','21','011/PB-PJSG/042016'),('006/PA-ITRD/042016','22','005/PB-PJSG/042016'),('006/PA-ITRD/042016','23','001/PB-PJSG/042016'),('006/PA-ITRD/042016','24','001/PB-PJSG/042016'),('006/PA-ITRD/042016','26','034/PB-ITNS/042016'),('006/PA-ITRD/042016','20','007/PB-ITRD/042016'),('006/PA-ITRD/042016','21','006/PB-ITRD/042016'),('007/PA-ITRD/042016','1','006/PB-SMTH/042016'),('007/PA-ITRD/042016','20','021/PB-ITRD/042016'),('007/PA-ITRD/042016','21','021/PB-ITRD/042016'),('007/PA-ITRD/042016','22','021/PB-ITRD/042016'),('007/PA-ITRD/042016','23','021/PB-ITRD/042016'),('007/PA-ITRD/042016','24','021/PB-ITRD/042016'),('007/PA-ITRD/042016','25','018/PB-ITRD/042016'),('007/PA-ITRD/042016','26','018/PB-ITRD/042016'),('007/PA-ITRD/042016','27','018/PB-ITRD/042016'),('007/PA-ITRD/042016','28','018/PB-ITRD/042016'),('007/PA-ITRD/042016','30','002/PB-PJSG/042016'),('007/PA-ITRD/042016','31','039/PB-ITNS/042016'),('007/PA-ITRD/042016','32','050/PB-ITNS/042016'),('007/PA-ITRD/042016','33','019/PB-ITRD/042016'),('007/PA-ITRD/042016','34','019/PB-ITRD/042016'),('007/PA-ITRD/042016','35','019/PB-ITRD/042016'),('007/PA-ITRD/042016','36','019/PB-ITRD/042016'),('007/PA-ITRD/042016','37','019/PB-ITRD/042016'),('007/PA-ITRD/042016','38','019/PB-ITRD/042016'),('007/PA-ITRD/042016','39','019/PB-ITRD/042016'),('008/PA-ITRD/042016','16','025/PB-SMTH/042016'),('008/PA-ITRD/042016','17','024/PB-SMTH/042016'),('008/PA-ITRD/042016','18','024/PB-SMTH/042016'),('008/PA-ITRD/042016','19','030/PB-SMTH/042016'),('008/PA-ITRD/042016','35','019/PB-ITRD/042016'),('008/PA-ITRD/042016','36','019/PB-ITRD/042016'),('008/PA-ITRD/042016','37','002/PB-PJSG/042016'),('009/PA-ITRD/042016','16','040/PB-ITRD/042016'),('009/PA-ITRD/042016','17','004/PB-ITRD/042016'),('009/PA-ITRD/042016','18','041/PB-ITNS/042016'),('001/PA-ITRD/052016','26','005/PB-ISGB/042016'),('002/PA-ITRD/052016','16','004/PB-ISGB/042016'),('002/PA-ITRD/052016','17','070/PB-ITNS/042016'),('002/PA-ITRD/052016','29','063/PB-ITNS/042016'),('002/PA-ITRD/052016','30','051/PB-PJSG/052016'),('002/PA-ITRD/052016','31','053/PB-PJSG/052016'),('002/PA-ITRD/052016','32','053/PB-PJSG/052016'),('002/PA-ITRD/052016','33','060/PB-PJSG/052016'),('002/PA-ITRD/052016','34','060/PB-PJSG/052016'),('002/PA-ITRD/052016','35','051/PB-PJSG/052016'),('002/PA-ITRD/052016','36','049/PB-PJSG/052016'),('002/PA-ITRD/052016','38','061/PB-PJSG/052016'),('002/PA-ITRD/052016','39','015/PB-ISGN/052016'),('002/PA-ITRD/052016','40','015/PB-ISGN/052016'),('002/PA-ITRD/052016','41','015/PB-ISGN/052016'),('002/PA-ITRD/052016','42','002/PB-ISGN/042016'),('002/PA-ITRD/052016','43','002/PB-ISGN/042016'),('002/PA-ITRD/052016','44','002/PB-ISGN/042016'),('002/PA-ITRD/052016','45','002/PB-ISGN/042016'),('002/PA-ITRD/052016','47','002/PB-ISGN/042016'),('002/PA-ITRD/052016','48','003/PB-ISGN/042016'),('002/PA-ITRD/052016','49','003/PB-ISGN/042016'),('002/PA-ITRD/052016','50','003/PB-ISGN/042016'),('002/PA-ITRD/052016','51','003/PB-ISGN/042016'),('002/PA-ITRD/052016','52','003/PB-ISGN/042016'),('002/PA-ITRD/052016','53','003/PB-ISGN/042016'),('002/PA-ITRD/052016','58','052/PB-PJSG/052016'),('002/PA-ITRD/052016','59','007/PB-ITNS/052016'),('001/PA-ITRD/062016','1','001/PB-SMTH/042016'),('001/PA-ITRD/062016','2','001/PB-SMTH/042016'),('001/PA-ITRD/062016','3','001/PB-SMTH/042016'),('001/PA-ITRD/062016','4','001/PB-SMTH/042016'),('001/PA-ITRD/062016','5','001/PB-SMTH/042016'),('001/PA-ITRD/062016','6','001/PB-SMTH/042016'),('001/PA-ITRD/062016','7','001/PB-SMTH/042016'),('001/PA-ITRD/062016','8','001/PB-SMTH/042016'),('001/PA-ITRD/062016','9','001/PB-SMTH/042016'),('001/PA-ITRD/062016','10','001/PB-SMTH/042016'),('001/PA-ITRD/062016','11','001/PB-SMTH/042016'),('001/PA-ITRD/062016','12','001/PB-SMTH/042016'),('001/PA-ITRD/062016','13','001/PB-SMTH/042016'),('001/PA-ITRD/062016','14','001/PB-SMTH/042016'),('001/PA-ITRD/062016','15','001/PB-SMTH/042016'),('001/PA-ITRD/062016','16','009/PB-ITNS/052016'),('001/PA-ITRD/062016','17','009/PB-ITNS/052016'),('001/PA-ITRD/062016','18','009/PB-ITNS/052016'),('001/PA-ITRD/062016','19','009/PB-ITNS/052016'),('001/PA-ITRD/062016','10','095/PB-SMTH/052016'),('001/PA-ITRD/062016','11','075/PB-ITRD/052016'),('001/PA-ITRD/062016','10','027/PB-SMTH/042016'),('001/PA-ITRD/062016','11','030/PB-SMTH/042016'),('001/PA-ITRD/062016','12','008/PB-SMTH/042016'),('001/PA-ITRD/062016','13','077/PB-ITRD/052016'),('001/PA-ITRD/062016','14','083/PB-SMTH/052016'),('001/PA-ITRD/062016','15','083/PB-SMTH/052016'),('001/PA-ITRD/062016','16','066/PB-SMTH/052016'),('001/PA-ITRD/062016','17','066/PB-SMTH/052016'),('001/PA-ITRD/062016','18','066/PB-SMTH/052016'),('001/PA-ITRD/062016','19','058/PB-SMTH/052016'),('001/PA-ITRD/062016','20','056/PB-SMTH/052016'),('001/PA-ITRD/062016','21','084/PB-SMTH/052016'),('001/PA-ITRD/062016','22','045/PB-SMTH/042016'),('001/PA-ITRD/062016','23','058/PB-SMTH/052016'),('001/PA-ITRD/062016','24','059/PB-SMTH/052016'),('001/PA-ITRD/062016','25','063/PB-SMTH/052016'),('001/PA-ITRD/062016','26','068/PB-SMTH/052016'),('001/PA-ITRD/062016','10','017/PB-ITNS/042016'),('001/PA-ITRD/062016','11','037/PB-ITNS/042016'),('001/PA-ITRD/062016','12','013/PB-ITNS/042016'),('001/PA-ITRD/062016','13','013/PB-ITNS/042016'),('001/PA-ITRD/062016','14','001/PB-ITNS/042016'),('001/PA-ITRD/062016','15','001/PB-ITNS/042016'),('001/PA-ITRD/062016','16','002/PB-ITNS/042016'),('001/PA-ITRD/062016','17','002/PB-ITNS/042016'),('001/PA-ITRD/062016','18','006/PB-ITNS/052016'),('001/PA-ITRD/062016','19','006/PB-ITNS/052016'),('001/PA-ITRD/062016','20','006/PB-ITNS/052016'),('001/PA-ITRD/062016','21','006/PB-ITNS/052016'),('001/PA-ITRD/062016','22','004/PB-ITNS/062016'),('001/PA-ITRD/062016','23','013/PB-ITRD/062016'),('001/PA-ITRD/062016','24','007/PB-ITRD/062016'),('001/PA-ITRD/062016','25','007/PB-ITRD/062016'),('001/PA-ITRD/062016','26','007/PB-ITRD/062016'),('001/PA-ITRD/062016','27','007/PB-ITRD/062016'),('001/PA-ITRD/062016','28','007/PB-ITRD/062016'),('001/PA-ITRD/062016','29','007/PB-ITRD/062016'),('001/PA-ITRD/062016','30','007/PB-ITRD/062016'),('001/PA-ITRD/062016','31','007/PB-ITRD/062016'),('001/PA-ITRD/062016','32','007/PB-ITRD/062016'),('001/PA-ITRD/062016','33','007/PB-ITRD/062016'),('001/PA-ITRD/062016','34','007/PB-ITRD/062016'),('001/PA-ITRD/062016','35','007/PB-ITRD/062016'),('001/PA-ITRD/062016','10','023/PB-ITNS/052016 '),('001/PA-ITRD/062016','11','021/PB-ITNS/052016'),('001/PA-ITRD/062016','12','021/PB-ITNS/052016'),('001/PA-ITRD/062016','13','021/PB-ITNS/052016'),('001/PA-ITRD/062016','14','001/PB-ISGN/062016'),('001/PA-ITRD/062016','15','001/PB-ISGN/062016'),('001/PA-ITRD/062016','16','001/PB-ISGN/062016'),('001/PA-ITRD/062016','17','001/PB-ISGN/062016'),('001/PA-ITRD/062016','18','001/PB-ISGN/062016'),('001/PA-ITRD/062016','19','001/PB-ISGN/062016'),('001/PA-ITRD/062016','20','001/PB-ISGN/062016'),('001/PA-ITRD/062016','21','001/PB-ISGN/062016'),('001/PA-ITRD/062016','22','001/PB-ISGN/062016'),('001/PA-ITRD/062016','23','001/PB-ISGN/062016'),('001/PA-ITRD/062016','24','001/PB-ISGN/062016'),('001/PA-ITRD/062016','25','001/PB-ISGN/062016'),('001/PA-ITRD/062016','26','012/PB-ITNS/052016 '),('001/PA-ITRD/062016','27','050/PB-ITNS/042016'),('001/PA-ITRD/062016','28','008/PB-ITNS/052016 '),('001/PA-ITRD/062016','29','008/PB-ITNS/052016 '),('001/PA-ITRD/062016','30','007/PB-ITNS/062016 '),('001/PA-ITRD/062016','10','011/PB-ITNS/052016'),('001/PA-ITRD/062016','11','002/PB-ITNS/062016 '),('001/PA-ITRD/062016','12','002/PB-ITNS/062016 '),('001/PA-ITRD/062016','13','026/PB-ITNS/052016'),('001/PA-ITRD/062016','14','006/PB-ITNS/062016'),('001/PA-ITRD/062016','15','039/PB-ITNS/052016 '),('001/PA-ITRD/062016','16','039/PB-ITNS/052016 '),('001/PA-ITRD/062016','17','039/PB-ITNS/052016 '),('001/PA-ITRD/062016','18','039/PB-ITNS/052016 '),('002/PA-ITRD/062016','1','073/PB-ITRD/052016'),('002/PA-ITRD/062016','2','069/PB-SMTH/052016'),('002/PA-ITRD/062016','3','094/PB-SMTH/052016'),('002/PA-ITRD/062016','4','070/PB-SMTH/052016'),('002/PA-ITRD/062016','5','054/PB-SMTH/052016'),('002/PA-ITRD/062016','6','049/PB-ITNS/042016'),('003/PA-ITRD/062016','1','008/PB-ITRD/062016'),('003/PA-ITRD/062016','2','003/PB-ITRD/062016'),('003/PA-ITRD/062016','3','004/PB-PJSG/062016'),('003/PA-ITRD/062016','4','004/PB-PJSG/062016'),('003/PA-ITRD/062016','5','056/PB-SMTH/052016'),('003/PA-ITRD/062016','6','056/PB-SMTH/052016'),('003/PA-ITRD/062016','7','056/PB-SMTH/052016'),('003/PA-ITRD/062016','8','056/PB-SMTH/052016'),('003/PA-ITRD/062016','9','056/PB-SMTH/052016'),('003/PA-ITRD/062016','10','056/PB-SMTH/052016'),('003/PA-ITRD/062016','11','056/PB-SMTH/052016'),('003/PA-ITRD/062016','12','056/PB-SMTH/052016'),('003/PA-ITRD/062016','13','056/PB-SMTH/052016'),('003/PA-ITRD/062016','14','084/PB-SMTH/052016'),('003/PA-ITRD/062016','15','066/PB-SMTH/052016'),('003/PA-ITRD/062016','16','066/PB-SMTH/052016'),('003/PA-ITRD/062016','17','083/PB-SMTH/052016'),('003/PA-ITRD/062016','18','083/PB-SMTH/052016'),('003/PA-ITRD/062016','19','066/PB-SMTH/052016'),('003/PA-ITRD/062016','20','063/PB-SMTH/052016'),('003/PA-ITRD/062016','21','063/PB-SMTH/052016'),('003/PA-ITRD/062016','22','033/PB-SMTH/062016'),('003/PA-ITRD/062016','23','058/PB-SMTH/052016'),('003/PA-ITRD/062016','24','001/PB-ISGN/062016'),('003/PA-ITRD/062016','25','001/PB-ISGN/062016'),('003/PA-ITRD/062016','26','010/PB-PJSG/062016'),('003/PA-ITRD/062016','27','010/PB-PJSG/062016'),('003/PA-ITRD/062016','28','010/PB-PJSG/062016'),('003/PA-ITRD/062016','29','010/PB-PJSG/062016'),('004/PA-ITRD/062016','1','008/PB-ITRD/062016'),('004/PA-ITRD/062016','2','003/PB-ITRD/062016'),('004/PA-ITRD/062016','3','004/PB-PJSG/062016'),('004/PA-ITRD/062016','4','004/PB-PJSG/062016'),('004/PA-ITRD/062016','5','056/PB-SMTH/052016'),('004/PA-ITRD/062016','6','056/PB-SMTH/052016'),('004/PA-ITRD/062016','7','056/PB-SMTH/052016'),('004/PA-ITRD/062016','8','056/PB-SMTH/052016'),('004/PA-ITRD/062016','9','056/PB-SMTH/052016'),('004/PA-ITRD/062016','10','056/PB-SMTH/052016'),('004/PA-ITRD/062016','11','056/PB-SMTH/052016'),('004/PA-ITRD/062016','12','056/PB-SMTH/052016'),('004/PA-ITRD/062016','13','056/PB-SMTH/052016'),('004/PA-ITRD/062016','14','084/PB-SMTH/052016'),('004/PA-ITRD/062016','15','066/PB-SMTH/052016'),('004/PA-ITRD/062016','16','066/PB-SMTH/052016'),('004/PA-ITRD/062016','17','083/PB-SMTH/052016'),('004/PA-ITRD/062016','18','083/PB-SMTH/052016'),('004/PA-ITRD/062016','19','066/PB-SMTH/052016'),('004/PA-ITRD/062016','20','063/PB-SMTH/052016'),('004/PA-ITRD/062016','21','063/PB-SMTH/052016'),('004/PA-ITRD/062016','22','033/PB-SMTH/062016'),('004/PA-ITRD/062016','23','058/PB-SMTH/052016'),('004/PA-ITRD/062016','24','001/PB-ISGN/062016'),('004/PA-ITRD/062016','25','001/PB-ISGN/062016'),('004/PA-ITRD/062016','1','004/PB-PJSG/062016'),('004/PA-ITRD/062016','2','006/PB-PJSG/062016'),('004/PA-ITRD/062016','3','028/PB-ISGN/062016'),('004/PA-ITRD/062016','4','026/PB-ITNS/062016'),('004/PA-ITRD/062016','5','018/PB-ITNS/062016'),('004/PA-ITRD/062016','6','029/PB-ISGN/062016'),('004/PA-ITRD/062016','7','003/PB-ITRD/062016'),('004/PA-ITRD/062016','8','003/PB-ITRD/062016'),('005/PA-ITRD/062016','1','034/PB-ITNS/062016'),('005/PA-ITRD/062016','2','027/PB-ITNS/062016'),('005/PA-ITRD/062016','3','034/PB-ITNS/062016'),('005/PA-ITRD/062016','4','027/PB-ITNS/062016'),('005/PA-ITRD/062016','5','043/PB-ITNS/052016'),('005/PA-ITRD/062016','6','043/PB-ITNS/052016'),('005/PA-ITRD/062016','7','034/PB-ITNS/062016'),('005/PA-ITRD/062016','8','020/PB-ITRD/062016'),('005/PA-ITRD/062016','9','015/PB-SMNC/062016'),('005/PA-ITRD/062016','10','045/PB-SMTH/062016'),('005/PA-ITRD/062016','11','051/PB-SMTH/062016'),('005/PA-ITRD/062016','12','051/PB-SMTH/062016'),('005/PA-ITRD/062016','13','051/PB-SMTH/062016'),('005/PA-ITRD/062016','14','036/PB-SMTH/062016'),('005/PA-ITRD/062016','15','036/PB-SMTH/062016'),('005/PA-ITRD/062016','16','034/PB-SMTH/062016'),('001/PA-ITRD/072016','1','007/PB-ITRD/072016'),('001/PA-ITRD/072016','2','007/PB-ITRD/072016'),('001/PA-ITRD/072016','3','007/PB-ITRD/072016'),('001/PA-ITRD/072016','4','007/PB-ITRD/072016'),('001/PA-ITRD/072016','5','010/PB-ITRD/072016'),('001/PA-ITRD/072016','6','001/PB-ITRD/072016'),('001/PA-ITRD/072016','7','001/PB-ITRD/072016'),('001/PA-ITRD/072016','8','001/PB-ITRD/072016'),('001/PA-ITRD/072016','9','035/PB-SMTH/062016'),('001/PA-ITRD/072016','10','035/PB-SMTH/062016'),('001/PA-ITRD/072016','11','044/PB-SMTH/062016'),('001/PA-ITRD/072016','12','044/PB-SMTH/062016'),('001/PA-ITRD/072016','13','044/PB-SMTH/062016'),('002/PA-ITRD/072016','1','011/PB-PJSG/062016'),('002/PA-ITRD/072016','2','011/PB-PJSG/062016'),('002/PA-ITRD/072016','3','011/PB-PJSG/062016'),('002/PA-ITRD/072016','4','004/PB-PJSG/062016'),('002/PA-ITRD/072016','5','011/PB-PJSG/062016'),('002/PA-ITRD/072016','6','011/PB-PJSG/062016'),('002/PA-ITRD/072016','7','011/PB-PJSG/062016'),('002/PA-ITRD/072016','8','004/PB-PJSG/062016'),('002/PA-ITRD/072016','9','011/PB-PJSG/062016'),('003/PA-ITRD/072016','1','008/PB-ITRD/072016'),('004/PA-ITRD/072016','1','025/PB-ITRD/062016'),('004/PA-ITRD/072016','2','025/PB-ITRD/062016'),('005/PA-ITRD/072016','1','018/PB-ISGN/072016'),('005/PA-ITRD/072016','2','008/PB-ISGN/072016'),('005/PA-ITRD/072016','3','008/PB-ISGN/072016'),('005/PA-ITRD/072016','4','011/PB-ISGN/072016'),('005/PA-ITRD/072016','5','020/PB-ISGN/072016'),('005/PA-ITRD/072016','6','020/PB-ISGN/072016'),('005/PA-ITRD/072016','7','020/PB-ISGN/072016'),('005/PA-ITRD/072016','8','008/PB-ISGN/072016'),('005/PA-ITRD/072016','9','011/PB-ISGN/072016'),('005/PA-ITRD/072016','10','011/PB-ISGN/072016'),('005/PA-ITRD/072016','11','021/PB-ISGN/072016'),('005/PA-ITRD/072016','12','011/PB-ISGN/072016'),('005/PA-ITRD/072016','13','011/PB-ISGN/072016'),('005/PA-ITRD/072016','14','006/PB-ISGN/072016'),('005/PA-ITRD/072016','15','044/PB-ISGN/062016'),('005/PA-ITRD/072016','16','006/PB-ISGN/072016'),('005/PA-ITRD/072016','17','006/PB-ISGN/072016'),('005/PA-ITRD/072016','18','011/PB-ISGN/072016'),('005/PA-ITRD/072016','19','049/PB-ISGN/062016'),('005/PA-ITRD/072016','20','049/PB-ISGN/062016'),('005/PA-ITRD/072016','21','010/PB-ISGN/072016'),('005/PA-ITRD/072016','22','010/PB-ISGN/072016'),('005/PA-ITRD/072016','23','010/PB-ISGN/072016'),('005/PA-ITRD/072016','24','010/PB-ISGN/072016'),('005/PA-ITRD/072016','25','010/PB-ISGN/072016'),('005/PA-ITRD/072016','26','010/PB-ISGN/072016'),('005/PA-ITRD/072016','27','010/PB-ISGN/072016'),('005/PA-ITRD/072016','28','012/PB-ISGN/072016'),('005/PA-ITRD/072016','29','010/PB-PJSG/062016'),('006/PA-ITRD/072016','1','042/PB-SMTH/062016'),('007/PA-ITRD/072016','1','015/PB-ITRD/072016'),('007/PA-ITRD/072016','2','015/PB-ITRD/072016'),('007/PA-ITRD/072016','3','015/PB-ITRD/072016'),('007/PA-ITRD/072016','4','018/PB-ITRD/072016'),('007/PA-ITRD/072016','5','018/PB-ITRD/072016'),('007/PA-ITRD/072016','6','015/PB-ITRD/072016'),('007/PA-ITRD/072016','7','018/PB-ITRD/072016'),('007/PA-ITRD/072016','8','018/PB-ITRD/072016'),('007/PA-ITRD/072016','9','018/PB-ITRD/072016'),('008/PA-ITRD/072016','1','014/PB-ITRD/072016'),('008/PA-ITRD/072016','2','007/PB-ITRD/072016'),('008/PA-ITRD/072016','3','014/PB-ITRD/072016'),('008/PA-ITRD/072016','4','015/PB-ITRD/072016'),('008/PA-ITRD/072016','5','010/PB-ITRD/072016'),('008/PA-ITRD/072016','6','007/PB-ITRD/072016'),('009/PA-ITRD/072016','1','023/PB-ISGN/072016'),('009/PA-ITRD/072016','2','023/PB-ISGN/072016'),('009/PA-ITRD/072016','3','023/PB-ISGN/072016'),('009/PA-ITRD/072016','4','002/PB-ITNS/072016'),('009/PA-ITRD/072016','5','023/PB-ITRD/072016'),('009/PA-ITRD/072016','6','007/PB-ITRD/072016'),('009/PA-ITRD/072016','7','001/PB-ITRD/072016'),('009/PA-ITRD/072016','8','023/PB-ITRD/072016'),('009/PA-ITRD/072016','9','001/PB-ITRD/072016'),('009/PA-ITRD/072016','10','001/PB-ITRD/072016'),('009/PA-ITRD/072016','11','008/PB-ITRD/072016'),('009/PA-ITRD/072016','12','015/PB-ITRD/072016'),('009/PA-ITRD/072016','13','001/PB-ITRD/072016'),('009/PA-ITRD/072016','14','010/PB-PJSG/062016'),('009/PA-ITRD/072016','15','010/PB-PJSG/062016'),('009/PA-ITRD/072016','16','015/PB-PJSG/072016'),('009/PA-ITRD/072016','17','013/PB-PJSG/072016'),('009/PA-ITRD/072016','18','013/PB-PJSG/072016'),('009/PA-ITRD/072016','19','017/PB-PJSG/072016'),('010/PA-ITRD/072016','1','024/PB-ITRD/072016'),('010/PA-ITRD/072016','2','016/PB-ITRD/072016'),('010/PA-ITRD/072016','3','024/PB-ITRD/072016'),('010/PA-ITRD/072016','4','024/PB-ITRD/072016'),('010/PA-ITRD/072016','5','024/PB-ITRD/072016'),('010/PA-ITRD/072016','6','002/PB-ITRD/072016'),('010/PA-ITRD/072016','7','002/PB-ITRD/072016'),('010/PA-ITRD/072016','8','024/PB-ITRD/072016'),('010/PA-ITRD/072016','9','024/PB-ITRD/072016'),('011/PA-ITRD/072016','1','032/PB-ISGN/072016'),('011/PA-ITRD/072016','2','036/PB-ISGN/072016'),('011/PA-ITRD/072016','3','007/PB-ITRD/072016'),('011/PA-ITRD/072016','4','007/PB-ITRD/072016'),('011/PA-ITRD/072016','5','015/PB-ITRD/072016'),('011/PA-ITRD/072016','6','015/PB-ITRD/072016'),('011/PA-ITRD/072016','7','007/PB-ITRD/072016'),('011/PA-ITRD/072016','8','005/PB-SMTH/072016'),('011/PA-ITRD/072016','9','013/PB-SMTH/072016'),('011/PA-ITRD/072016','10','013/PB-SMTH/072016'),('011/PA-ITRD/072016','12','013/PB-SMTH/072016'),('011/PA-ITRD/072016','15','016/PB-SMTH/072016'),('011/PA-ITRD/072016','17','058/PB-SMTH/052016'),('011/PA-ITRD/072016','18','099/PB-SMTH/052016'),('011/PA-ITRD/072016','19','002/PB-SMTH/062016'),('011/PA-ITRD/072016','20','026/PB-SMTH/072016'),('011/PA-ITRD/072016','21','002/PB-SMTH/072016'),('011/PA-ITRD/072016','23','002/PB-SMTH/072016'),('011/PA-ITRD/072016','24','012/PB-SMTH/072016'),('012/PA-ITRD/072016','1','021/PB-ITRD/072016'),('012/PA-ITRD/072016','2','021/PB-ITRD/072016'),('012/PA-ITRD/072016','3','003/PB-ITRD/072016'),('012/PA-ITRD/072016','4','003/PB-ITRD/072016'),('012/PA-ITRD/072016','5','021/PB-ITRD/072016'),('012/PA-ITRD/072016','6','008/PB-ITRD/072016'),('012/PA-ITRD/072016','7','022/PB-ITRD/072016'),('001/PA-ITRD/082016','1','006/PB-ISGN/072016'),('001/PA-ITRD/082016','2','002/PB-ISGN/072016'),('001/PA-ITRD/082016','3','032/PB-ISGN/062016'),('001/PA-ITRD/082016','4','033/PB-ISGN/062016'),('001/PA-ITRD/082016','5','048/PB-ISGN/062016'),('001/PA-ITRD/082016','6','032/PB-ISGN/062016'),('001/PA-ITRD/082016','7','033/PB-ISGN/062016'),('001/PA-ITRD/082016','8','048/PB-ISGN/062016'),('001/PA-ITRD/082016','9','006/PB-ISGN/072016'),('001/PA-ITRD/082016','10','013/PB-PJSG/072016'),('001/PA-ITRD/082016','11','005/PB-PJSG/072016'),('001/PA-ITRD/082016','12','013/PB-PJSG/072016'),('001/PA-ITRD/082016','13','013/PB-PJSG/072016'),('001/PA-ITRD/082016','14','005/PB-PJSG/072016'),('002/PA-ITRD/082016','1','008/PB-ITNS/072016'),('002/PA-ITRD/082016','2','004/PB-ITRD/072016'),('002/PA-ITRD/082016','3','026/PB-ITRD/072016'),('002/PA-ITRD/082016','4','004/PB-ITRD/072016'),('002/PA-ITRD/082016','5','004/PB-ITRD/072016'),('002/PA-ITRD/082016','9','012/PB-SMTH/072016'),('003/PA-ITRD/082016','1','006/PB-ITRD/072016'),('003/PA-ITRD/082016','2','008/PB-ITRD/082016'),('003/PA-ITRD/082016','3','006/PB-ITRD/072016'),('003/PA-ITRD/082016','4','010/PB-ITRD/072016'),('003/PA-ITRD/082016','5','001/PB-ITRD/082016'),('003/PA-ITRD/082016','6','006/PB-ITRD/072016'),('003/PA-ITRD/082016','8','010/PB-SMTH/062016'),('004/PA-ITRD/082016','1','008/PB-ISGC/052016 '),('004/PA-ITRD/082016','2','027/PB-ISGN/072016'),('004/PA-ITRD/082016','3','054/PB-ISGN/062016'),('004/PA-ITRD/082016','4','029/PB-ISGN/072016'),('004/PA-ITRD/082016','5','008/PB-ITRD/082016'),('004/PA-ITRD/082016','6','008/PB-ITRD/082016'),('004/PA-ITRD/082016','7','015/PB-ITRD/072016'),('004/PA-ITRD/082016','8','009/PB-ITRD/082016'),('004/PA-ITRD/082016','9','015/PB-ITRD/072016'),('004/PA-ITRD/082016','10','009/PB-ITRD/082016'),('004/PA-ITRD/082016','11','008/PB-ITRD/072016'),('004/PA-ITRD/082016','12','007/PB-ITRD/072016'),('004/PA-ITRD/082016','13','009/PB-ITRD/082016'),('004/PA-ITRD/082016','14','009/PB-ITRD/082016'),('004/PA-ITRD/082016','15','003/PB-ITRD/082016'),('004/PA-ITRD/082016','16','007/PB-ITRD/072016'),('004/PA-ITRD/082016','17','010/PB-ITRD/082016'),('004/PA-ITRD/082016','18','018/PB-SMNC/062016  '),('005/PA-ITRD/082016','10','002/PB-ITNS/082016'),('005/PA-ITRD/082016','11','002/PB-ITNS/082016'),('005/PA-ITRD/082016','12','009/PB-ITRD/082016'),('005/PA-ITRD/082016','13','009/PB-ITRD/082016'),('005/PA-ITRD/082016','14','009/PB-ITRD/082016'),('005/PA-ITRD/082016','15','009/PB-ITRD/082016'),('005/PA-ITRD/082016','16','009/PB-ITRD/082016'),('005/PA-ITRD/082016','17','009/PB-ITRD/082016'),('005/PA-ITRD/082016','18','009/PB-ITRD/082016'),('005/PA-ITRD/082016','19','008/PB-ITRD/082016'),('005/PA-ITRD/082016','20','009/PB-ITRD/082016'),('005/PA-ITRD/082016','21','004/PB-ITRD/082016'),('005/PA-ITRD/082016','22','004/PB-ITRD/082016'),('005/PA-ITRD/082016','23','010/PB-ITRD/082016'),('005/PA-ITRD/082016','24','008/PB-ITRD/082016'),('005/PA-ITRD/082016','25','027/PB-PJSG/072016'),('006/PA-ITRD/082016','1','013/PB-ISGN/082016'),('006/PA-ITRD/082016','2','014/PB-ISGN/082016'),('006/PA-ITRD/082016','3','022/PB-ISGN/082016'),('006/PA-ITRD/082016','4','012/PB-ISGN/082016'),('006/PA-ITRD/082016','10','022/PB-ISGN/082016'),('006/PA-ITRD/082016','11','017/PB-ISGN/082016'),('006/PA-ITRD/082016','12','015/PB-ISGN/082016'),('006/PA-ITRD/082016','13','015/PB-ISGN/082016'),('006/PA-ITRD/082016','14','015/PB-ISGN/082016'),('006/PA-ITRD/082016','15','016/PB-ISGN/082016'),('006/PA-ITRD/082016','19','012/PB-ISGN/082016'),('006/PA-ITRD/082016','20','022/PB-ISGN/082016'),('006/PA-ITRD/082016','21','008/PB-ISGN/052016'),('006/PA-ITRD/082016','23','016/PB-ISGN/082016'),('006/PA-ITRD/082016','24','016/PB-ISGN/082016'),('006/PA-ITRD/082016','25','024/PB-ITNS/072016'),('006/PA-ITRD/082016','26','008/PB-ITRD/082016'),('006/PA-ITRD/082016','27','008/PB-ITRD/082016'),('006/PA-ITRD/082016','28','018/PB-ITRD/082016'),('006/PA-ITRD/082016','29','003/PB-ITRD/082016'),('006/PA-ITRD/082016','30','008/PB-ITRD/072016'),('006/PA-ITRD/082016','31','017/PB-PJSG/082016'),('006/PA-ITRD/082016','32','017/PB-PJSG/082016'),('006/PA-ITRD/082016','33','016/PB-PJSG/082016'),('006/PA-ITRD/082016','34','017/PB-PJSG/082016'),('006/PA-ITRD/082016','35','013/PB-PJSG/082016'),('006/PA-ITRD/082016','36','008/PB-SMNC/052016'),('007/PA-ITRD/082016','1','034/PB-ISGN/072016'),('007/PA-ITRD/082016','2','034/PB-ISGN/072016'),('007/PA-ITRD/082016','3','034/PB-ISGN/072016'),('007/PA-ITRD/082016','4','034/PB-ISGN/072016'),('007/PA-ITRD/082016','5','034/PB-ISGN/072016'),('007/PA-ITRD/082016','6','034/PB-ISGN/072016'),('007/PA-ITRD/082016','7','034/PB-ISGN/072016'),('007/PA-ITRD/082016','8','034/PB-ISGN/072016'),('007/PA-ITRD/082016','9','034/PB-ISGN/072016'),('007/PA-ITRD/082016','10','006/PB-ITNS/082016'),('007/PA-ITRD/082016','11','006/PB-ITNS/082016'),('007/PA-ITRD/082016','12','005/PB-ITNS/072016 '),('007/PA-ITRD/082016','13','013/PB-ITNS/082016'),('007/PA-ITRD/082016','14','024/PB-ITNS/072016 '),('007/PA-ITRD/082016','15','002/PB-ITNS/072016'),('007/PA-ITRD/082016','16','002/PB-ITNS/082016 '),('007/PA-ITRD/082016','17','002/PB-ITNS/082016 '),('007/PA-ITRD/082016','18','003/PB-ITNS/082016'),('007/PA-ITRD/082016','19','017/PB-ITNS/072016 '),('007/PA-ITRD/082016','20','018/PB-ITNS/072016'),('007/PA-ITRD/082016','21','041/PB-ITNS/062016 '),('008/PA-ITRD/082016','1','024/PB-ISGN/072016'),('008/PA-ITRD/082016','2','039/PB-ISGN/072016'),('008/PA-ITRD/082016','3','033/PB-ITNS/062016'),('008/PA-ITRD/082016','4','003/PB-SMTH/072016'),('008/PA-ITRD/082016','6','010/PB-SMTH/062016'),('008/PA-ITRD/082016','7','062/PB-SMTH/062016'),('008/PA-ITRD/082016','8','062/PB-SMTH/062016'),('008/PA-ITRD/082016','9','062/PB-SMTH/062016'),('008/PA-ITRD/082016','10','062/PB-SMTH/062016'),('008/PA-ITRD/082016','11','003/PB-SMTH/072016'),('008/PA-ITRD/082016','12','034/PB-SMTH/062016'),('009/PA-ITRD/082016','1','023/PB-ITNS/082016'),('009/PA-ITRD/082016','2','007/PB-ITNS/072016'),('009/PA-ITRD/082016','3','023/PB-ITNS/082016'),('009/PA-ITRD/082016','4','015/PB-ITNS/082016'),('009/PA-ITRD/082016','5','014/PB-ITNS/082016'),('009/PA-ITRD/082016','6','015/PB-PJSG/072016'),('009/PA-ITRD/082016','7','051/PB-SMTH/062016'),('009/PA-ITRD/082016','8','013/PB-SMTH/082016'),('009/PA-ITRD/082016','9','011/PB-SMTH/082016'),('009/PA-ITRD/082016','10','013/PB-SMTH/082016'),('009/PA-ITRD/082016','11','013/PB-SMTH/082016'),('010/PA-ITRD/082016','1','001/PB-ITRD/082016'),('011/PA-ITRD/082016','1','005/PB-ISGN/082016'),('011/PA-ITRD/082016','2','005/PB-ISGN/082016'),('011/PA-ITRD/082016','3','005/PB-ISGN/082016'),('011/PA-ITRD/082016','4','005/PB-ISGN/082016'),('011/PA-ITRD/082016','5','005/PB-ISGN/082016'),('011/PA-ITRD/082016','6','031/PB-ISGN/082016'),('011/PA-ITRD/082016','7','024/PB-ITNS/082016'),('011/PA-ITRD/082016','8','002/PB-ITNS/082016'),('011/PA-ITRD/082016','9','032/PB-ITNS/082016'),('011/PA-ITRD/082016','10','008/PB-ITRD/082016'),('011/PA-ITRD/082016','11','021/PB-ITRD/082016'),('011/PA-ITRD/082016','12','008/PB-ITRD/082016'),('011/PA-ITRD/082016','13','020/PB-ITRD/082016'),('011/PA-ITRD/082016','14','002/PB-ITRD/082016'),('011/PA-ITRD/082016','15','020/PB-ITRD/082016'),('011/PA-ITRD/082016','16','012/PB-ITRD/082016'),('011/PA-ITRD/082016','17','016/PB-ITRD/082016'),('011/PA-ITRD/082016','18','021/PB-ITRD/082016'),('011/PA-ITRD/082016','19','021/PB-ITRD/082016'),('011/PA-ITRD/082016','20','021/PB-ITRD/082016'),('011/PA-ITRD/082016','21','021/PB-ITRD/082016'),('011/PA-ITRD/082016','22','021/PB-ITRD/082016'),('011/PA-ITRD/082016','23','020/PB-ITRD/082016'),('011/PA-ITRD/082016','24','021/PB-ITRD/082016'),('011/PA-ITRD/082016','25','003/PB-ITRD/082016'),('011/PA-ITRD/082016','26','002/PB-ITRD/082016'),('011/PA-ITRD/082016','27','020/PB-ITRD/082016'),('011/PA-ITRD/082016','28','002/PB-ITRD/082016'),('011/PA-ITRD/082016','29','020/PB-ITRD/082016'),('011/PA-ITRD/082016','30','002/PB-ITRD/082016'),('011/PA-ITRD/082016','31','020/PB-ITRD/082016'),('011/PA-ITRD/082016','32','020/PB-ITRD/082016'),('011/PA-ITRD/082016','33','002/PB-ITRD/082016'),('011/PA-ITRD/082016','34','002/PB-ITRD/082016'),('011/PA-ITRD/082016','35','020/PB-ITRD/082016'),('011/PA-ITRD/082016','36','020/PB-ITRD/082016'),('011/PA-ITRD/082016','37','002/PB-ITRD/082016'),('011/PA-ITRD/082016','38','020/PB-ITRD/082016'),('011/PA-ITRD/082016','39','020/PB-ITRD/082016'),('011/PA-ITRD/082016','40','003/PB-ITRD/082016'),('011/PA-ITRD/082016','41','020/PB-ITRD/082016'),('011/PA-ITRD/082016','42','002/PB-ITRD/082016'),('011/PA-ITRD/082016','43','003/PB-ITRD/082016'),('011/PA-ITRD/082016','44','015/PB-PJSG/082016'),('011/PA-ITRD/082016','45','010/PB-PJSG/082016'),('011/PA-ITRD/082016','46','010/PB-PJSG/082016'),('012/PA-ITRD/082016','1','006/PB-ISGN/082016'),('012/PA-ITRD/082016','2','006/PB-ISGN/082016'),('012/PA-ITRD/082016','3','040/PB-ISGN/072016'),('012/PA-ITRD/082016','4','006/PB-ISGN/082016'),('012/PA-ITRD/082016','5','001/PB-ISGN/082016'),('012/PA-ITRD/082016','6','016/PB-ISGN/082016'),('012/PA-ITRD/082016','7','008/PB-ITRD/072016'),('012/PA-ITRD/082016','8','009/PB-ITRD/082016'),('012/PA-ITRD/082016','9','009/PB-ITRD/082016'),('012/PA-ITRD/082016','10','001/PB-ITRD/082016'),('012/PA-ITRD/082016','11','032/PB-SMTH/082016'),('012/PA-ITRD/082016','12','031/PB-SMTH/082016'),('012/PA-ITRD/082016','13','029/PB-SMTH/082016'),('012/PA-ITRD/082016','14','028/PB-SMTH/082016');

/*Table structure for table `noref_kas` */


CREATE TABLE `noref_kas` (
  `nokas` varchar(20) DEFAULT NULL,
  `index_item` varchar(3) DEFAULT NULL,
  `noref` varchar(20) DEFAULT NULL
) ENGINE=InnoDB DEFAULT CHARSET=latin1;

/*Data for the table `noref_kas` */

insert  into `noref_kas`(nokas,index_item,noref) values ('001/PK-ITRD/042016','2',''),('001/PK-ITRD/042016','3',''),('001/PK-ITRD/042016','4',''),('002/PK-ITRD/042016','1',''),('003/PK-ITRD/042016','1','');

/*Table structure for table `noref_pembelian` */


CREATE TABLE `noref_pembelian` (
  `kodepembelian` varchar(20) DEFAULT NULL,
  `kodebrg` varchar(5) DEFAULT NULL,
  `noref` varchar(20) DEFAULT NULL
) ENGINE=InnoDB DEFAULT CHARSET=latin1 CHECKSUM=1 DELAY_KEY_WRITE=1 ROW_FORMAT=DYNAMIC;

/*Data for the table `noref_pembelian` */

insert  into `noref_pembelian`(kodepembelian,kodebrg,noref) values ('001/BL-ITRD/042016','P0000','001/PP-ITRD/042016'),('001/BL-ITRD/042016','P0001','001/PP-ITRD/042016'),('001/BL-ITRD/042016','M0004','003/PP-ITRD/042016'),('002/BL-ITRD/042016','S0002','002/PP-ITRD/042016'),('002/BL-ITRD/042016','T0009','002/PP-ITRD/042016'),('002/BL-ITRD/042016','R0000','002/PP-ITRD/042016'),('003/BL-ITRD/042016','S0002','002/PP-ITRD/042016'),('004/BL-ITRD/042016','K0005','004/PP-ITRD/042016'),('005/BL-ITRD/042016','k0031','005/PP-ITRD/042016'),('005/BL-ITRD/042016','T0031','005/PP-ITRD/042016'),('006/BL-ITRD/042016','N0000','007/PP-ITRD/042016'),('007/BL-ITRD/042016','N0001','011/PP-ITRD/042016'),('001/BL-SMTH/042016','b0018','002/PP-SMTH/042016'),('001/BL-SMTH/042016','k0015','002/PP-SMTH/042016'),('001/BL-SMTH/042016','D0006','002/PP-SMTH/042016'),('002/BL-SMTH/042016','M0015','004/PP-SMTH/042016'),('002/BL-SMTH/042016','M0017','004/PP-SMTH/042016'),('002/BL-SMTH/042016','M0016','004/PP-SMTH/042016'),('002/BL-SMTH/042016','M0014','004/PP-SMTH/042016'),('003/BL-SMTH/042016','b0017','002/PP-SMTH/042016'),('003/BL-SMTH/042016','k0015','002/PP-SMTH/042016'),('001/BL-PJSG/042016','m0018','003/PP-PJSG/042016'),('001/BL-PJSG/042016','s0016','003/PP-PJSG/042016'),('005/BL-PJSG/042016','m0008','001/PP-PJSG/042016'),('006/BL-PJSG/042016','r0002','002/PP-PJSG/042016'),('007/BL-PJSG/042016','k0015','004/PP-PJSG/042016'),('008/BL-PJSG/042016','b0016','004/PP-PJSG/042016'),('009/BL-PJSG/042016','d0003','011/PP-PJSG/042016'),('010/BL-PJSG/042016','b0017','009/PP-PJSG/042016'),('011/BL-PJSG/042016','A0014','008/PP-PJSG/042016'),('012/BL-PJSG/042016','r0001','001/PP-PJSG/042016'),('013/BL-PJSG/042016','s0015','010/PP-PJSG/042016'),('004/BL-SMTH/042016','b0016','008/PP-SMTH/042016'),('005/BL-SMTH/042016','b0016','008/PP-SMTH/042016'),('008/BL-ITRD/042016','M0004','020/PP-ITRD/042016'),('009/BL-ITRD/042016','M0004','020/PP-ITRD/042016'),('010/BL-ITRD/042016','T0020','020/PP-ITRD/042016'),('011/BL-ITRD/042016','L0007','017/PP-ITRD/042016'),('012/BL-ITRD/042016','B0007','015/PP-ITRD/042016'),('013/BL-ITRD/042016','K0000','024/PP-ITRD/042016'),('014/BL-ITRD/042016','A0001','025/PP-ITRD/042016'),('015/BL-ITRD/042016','K0002','009/PP-ITRD/042016'),('015/BL-ITRD/042016','G0000','009/PP-ITRD/042016'),('016/BL-ITRD/042016','G0001','009/PP-ITRD/042016'),('017/BL-ITRD/042016','A0003','025/PP-ITRD/042016'),('018/BL-ITRD/042016','G0000','026/PP-ITRD/042016'),('019/BL-ITRD/042016','T0011','025/PP-ITRD/042016'),('020/BL-ITRD/042016','P0005','027/PP-ITRD/042016'),('021/BL-ITRD/042016','A0001','025/PP-ITRD/042016'),('021/BL-ITRD/042016','A0002','025/PP-ITRD/042016'),('022/BL-ITRD/042016','O0005','028/PP-ITRD/042016'),('023/BL-ITRD/042016','D0002','021/PP-ITRD/042016'),('024/BL-ITRD/042016','K0010','006/PP-ITRD/042016'),('024/BL-ITRD/042016','K0004','006/PP-ITRD/042016'),('025/BL-ITRD/042016','A0016','008/PP-ITRD/042016'),('026/BL-ITRD/042016','Z0000','010/PP-ITRD/042016'),('026/BL-ITRD/042016','S0030','010/PP-ITRD/042016'),('027/BL-ITRD/042016','K0002','026/PP-ITRD/042016'),('027/BL-ITRD/042016','G0000','026/PP-ITRD/042016'),('028/BL-ITRD/042016','N0000','029/PP-ITRD/042016'),('029/BL-ITRD/042016','A0001','025/PP-ITRD/042016'),('030/BL-ITRD/042016','W0000','030/PP-ITRD/042016'),('031/BL-ITRD/042016','D0001','002/PP-ITRD/042016'),('032/BL-ITRD/042016','J0008','021/PP-ITRD/042016'),('033/BL-ITRD/042016','B0002','023/PP-ITRD/042016'),('033/BL-ITRD/042016','B0001','023/PP-ITRD/042016'),('034/BL-ITRD/042016','S0003','027/PP-ITRD/042016'),('035/BL-ITRD/042016','L0006','013/PP-ITRD/042016'),('035/BL-ITRD/042016','L0033','013/PP-ITRD/042016'),('035/BL-ITRD/042016','k0031','013/PP-ITRD/042016'),('035/BL-ITRD/042016','P0072','013/PP-ITRD/042016'),('035/BL-ITRD/042016','T0034','013/PP-ITRD/042016'),('036/BL-ITRD/042016','L0032','013/PP-ITRD/042016'),('036/BL-ITRD/042016','s0031','013/PP-ITRD/042016'),('036/BL-ITRD/042016','a0018','013/PP-ITRD/042016'),('037/BL-ITRD/042016','J0012','013/PP-ITRD/042016'),('038/BL-ITRD/042016','N0000','031/PP-ITRD/042016'),('039/BL-ITRD/042016','P0000','032/PP-ITRD/042016'),('039/BL-ITRD/042016','P0001','032/PP-ITRD/042016'),('040/BL-ITRD/042016','T0014','016/PP-ITRD/042016'),('041/BL-ITRD/042016','T0009','027/PP-ITRD/042016'),('042/BL-ITRD/042016','J0009','033/PP-ITRD/042016'),('043/BL-ITRD/042016','T0041','019/PP-ITRD/042016'),('044/BL-ITRD/042016','A0002','034/PP-ITRD/042016'),('045/BL-ITRD/042016','A0001','034/PP-ITRD/042016'),('046/BL-ITRD/042016','N0000','035/PP-ITRD/042016'),('047/BL-ITRD/042016','K0030','022/PP-ITRD/042016'),('047/BL-ITRD/042016','S0028','022/PP-ITRD/042016'),('006/BL-SMTH/042016','m0018','005/PP-SMTH/042016'),('006/BL-SMTH/042016','s0016','005/PP-SMTH/042016'),('014/BL-PJSG/042016','L0019','014/PP-PJSG/042016'),('015/BL-PJSG/042016','a0007','005/PP-PJSG/042016'),('048/BL-ITRD/042016','T0036','018/PP-ITRD/042016'),('048/BL-ITRD/042016','T0037','018/PP-ITRD/042016'),('049/BL-ITRD/042016','M0001','037/PP-ITRD/042016'),('049/BL-ITRD/042016','F0004','037/PP-ITRD/042016'),('049/BL-ITRD/042016','A0022','037/PP-ITRD/042016'),('016/BL-PJSG/042016','V0012','013/PP-PJSG/042016'),('050/BL-ITRD/042016','T0011','036/PP-ITRD/042016'),('050/BL-ITRD/042016','G0000','036/PP-ITRD/042016'),('051/BL-ITRD/042016','b0021','038/PP-ITRD/042016'),('017/BL-PJSG/042016','p0048','012/PP-PJSG/042016'),('018/BL-PJSG/042016','b0013','007/PP-PJSG/042016'),('019/BL-PJSG/042016','s0011','006/PP-PJSG/042016'),('052/BL-ITRD/042016','T0045','039/PP-ITRD/042016'),('053/BL-ITRD/042016','I0001','040/PP-ITRD/042016'),('054/BL-ITRD/042016','B0004','023/PP-ITRD/042016'),('054/BL-ITRD/042016','M0005','023/PP-ITRD/042016'),('055/BL-ITRD/052016','J0013','014/PP-ITRD/042016'),('056/BL-ITRD/052016','I0002','012/PP-ITRD/042016'),('057/BL-ITRD/052016','c0004','022/PP-ITRD/042016'),('057/BL-ITRD/052016','G0004','022/PP-ITRD/042016'),('058/BL-ITRD/052016','P0000','001/PP-ITRD/052016'),('058/BL-ITRD/052016','P0001','001/PP-ITRD/052016'),('007/BL-SMTH/052016','V0000','003/PP-SMTH/042016'),('007/BL-SMTH/052016','V0001','003/PP-SMTH/042016'),('007/BL-SMTH/052016','V0002','003/PP-SMTH/042016'),('007/BL-SMTH/052016','V0003','003/PP-SMTH/042016'),('008/BL-SMTH/052016','t0029','007/PP-SMTH/042016'),('008/BL-SMTH/052016','t0028','007/PP-SMTH/042016'),('009/BL-SMTH/052016','a0017','006/PP-SMTH/042016'),('010/BL-SMTH/052016','P0050','004/PP-SMTH/042016'),('020/BL-PJSG/052016','M0014','011/PP-PJSG/042016'),('021/BL-PJSG/052016','r0002','007/PP-PJSG/052016'),('022/BL-PJSG/052016','m0018','003/PP-PJSG/052016'),('023/BL-PJSG/052016','s0016','003/PP-PJSG/052016'),('024/BL-PJSG/052016','b0016','004/PP-PJSG/052016'),('024/BL-PJSG/052016','k0015','004/PP-PJSG/052016'),('025/BL-PJSG/052016','a0007','001/PP-PJSG/052016'),('026/BL-PJSG/052016','s0012','005/PP-PJSG/042016'),('027/BL-PJSG/052016','L0019','006/PP-PJSG/052016'),('028/BL-PJSG/052016','t0028','002/PP-PJSG/052016'),('011/BL-SMTH/052016','T0017','001/PP-SMTH/042016'),('012/BL-SMTH/052016','a0007','002/PP-SMTH/052016'),('013/BL-SMTH/052016','b0016','003/PP-SMTH/052016'),('014/BL-SMTH/052016','l0022','004/PP-SMTH/052016'),('015/BL-SMTH/052016','M0014','004/PP-SMTH/042016'),('016/BL-SMTH/062016','b0018','001/PP-SMTH/062016'),('017/BL-SMTH/062016','s0016','003/PP-SMTH/062016'),('017/BL-SMTH/062016','s0015','003/PP-SMTH/062016'),('017/BL-SMTH/062016','m0018','003/PP-SMTH/062016'),('018/BL-SMTH/062016','l0022','004/PP-SMTH/062016'),('019/BL-SMTH/062016','M0014','005/PP-SMTH/062016'),('020/BL-SMTH/062016','V0022','006/PP-SMTH/062016'),('021/BL-SMTH/062016','b0016','002/PP-SMTH/062016'),('022/BL-SMTH/062016','k0015','001/PP-SMTH/062016'),('022/BL-SMTH/062016','b0018','001/PP-SMTH/062016'),('023/BL-SMTH/062016','T0017','007/PP-SMTH/062016'),('024/BL-SMTH/062016','p0083','008/PP-SMTH/062016'),('025/BL-SMTH/062016','a0007','009/PP-SMTH/062016'),('001/BL-ITNS/062016','P0070','003/PP-ITNS/042016'),('002/BL-ITNS/062016','T0032','002/PP-ITNS/042016'),('003/BL-ITNS/062016','T0032','001/PP-ITNS/042016'),('004/BL-ITNS/062016','M0004','006/PP-ITNS/042016'),('005/BL-ITNS/062016','T0047','002/PP-ITNS/052016'),('006/BL-ITNS/062016','D0014','001/PP-ITNS/052016'),('007/BL-ITNS/062016','B0053','004/PP-ITNS/042016'),('008/BL-ITNS/062016','P0027','006/PP-ITNS/062016'),('009/BL-ITNS/062016','P0015','006/PP-ITNS/062016'),('010/BL-ITNS/062016','P0025','004/PP-ITNS/062016'),('011/BL-ITNS/062016','P0037','004/PP-ITNS/062016'),('012/BL-ITNS/062016','P0013','005/PP-ITNS/062016'),('013/BL-ITNS/062016','P0014','005/PP-ITNS/062016'),('014/BL-ITNS/062016','P0075','003/PP-ITNS/062016'),('015/BL-ITNS/062016','B0060','008/PP-ITNS/062016'),('016/BL-ITNS/062016','J0025','009/PP-ITNS/062016'),('017/BL-ITNS/062016','T0032','010/PP-ITNS/062016'),('018/BL-ITNS/062016','P0093','007/PP-ITNS/062016'),('019/BL-ITNS/062016','P0094','007/PP-ITNS/062016'),('020/BL-ITNS/062016','P0095','007/PP-ITNS/062016'),('021/BL-ITNS/062016','P0095','007/PP-ITNS/062016'),('022/BL-ITNS/062016','P0095','007/PP-ITNS/062016'),('023/BL-ITNS/062016','P0075','003/PP-ITNS/062016'),('024/BL-ITNS/062016','P0001','002/PP-ITNS/062016'),('025/BL-ITNS/062016','P0001','002/PP-ITNS/062016'),('026/BL-ITNS/062016','P0043','001/PP-ITNS/062016'),('027/BL-ITNS/062016','P0094','007/PP-ITNS/062016'),('028/BL-ITNS/062016','P0093','007/PP-ITNS/062016'),('029/BL-ITNS/062016','P0045','007/PP-ITNS/062016'),('030/BL-ITNS/062016','P0045','007/PP-ITNS/062016'),('031/BL-ITNS/062016','P0045','007/PP-ITNS/062016'),('032/BL-ITNS/062016','M0004','006/PP-ITNS/042016'),('033/BL-ITNS/062016','T0032','005/PP-ITNS/052016'),('034/BL-ITNS/062016','P0112','013/PP-ITNS/062016'),('034/BL-ITNS/062016','D0018','013/PP-ITNS/062016'),('034/BL-ITNS/062016','C0014','013/PP-ITNS/062016'),('035/BL-ITNS/062016','A0028','012/PP-ITNS/062016'),('036/BL-ITNS/062016','K0064','014/PP-ITNS/062016'),('037/BL-ITNS/062016','B0060','015/PP-ITNS/062016'),('038/BL-ITNS/062016','F0004','016/PP-ITNS/062016'),('038/BL-ITNS/062016','F0005','016/PP-ITNS/062016'),('039/BL-ITNS/062016','P0160','017/PP-ITNS/062016'),('040/BL-ITNS/062016','B0053','004/PP-ITNS/052016'),('041/BL-ITNS/062016','B0053','003/PP-ITNS/052016'),('041/BL-ITNS/062016','B0075','003/PP-ITNS/052016'),('041/BL-ITNS/062016','M0037','003/PP-ITNS/052016'),('042/BL-ITNS/062016','B0060','018/PP-ITNS/062016'),('043/BL-ITNS/062016','J0025','021/PP-ITNS/062016'),('044/BL-ITNS/062016','P0135','020/PP-ITNS/062016'),('045/BL-ITNS/062016','P0152','020/PP-ITNS/062016'),('046/BL-ITNS/062016','K0063','019/PP-ITNS/062016'),('047/BL-ITNS/062016','J0029','022/PP-ITNS/062016'),('048/BL-ITNS/062016','M0066','023/PP-ITNS/062016'),('049/BL-ITNS/062016','J0029','023/PP-ITNS/062016'),('050/BL-ITNS/062016','N0008','023/PP-ITNS/062016'),('050/BL-ITNS/062016','W0008','023/PP-ITNS/062016'),('050/BL-ITNS/062016','P0137','023/PP-ITNS/062016'),('026/BL-SMTH/062016','a0007','009/PP-SMTH/062016'),('027/BL-SMTH/062016','K0014','012/PP-SMTH/062016'),('028/BL-SMTH/062016','L0020','013/PP-SMTH/062016'),('029/BL-SMTH/062016','P0050','010/PP-SMTH/062016'),('030/BL-SMTH/062016','F0006','014/PP-SMTH/062016'),('031/BL-SMTH/062016','s0021','011/PP-SMTH/062016'),('032/BL-SMTH/062016','s0016','003/PP-SMTH/062016'),('032/BL-SMTH/062016','m0018','003/PP-SMTH/062016'),('033/BL-SMTH/062016','M0043','001/PP-SMTH/052016'),('029/BL-PJSG/062016','s0016','003/PP-PJSG/052016'),('030/BL-PJSG/062016','b0016','004/PP-PJSG/042016'),('034/BL-SMTH/062016','b0051','015/PP-SMTH/062016'),('035/BL-SMTH/062016','F0007','016/PP-SMTH/062016'),('036/BL-SMTH/062016','V0029','017/PP-SMTH/062016'),('059/BL-ITRD/062016','L0000','005/PP-ITRD/062016'),('060/BL-ITRD/062016','L0001','006/PP-ITRD/062016'),('061/BL-ITRD/062016','K0010','007/PP-ITRD/062016'),('062/BL-ITRD/062016','K0048','038/PP-ITRD/042016'),('063/BL-ITRD/062016','D0000','040/PP-ITRD/042016'),('064/BL-ITRD/062016','T0041','019/PP-ITRD/042016'),('065/BL-ITRD/062016','B0002','008/PP-ITRD/062016'),('065/BL-ITRD/062016','B0001','008/PP-ITRD/062016'),('066/BL-ITRD/062016','W0000','009/PP-ITRD/062016'),('066/BL-ITRD/062016','P0007','009/PP-ITRD/062016'),('067/BL-ITRD/062016','P0007','009/PP-ITRD/062016'),('068/BL-ITRD/062016','M0004','010/PP-ITRD/062016'),('069/BL-ITRD/062016','N0000','011/PP-ITRD/062016'),('070/BL-ITRD/062016','S0007','012/PP-ITRD/062016'),('071/BL-ITRD/062016','A0005','012/PP-ITRD/062016'),('072/BL-ITRD/062016','L0069','004/PP-ITRD/062016'),('072/BL-ITRD/062016','O0014','004/PP-ITRD/062016'),('072/BL-ITRD/062016','G0019','004/PP-ITRD/062016'),('072/BL-ITRD/062016','B0114','004/PP-ITRD/062016'),('072/BL-ITRD/062016','I0017','004/PP-ITRD/062016'),('073/BL-ITRD/062016','T0081','013/PP-ITRD/062016'),('074/BL-ITRD/062016','I0016','014/PP-ITRD/062016'),('075/BL-ITRD/062016','K0102','004/PP-ITRD/062016'),('075/BL-ITRD/062016','K0101','004/PP-ITRD/062016'),('076/BL-ITRD/062016','M0072','015/PP-ITRD/062016'),('076/BL-ITRD/062016','M0073','015/PP-ITRD/062016'),('076/BL-ITRD/062016','J0029','015/PP-ITRD/062016'),('077/BL-ITRD/062016','N0014','016/PP-ITRD/062016'),('078/BL-ITRD/062016','P0132','017/PP-ITRD/062016'),('079/BL-ITRD/062016','P0135','017/PP-ITRD/062016'),('080/BL-ITRD/062016','K0098','002/PP-ITRD/062016'),('081/BL-ITRD/062016','K0106','018/PP-ITRD/062016'),('082/BL-ITRD/062016','S0083','020/PP-ITRD/062016'),('083/BL-ITRD/062016','S0083','021/PP-ITRD/062016'),('083/BL-ITRD/062016','O0015','021/PP-ITRD/062016'),('083/BL-ITRD/062016','G0020','021/PP-ITRD/062016'),('084/BL-ITRD/062016','K0098','001/PP-ITRD/062016'),('085/BL-ITRD/062016','J0002','022/PP-ITRD/062016'),('086/BL-ITRD/062016','J0003','022/PP-ITRD/062016'),('087/BL-ITRD/062016','T0012','023/PP-ITRD/062016'),('087/BL-ITRD/062016','G0000','023/PP-ITRD/062016'),('088/BL-ITRD/062016','A0001','024/PP-ITRD/062016'),('089/BL-ITRD/062016','A0001','025/PP-ITRD/062016'),('089/BL-ITRD/062016','A0002','025/PP-ITRD/062016'),('090/BL-ITRD/062016','G0000','025/PP-ITRD/062016'),('091/BL-ITRD/062016','W0007','002/PP-ITRD/052016'),('092/BL-ITRD/062016','A0001','026/PP-ITRD/062016'),('092/BL-ITRD/062016','A0002','026/PP-ITRD/062016'),('093/BL-ITRD/062016','T0009','027/PP-ITRD/062016'),('094/BL-ITRD/062016','T0011','028/PP-ITRD/062016'),('094/BL-ITRD/062016','G0000','028/PP-ITRD/062016'),('095/BL-ITRD/062016','S0002','029/PP-ITRD/062016'),('096/BL-ITRD/062016','F0000','030/PP-ITRD/062016'),('096/BL-ITRD/062016','G0003','030/PP-ITRD/062016'),('096/BL-ITRD/062016','P0009','030/PP-ITRD/062016'),('096/BL-ITRD/062016','M0002','030/PP-ITRD/062016'),('096/BL-ITRD/062016','B0000','030/PP-ITRD/062016'),('096/BL-ITRD/062016','M0003','030/PP-ITRD/062016'),('096/BL-ITRD/062016','P0010','030/PP-ITRD/062016'),('097/BL-ITRD/062016','K0010','031/PP-ITRD/062016'),('098/BL-ITRD/062016','K0010','031/PP-ITRD/062016'),('098/BL-ITRD/062016','K0004','031/PP-ITRD/062016'),('099/BL-ITRD/062016','G0016','032/PP-ITRD/062016'),('100/BL-ITRD/062016','G0000','033/PP-ITRD/062016'),('101/BL-ITRD/062016','A0001','034/PP-ITRD/062016'),('101/BL-ITRD/062016','A0002','034/PP-ITRD/062016'),('102/BL-ITRD/062016','K0002','034/PP-ITRD/062016'),('102/BL-ITRD/062016','G0000','034/PP-ITRD/062016'),('103/BL-ITRD/062016','G0000','034/PP-ITRD/062016'),('104/BL-ITRD/062016','G0001','034/PP-ITRD/062016'),('105/BL-ITRD/062016','K0002','035/PP-ITRD/062016'),('105/BL-ITRD/062016','G0000','035/PP-ITRD/062016'),('106/BL-ITRD/062016','A0001','035/PP-ITRD/062016'),('106/BL-ITRD/062016','A0002','035/PP-ITRD/062016'),('107/BL-ITRD/062016','S0003','036/PP-ITRD/062016'),('108/BL-ITRD/062016','S0002','036/PP-ITRD/062016'),('108/BL-ITRD/062016','K0001','036/PP-ITRD/062016'),('001/BL-ISGN/062016','L0061','001/PP-ISGN/062016'),('001/BL-ISGN/062016','L0062','001/PP-ISGN/062016'),('002/BL-ISGN/062016','V0034','001/PP-ISGN/062016'),('002/BL-ISGN/062016','V0036','001/PP-ISGN/062016'),('002/BL-ISGN/062016','V0054','001/PP-ISGN/062016'),('002/BL-ISGN/062016','V0058','001/PP-ISGN/062016'),('002/BL-ISGN/062016','V0045','001/PP-ISGN/062016'),('002/BL-ISGN/062016','V0043','001/PP-ISGN/062016'),('002/BL-ISGN/062016','V0032','001/PP-ISGN/062016'),('002/BL-ISGN/062016','V0033','001/PP-ISGN/062016'),('002/BL-ISGN/062016','L0054','001/PP-ISGN/062016'),('002/BL-ISGN/062016','L0059','001/PP-ISGN/062016'),('003/BL-ISGN/062016','B0026','003/PP-ISGN/052016'),('003/BL-ISGN/062016','S0024','003/PP-ISGN/052016'),('003/BL-ISGN/062016','S0025','003/PP-ISGN/052016'),('003/BL-ISGN/062016','K0025','003/PP-ISGN/052016'),('003/BL-ISGN/062016','K0026','003/PP-ISGN/052016'),('004/BL-ISGN/062016','k0021','002/PP-ISGN/052016'),('004/BL-ISGN/062016','c0005','002/PP-ISGN/052016'),('004/BL-ISGN/062016','S0023','002/PP-ISGN/052016'),('004/BL-ISGN/062016','K0022','002/PP-ISGN/052016'),('004/BL-ISGN/062016','K0024','002/PP-ISGN/052016'),('005/BL-ISGN/062016','T0022','003/PP-ISGN/052016'),('006/BL-ISGN/062016','b0034','001/PP-ISGN/052016'),('006/BL-ISGN/062016','b0016','001/PP-ISGN/052016'),('007/BL-ISGN/062016','a0007','001/PP-ISGN/052016'),('109/BL-ITRD/062016','T0054','037/PP-ITRD/062016'),('110/BL-ITRD/062016','H0008','038/PP-ITRD/062016'),('110/BL-ITRD/062016','J0029','038/PP-ITRD/062016'),('111/BL-ITRD/062016','W0000','040/PP-ITRD/062016'),('111/BL-ITRD/062016','P0007','040/PP-ITRD/062016');

/*Table structure for table `noref_pengiriman` */


CREATE TABLE `noref_pengiriman` (
  `kodekirim` varchar(20) DEFAULT NULL,
  `kodebrg` varchar(5) DEFAULT NULL,
  `noref` varchar(20) DEFAULT NULL
) ENGINE=InnoDB DEFAULT CHARSET=latin1;

/*Data for the table `noref_pengiriman` */

insert  into `noref_pengiriman`(kodekirim,kodebrg,noref) values ('001/SJ-ITRD/042016','M0004','003/PP-ITRD/042016'),('002/SJ-ITRD/042016','S0002','002/PP-ITRD/042016'),('002/SJ-ITRD/042016','T0009','002/PP-ITRD/042016'),('002/SJ-ITRD/042016','R0000','002/PP-ITRD/042016'),('002/SJ-ITRD/042016','S0002','002/PP-ITRD/042016'),('003/SJ-ITRD/042016','K0005','004/PP-ITRD/042016'),('004/SJ-ITRD/042016','P0000','001/PP-ITRD/042016'),('004/SJ-ITRD/042016','P0001','001/PP-ITRD/042016'),('005/SJ-ITRD/042016','N0000','007/PP-ITRD/042016'),('006/SJ-ITRD/042016','N0001','011/PP-ITRD/042016'),('007/SJ-ITRD/042016','m0018','003/PP-PJSG/042016'),('007/SJ-ITRD/042016','s0016','003/PP-PJSG/042016'),('008/SJ-ITRD/042016','b0017','009/PP-PJSG/042016'),('009/SJ-ITRD/042016','A0014','008/PP-PJSG/042016'),('010/SJ-ITRD/042016','r0002','002/PP-PJSG/042016'),('011/SJ-ITRD/042016','s0015','010/PP-PJSG/042016'),('012/SJ-ITRD/042016','b0016','008/PP-SMTH/042016'),('012/SJ-ITRD/042016','b0016','008/PP-SMTH/042016'),('013/SJ-ITRD/042016','M0004','020/PP-ITRD/042016'),('013/SJ-ITRD/042016','M0004','020/PP-ITRD/042016'),('013/SJ-ITRD/042016','T0020','020/PP-ITRD/042016'),('014/SJ-ITRD/042016','K0000','024/PP-ITRD/042016'),('015/SJ-ITRD/042016','K0002','009/PP-ITRD/042016'),('015/SJ-ITRD/042016','G0000','009/PP-ITRD/042016'),('015/SJ-ITRD/042016','G0001','009/PP-ITRD/042016'),('016/SJ-ITRD/042016','O0005','028/PP-ITRD/042016'),('017/SJ-ITRD/042016','L0007','017/PP-ITRD/042016'),('018/SJ-ITRD/042016','B0007','015/PP-ITRD/042016'),('019/SJ-ITRD/042016','K0010','006/PP-ITRD/042016'),('019/SJ-ITRD/042016','K0004','006/PP-ITRD/042016'),('020/SJ-ITRD/042016','W0000','030/PP-ITRD/042016'),('021/SJ-ITRD/042016','N0000','029/PP-ITRD/042016'),('023/SJ-ITRD/042016','Z0000','010/PP-ITRD/042016'),('023/SJ-ITRD/042016','S0030','010/PP-ITRD/042016'),('024/SJ-ITRD/042016','L0006','013/PP-ITRD/042016'),('024/SJ-ITRD/042016','L0033','013/PP-ITRD/042016'),('024/SJ-ITRD/042016','k0031','013/PP-ITRD/042016'),('024/SJ-ITRD/042016','P0072','013/PP-ITRD/042016'),('024/SJ-ITRD/042016','T0034','013/PP-ITRD/042016'),('024/SJ-ITRD/042016','L0032','013/PP-ITRD/042016'),('024/SJ-ITRD/042016','s0031','013/PP-ITRD/042016'),('024/SJ-ITRD/042016','a0018','013/PP-ITRD/042016'),('024/SJ-ITRD/042016','J0012','013/PP-ITRD/042016'),('025/SJ-ITRD/042016','N0000','031/PP-ITRD/042016'),('026/SJ-ITRD/042016','P0000','032/PP-ITRD/042016'),('026/SJ-ITRD/042016','P0001','032/PP-ITRD/042016'),('028/SJ-ITRD/042016','A0002','034/PP-ITRD/042016'),('029/SJ-ITRD/042016','J0009','033/PP-ITRD/042016'),('030/SJ-ITRD/042016','P0005','027/PP-ITRD/042016'),('030/SJ-ITRD/042016','S0003','027/PP-ITRD/042016'),('031/SJ-ITRD/042016','B0002','023/PP-ITRD/042016'),('031/SJ-ITRD/042016','B0001','023/PP-ITRD/042016'),('032/SJ-ITRD/042016','k0031','005/PP-ITRD/042016'),('032/SJ-ITRD/042016','T0031','005/PP-ITRD/042016'),('033/SJ-ITRD/042016','A0016','008/PP-ITRD/042016'),('034/SJ-ITRD/042016','T0014','016/PP-ITRD/042016'),('035/SJ-ITRD/042016','N0000','035/PP-ITRD/042016'),('036/SJ-ITRD/042016','m0018','005/PP-SMTH/042016'),('036/SJ-ITRD/042016','s0016','005/PP-SMTH/042016'),('037/SJ-ITRD/042016','K0030','022/PP-ITRD/042016'),('037/SJ-ITRD/042016','S0028','022/PP-ITRD/042016'),('038/SJ-ITRD/042016','k0015','004/PP-PJSG/042016'),('038/SJ-ITRD/042016','b0016','004/PP-PJSG/042016'),('039/SJ-ITRD/042016','L0019','014/PP-PJSG/042016'),('040/SJ-ITRD/042016','T0036','018/PP-ITRD/042016'),('040/SJ-ITRD/042016','T0037','018/PP-ITRD/042016'),('041/SJ-ITRD/042016','M0001','037/PP-ITRD/042016'),('041/SJ-ITRD/042016','F0004','037/PP-ITRD/042016'),('041/SJ-ITRD/042016','A0022','037/PP-ITRD/042016'),('042/SJ-ITRD/042016','V0012','013/PP-PJSG/042016'),('043/SJ-ITRD/042016','T0011','036/PP-ITRD/042016'),('043/SJ-ITRD/042016','G0000','036/PP-ITRD/042016'),('044/SJ-ITRD/042016','d0003','011/PP-PJSG/042016'),('045/SJ-ITRD/042016','D0002','021/PP-ITRD/042016'),('045/SJ-ITRD/042016','J0008','021/PP-ITRD/042016'),('046/SJ-ITRD/042016','T0041','019/PP-ITRD/042016'),('047/SJ-ITRD/042016','b0021','038/PP-ITRD/042016'),('048/SJ-ITRD/042016','p0048','012/PP-PJSG/042016'),('049/SJ-ITRD/042016','b0013','007/PP-PJSG/042016'),('050/SJ-ITRD/042016','s0011','006/PP-PJSG/042016'),('051/SJ-ITRD/042016','a0007','005/PP-PJSG/042016'),('052/SJ-ITRD/042016','M0015','004/PP-SMTH/042016'),('052/SJ-ITRD/042016','M0017','004/PP-SMTH/042016'),('052/SJ-ITRD/042016','M0016','004/PP-SMTH/042016'),('052/SJ-ITRD/042016','M0014','004/PP-SMTH/042016'),('053/SJ-ITRD/042016','m0008','001/PP-PJSG/042016'),('053/SJ-ITRD/042016','r0001','001/PP-PJSG/042016'),('054/SJ-ITRD/042016','b0018','002/PP-SMTH/042016'),('054/SJ-ITRD/042016','k0015','002/PP-SMTH/042016'),('054/SJ-ITRD/042016','D0006','002/PP-SMTH/042016'),('054/SJ-ITRD/042016','b0017','002/PP-SMTH/042016'),('054/SJ-ITRD/042016','k0015','002/PP-SMTH/042016'),('055/SJ-ITRD/042016','T0045','039/PP-ITRD/042016'),('056/SJ-ITRD/042016','B0002','023/PP-ITRD/042016'),('056/SJ-ITRD/042016','B0001','023/PP-ITRD/042016'),('057/SJ-ITRD/042016','I0001','040/PP-ITRD/042016'),('059/SJ-ITRD/042016','B0002','023/PP-ITRD/042016'),('059/SJ-ITRD/042016','B0001','023/PP-ITRD/042016'),('059/SJ-ITRD/042016','B0004','023/PP-ITRD/042016'),('059/SJ-ITRD/042016','M0005','023/PP-ITRD/042016'),('060/SJ-ITRD/052016','S0002','002/PP-ITRD/042016'),('060/SJ-ITRD/052016','T0009','002/PP-ITRD/042016'),('060/SJ-ITRD/052016','R0000','002/PP-ITRD/042016'),('060/SJ-ITRD/052016','S0002','002/PP-ITRD/042016'),('060/SJ-ITRD/052016','D0001','002/PP-ITRD/042016'),('061/SJ-ITRD/052016','J0013','014/PP-ITRD/042016'),('062/SJ-ITRD/052016','P0000','001/PP-ITRD/052016'),('062/SJ-ITRD/052016','P0001','001/PP-ITRD/052016'),('063/SJ-ITRD/052016','K0030','022/PP-ITRD/042016'),('063/SJ-ITRD/052016','S0028','022/PP-ITRD/042016'),('063/SJ-ITRD/052016','c0004','022/PP-ITRD/042016'),('063/SJ-ITRD/052016','G0004','022/PP-ITRD/042016'),('064/SJ-ITRD/052016','I0002','012/PP-ITRD/042016'),('065/SJ-ITRD/052016','V0000','003/PP-SMTH/042016'),('065/SJ-ITRD/052016','V0001','003/PP-SMTH/042016'),('065/SJ-ITRD/052016','V0002','003/PP-SMTH/042016'),('065/SJ-ITRD/052016','V0003','003/PP-SMTH/042016'),('066/SJ-ITRD/052016','t0029','007/PP-SMTH/042016'),('066/SJ-ITRD/052016','t0028','007/PP-SMTH/042016'),('067/SJ-ITRD/052016','a0017','006/PP-SMTH/042016'),('068/SJ-ITRD/052016','M0015','004/PP-SMTH/042016'),('068/SJ-ITRD/052016','M0017','004/PP-SMTH/042016'),('068/SJ-ITRD/052016','M0016','004/PP-SMTH/042016'),('068/SJ-ITRD/052016','M0014','004/PP-SMTH/042016'),('068/SJ-ITRD/052016','P0050','004/PP-SMTH/042016'),('069/SJ-ITRD/052016','M0014','011/PP-PJSG/042016'),('070/SJ-ITRD/052016','m0018','003/PP-PJSG/052016'),('071/SJ-ITRD/052016','r0002','007/PP-PJSG/052016'),('072/SJ-ITRD/052016','b0016','004/PP-PJSG/052016'),('072/SJ-ITRD/052016','k0015','004/PP-PJSG/052016'),('073/SJ-ITRD/052016','a0007','001/PP-PJSG/052016'),('074/SJ-ITRD/052016','L0019','006/PP-PJSG/052016'),('075/SJ-ITRD/052016','t0028','002/PP-PJSG/052016'),('076/SJ-ITRD/052016','a0007','005/PP-PJSG/042016'),('076/SJ-ITRD/052016','s0012','005/PP-PJSG/042016'),('077/SJ-ITRD/052016','T0017','001/PP-SMTH/042016'),('078/SJ-ITRD/052016','a0007','002/PP-SMTH/052016'),('079/SJ-ITRD/052016','b0016','003/PP-SMTH/052016'),('080/SJ-ITRD/052016','l0022','004/PP-SMTH/052016'),('081/SJ-ITRD/062016','T0047','002/PP-ITNS/052016'),('082/SJ-ITRD/062016','D0014','001/PP-ITNS/052016'),('083/SJ-ITRD/062016','P0027','006/PP-ITNS/062016'),('083/SJ-ITRD/062016','P0015','006/PP-ITNS/062016'),('084/SJ-ITRD/062016','P0025','004/PP-ITNS/062016'),('084/SJ-ITRD/062016','P0037','004/PP-ITNS/062016'),('085/SJ-ITRD/062016','P0013','005/PP-ITNS/062016'),('085/SJ-ITRD/062016','P0014','005/PP-ITNS/062016'),('086/SJ-ITRD/062016','J0025','009/PP-ITNS/062016'),('087/SJ-ITRD/062016','T0032','010/PP-ITNS/062016'),('088/SJ-ITRD/062016','B0060','008/PP-ITNS/062016'),('089/SJ-ITRD/062016','D0001','002/PP-ITRD/042016'),('090/SJ-ITRD/062016','b0017','002/PP-SMTH/042016'),('090/SJ-ITRD/062016','k0015','002/PP-SMTH/042016'),('091/SJ-ITRD/062016','G0001','009/PP-ITRD/042016'),('092/SJ-ITRD/062016','M0014','004/PP-SMTH/042016'),('093/SJ-ITRD/062016','r0001','001/PP-PJSG/042016'),('094/SJ-ITRD/062016','T0032','001/PP-ITNS/042016'),('095/SJ-ITRD/062016','T0032','002/PP-ITNS/042016'),('096/SJ-ITRD/062016','b0016','004/PP-PJSG/042016'),('097/SJ-ITRD/062016','J0008','021/PP-ITRD/042016'),('098/SJ-ITRD/062016','P0070','003/PP-ITNS/042016'),('099/SJ-ITRD/062016','B0053','004/PP-ITNS/042016'),('100/SJ-ITRD/062016','T0011','025/PP-ITRD/042016'),('102/SJ-ITRD/062016','A0001','025/PP-ITRD/042016'),('102/SJ-ITRD/062016','A0002','025/PP-ITRD/042016'),('103/SJ-ITRD/062016','A0001','025/PP-ITRD/042016'),('104/SJ-ITRD/062016','K0002','026/PP-ITRD/042016'),('104/SJ-ITRD/062016','G0000','026/PP-ITRD/042016'),('105/SJ-ITRD/062016','T0009','027/PP-ITRD/042016'),('107/SJ-ITRD/062016','A0001','034/PP-ITRD/042016'),('108/SJ-ITRD/062016','M0004','006/PP-ITNS/042016'),('109/SJ-ITRD/062016','s0016','003/PP-PJSG/052016'),('110/SJ-ITRD/062016','k0015','001/PP-SMTH/062016'),('110/SJ-ITRD/062016','b0018','001/PP-SMTH/062016'),('112/SJ-ITRD/062016','b0016','002/PP-SMTH/062016'),('113/SJ-ITRD/062016','s0016','003/PP-SMTH/062016'),('113/SJ-ITRD/062016','s0015','003/PP-SMTH/062016'),('113/SJ-ITRD/062016','m0018','003/PP-SMTH/062016'),('114/SJ-ITRD/062016','l0022','004/PP-SMTH/062016'),('115/SJ-ITRD/062016','M0014','005/PP-SMTH/062016'),('116/SJ-ITRD/062016','V0022','006/PP-SMTH/062016'),('117/SJ-ITRD/062016','P0043','001/PP-ITNS/062016'),('118/SJ-ITRD/062016','P0001','002/PP-ITNS/062016'),('119/SJ-ITRD/062016','P0001','002/PP-ITNS/062016'),('120/SJ-ITRD/062016','P0075','003/PP-ITNS/062016'),('121/SJ-ITRD/062016','P0075','003/PP-ITNS/062016'),('122/SJ-ITRD/062016','P0037','004/PP-ITNS/062016'),('123/SJ-ITRD/062016','P0014','005/PP-ITNS/062016'),('130/SJ-ITRD/062016','a0007','009/PP-SMTH/062016'),('131/SJ-ITRD/062016','p0083','008/PP-SMTH/062016'),('132/SJ-ITRD/062016','T0017','007/PP-SMTH/062016'),('138/SJ-ITRD/062016','M0004','006/PP-ITNS/042016'),('139/SJ-ITRD/062016','T0032','005/PP-ITNS/052016'),('027/SJ-ITRD/042016','A0001','025/PP-ITRD/042016'),('022/SJ-ITRD/042016','G0000','026/PP-ITRD/042016'),('101/SJ-ITRD/042016','A0003','025/PP-ITRD/042016'),('140/SJ-ITRD/062016','P0093','007/PP-ITNS/062016'),('141/SJ-ITRD/062016','P0094','007/PP-ITNS/062016'),('142/SJ-ITRD/062016','P0095','007/PP-ITNS/062016'),('143/SJ-ITRD/062016','P0045','007/PP-ITNS/062016'),('144/SJ-ITRD/062016','P0045','007/PP-ITNS/062016'),('145/SJ-ITRD/062016','P0045','007/PP-ITNS/062016'),('146/SJ-ITRD/062016','P0093','007/PP-ITNS/062016'),('147/SJ-ITRD/062016','P0094','007/PP-ITNS/062016'),('148/SJ-ITRD/062016','P0095','007/PP-ITNS/062016'),('149/SJ-ITRD/062016','P0095','007/PP-ITNS/062016'),('150/SJ-ITRD/062016','P0112','013/PP-ITNS/062016'),('150/SJ-ITRD/062016','D0018','013/PP-ITNS/062016'),('150/SJ-ITRD/062016','C0014','013/PP-ITNS/062016'),('151/SJ-ITRD/062016','A0028','012/PP-ITNS/062016'),('152/SJ-ITRD/062016','K0064','014/PP-ITNS/062016'),('153/SJ-ITRD/062016','F0004','016/PP-ITNS/062016'),('153/SJ-ITRD/062016','F0005','016/PP-ITNS/062016'),('154/SJ-ITRD/062016','B0060','015/PP-ITNS/062016'),('155/SJ-ITRD/062016','P0160','017/PP-ITNS/062016'),('156/SJ-ITRD/062016','B0060','018/PP-ITNS/062016'),('157/SJ-ITRD/062016','k0015','001/PP-SMTH/062016'),('157/SJ-ITRD/062016','b0018','001/PP-SMTH/062016'),('158/SJ-ITRD/062016','B0053','004/PP-ITNS/052016'),('159/SJ-ITRD/062016','B0053','003/PP-ITNS/052016'),('159/SJ-ITRD/062016','B0075','003/PP-ITNS/052016'),('159/SJ-ITRD/062016','M0037','003/PP-ITNS/052016'),('160/SJ-ITRD/062016','J0025','021/PP-ITNS/062016'),('161/SJ-ITRD/062016','P0135','020/PP-ITNS/062016'),('162/SJ-ITRD/062016','P0152','020/PP-ITNS/062016'),('163/SJ-ITRD/062016','K0063','019/PP-ITNS/062016'),('164/SJ-ITRD/062016','J0029','022/PP-ITNS/062016'),('165/SJ-ITRD/062016','M0066','023/PP-ITNS/062016'),('166/SJ-ITRD/062016','J0029','023/PP-ITNS/062016'),('167/SJ-ITRD/062016','N0008','023/PP-ITNS/062016'),('167/SJ-ITRD/062016','W0008','023/PP-ITNS/062016'),('167/SJ-ITRD/062016','P0137','023/PP-ITNS/062016'),('168/SJ-ITRD/062016','L0020','013/PP-SMTH/062016'),('169/SJ-ITRD/062016','K0014','012/PP-SMTH/062016'),('170/SJ-ITRD/062016','a0007','009/PP-SMTH/062016'),('171/SJ-ITRD/062016','F0006','014/PP-SMTH/062016'),('172/SJ-ITRD/062016','P0050','010/PP-SMTH/062016'),('173/SJ-ITRD/062016','s0021','011/PP-SMTH/062016'),('174/SJ-ITRD/062016','s0016','003/PP-SMTH/062016'),('174/SJ-ITRD/062016','m0018','003/PP-SMTH/062016'),('175/SJ-ITRD/062016','M0043','001/PP-SMTH/052016'),('176/SJ-ITRD/062016','s0016','003/PP-PJSG/052016'),('177/SJ-ITRD/062016','b0016','004/PP-PJSG/042016'),('178/SJ-ITRD/062016','V0029','017/PP-SMTH/062016'),('179/SJ-ITRD/062016','F0007','016/PP-SMTH/062016'),('180/SJ-ITRD/062016','b0051','015/PP-SMTH/062016'),('181/SJ-ITRD/062016','L0000','005/PP-ITRD/062016'),('182/SJ-ITRD/062016','K0010','007/PP-ITRD/062016'),('183/SJ-ITRD/062016','L0001','006/PP-ITRD/062016'),('184/SJ-ITRD/062016','B0002','008/PP-ITRD/062016'),('184/SJ-ITRD/062016','B0001','008/PP-ITRD/062016'),('185/SJ-ITRD/062016','W0000','009/PP-ITRD/062016'),('185/SJ-ITRD/062016','P0007','009/PP-ITRD/062016'),('186/SJ-ITRD/062016','P0007','009/PP-ITRD/062016'),('187/SJ-ITRD/062016','M0004','010/PP-ITRD/062016'),('188/SJ-ITRD/062016','N0000','011/PP-ITRD/062016'),('189/SJ-ITRD/062016','S0007','012/PP-ITRD/062016'),('190/SJ-ITRD/062016','A0005','012/PP-ITRD/062016'),('191/SJ-ITRD/062016','T0041','019/PP-ITRD/042016'),('192/SJ-ITRD/062016','D0000','040/PP-ITRD/042016'),('193/SJ-ITRD/062016','K0048','038/PP-ITRD/042016'),('194/SJ-ITRD/062016','T0081','013/PP-ITRD/062016'),('195/SJ-ITRD/062016','L0069','004/PP-ITRD/062016'),('195/SJ-ITRD/062016','O0014','004/PP-ITRD/062016'),('195/SJ-ITRD/062016','G0019','004/PP-ITRD/062016'),('195/SJ-ITRD/062016','B0114','004/PP-ITRD/062016'),('195/SJ-ITRD/062016','I0017','004/PP-ITRD/062016'),('196/SJ-ITRD/062016','I0016','014/PP-ITRD/062016'),('197/SJ-ITRD/062016','K0102','004/PP-ITRD/062016'),('197/SJ-ITRD/062016','K0101','004/PP-ITRD/062016'),('198/SJ-ITRD/062016','N0014','016/PP-ITRD/062016'),('199/SJ-ITRD/062016','M0072','015/PP-ITRD/062016'),('199/SJ-ITRD/062016','M0073','015/PP-ITRD/062016'),('199/SJ-ITRD/062016','J0029','015/PP-ITRD/062016'),('200/SJ-ITRD/062016','P0132','017/PP-ITRD/062016'),('201/SJ-ITRD/062016','P0135','017/PP-ITRD/062016'),('202/SJ-ITRD/062016','K0098','002/PP-ITRD/062016'),('203/SJ-ITRD/062016','K0106','018/PP-ITRD/062016'),('204/SJ-ITRD/062016','S0083','020/PP-ITRD/062016'),('205/SJ-ITRD/062016','S0083','021/PP-ITRD/062016'),('205/SJ-ITRD/062016','O0015','021/PP-ITRD/062016'),('205/SJ-ITRD/062016','G0020','021/PP-ITRD/062016'),('206/SJ-ITRD/062016','K0098','001/PP-ITRD/062016'),('207/SJ-ITRD/062016','J0002','022/PP-ITRD/062016'),('208/SJ-ITRD/062016','J0003','022/PP-ITRD/062016'),('209/SJ-ITRD/062016','T0012','023/PP-ITRD/062016'),('209/SJ-ITRD/062016','G0000','023/PP-ITRD/062016'),('210/SJ-ITRD/062016','A0001','024/PP-ITRD/062016'),('211/SJ-ITRD/062016','A0001','025/PP-ITRD/062016'),('211/SJ-ITRD/062016','A0002','025/PP-ITRD/062016'),('212/SJ-ITRD/062016','G0000','025/PP-ITRD/062016'),('213/SJ-ITRD/062016','W0007','002/PP-ITRD/052016'),('214/SJ-ITRD/062016','A0001','026/PP-ITRD/062016'),('214/SJ-ITRD/062016','A0002','026/PP-ITRD/062016'),('215/SJ-ITRD/062016','T0009','027/PP-ITRD/062016'),('216/SJ-ITRD/062016','T0011','028/PP-ITRD/062016'),('216/SJ-ITRD/062016','G0000','028/PP-ITRD/062016'),('217/SJ-ITRD/062016','F0000','030/PP-ITRD/062016'),('217/SJ-ITRD/062016','G0003','030/PP-ITRD/062016'),('217/SJ-ITRD/062016','P0009','030/PP-ITRD/062016'),('217/SJ-ITRD/062016','M0002','030/PP-ITRD/062016'),('217/SJ-ITRD/062016','B0000','030/PP-ITRD/062016'),('217/SJ-ITRD/062016','M0003','030/PP-ITRD/062016'),('217/SJ-ITRD/062016','P0010','030/PP-ITRD/062016'),('218/SJ-ITRD/062016','S0002','029/PP-ITRD/062016'),('219/SJ-ITRD/062016','K0010','031/PP-ITRD/062016'),('220/SJ-ITRD/062016','K0010','031/PP-ITRD/062016'),('220/SJ-ITRD/062016','K0004','031/PP-ITRD/062016'),('221/SJ-ITRD/062016','G0016','032/PP-ITRD/062016'),('222/SJ-ITRD/062016','G0000','033/PP-ITRD/062016'),('223/SJ-ITRD/062016','A0001','034/PP-ITRD/062016'),('223/SJ-ITRD/062016','A0002','034/PP-ITRD/062016'),('224/SJ-ITRD/062016','K0002','034/PP-ITRD/062016'),('224/SJ-ITRD/062016','G0000','034/PP-ITRD/062016'),('225/SJ-ITRD/062016','G0001','034/PP-ITRD/062016'),('226/SJ-ITRD/062016','G0000','034/PP-ITRD/062016'),('227/SJ-ITRD/062016','K0002','035/PP-ITRD/062016'),('227/SJ-ITRD/062016','G0000','035/PP-ITRD/062016'),('228/SJ-ITRD/062016','A0001','035/PP-ITRD/062016'),('228/SJ-ITRD/062016','A0002','035/PP-ITRD/062016'),('229/SJ-ITRD/062016','S0003','036/PP-ITRD/062016'),('230/SJ-ITRD/062016','S0002','036/PP-ITRD/062016'),('230/SJ-ITRD/062016','K0001','036/PP-ITRD/062016'),('231/SJ-ITRD/062016','L0061','001/PP-ISGN/062016'),('231/SJ-ITRD/062016','L0062','001/PP-ISGN/062016'),('232/SJ-ITRD/062016','V0034','001/PP-ISGN/062016'),('232/SJ-ITRD/062016','V0036','001/PP-ISGN/062016'),('232/SJ-ITRD/062016','V0054','001/PP-ISGN/062016'),('232/SJ-ITRD/062016','V0058','001/PP-ISGN/062016'),('232/SJ-ITRD/062016','V0045','001/PP-ISGN/062016'),('232/SJ-ITRD/062016','V0043','001/PP-ISGN/062016'),('232/SJ-ITRD/062016','V0032','001/PP-ISGN/062016'),('232/SJ-ITRD/062016','V0033','001/PP-ISGN/062016'),('232/SJ-ITRD/062016','L0054','001/PP-ISGN/062016'),('232/SJ-ITRD/062016','L0059','001/PP-ISGN/062016'),('233/SJ-ITRD/062016','B0026','003/PP-ISGN/052016'),('233/SJ-ITRD/062016','S0024','003/PP-ISGN/052016'),('233/SJ-ITRD/062016','S0025','003/PP-ISGN/052016'),('233/SJ-ITRD/062016','K0025','003/PP-ISGN/052016'),('233/SJ-ITRD/062016','K0026','003/PP-ISGN/052016'),('234/SJ-ITRD/062016','k0021','002/PP-ISGN/052016'),('234/SJ-ITRD/062016','c0005','002/PP-ISGN/052016'),('234/SJ-ITRD/062016','S0023','002/PP-ISGN/052016'),('234/SJ-ITRD/062016','K0022','002/PP-ISGN/052016'),('234/SJ-ITRD/062016','K0024','002/PP-ISGN/052016'),('235/SJ-ITRD/062016','T0022','003/PP-ISGN/052016'),('236/SJ-ITRD/062016','b0034','001/PP-ISGN/052016'),('236/SJ-ITRD/062016','b0016','001/PP-ISGN/052016'),('237/SJ-ITRD/062016','a0007','001/PP-ISGN/052016'),('238/SJ-ITRD/062016','T0054','037/PP-ITRD/062016'),('239/SJ-ITRD/062016','H0008','038/PP-ITRD/062016'),('239/SJ-ITRD/062016','J0029','038/PP-ITRD/062016'),('240/SJ-ITRD/062016','W0000','040/PP-ITRD/062016'),('240/SJ-ITRD/062016','P0007','040/PP-ITRD/062016');

/*Table structure for table `pelunasan` */


CREATE TABLE `pelunasan` (
  `kodetrx` varchar(20) DEFAULT NULL,
  `kodebeli` varchar(20) DEFAULT NULL,
  `jmlrp` decimal(15,2) DEFAULT NULL,
  `kodevendor` varchar(20) DEFAULT NULL
) ENGINE=InnoDB DEFAULT CHARSET=latin1;

/*Data for the table `pelunasan` */

insert  into `pelunasan`(kodetrx,kodebeli,jmlrp,kodevendor) values ('001/BL-ITRD/062016','001/BL-ITRD/062016','-21100.00','V0000006'),('001/BY-ITRD/062016','001/BL-ITRD/062016','21100.00','V0000006'),('002/BL-ITRD/062016','002/BL-ITRD/062016','-11300.00','V0000006'),('002/BY-ITRD/062016','002/BL-ITRD/062016','11300.00','V0000006'),('003/BL-ITRD/062016','003/BL-ITRD/062016','-3150000.00','V0000080'),('003/BY-ITRD/062016','003/BL-ITRD/062016','3150000.00','V0000080'),('004/BL-ITRD/062016','004/BL-ITRD/062016','-1039000.00','V0000060'),('004/BY-ITRD/062016','004/BL-ITRD/062016','1039000.00','V0000060'),('005/BL-ITRD/062016','005/BL-ITRD/062016','-73000.00','V0000055'),('005/BY-ITRD/062016','005/BL-ITRD/062016','73000.00','V0000055'),('006/BL-ITRD/062016','006/BL-ITRD/062016','-25000.00','V0000055'),('006/BY-ITRD/062016','006/BL-ITRD/062016','25000.00','V0000055'),('007/BL-ITRD/062016','007/BL-ITRD/062016','-60000.00','V0000055'),('007/BY-ITRD/062016','007/BL-ITRD/062016','60000.00','V0000055'),('008/BL-ITRD/062016','008/BL-ITRD/062016','-560000.00','V0000008'),('008/BY-ITRD/062016','008/BL-ITRD/062016','560000.00','V0000008'),('009/BL-ITRD/062016','009/BL-ITRD/062016','-765000.00','V0000055'),('009/BY-ITRD/062016','009/BL-ITRD/062016','765000.00','V0000055'),('010/BL-ITRD/062016','010/BL-ITRD/062016','-51000.00','V0000003'),('010/BY-ITRD/062016','010/BL-ITRD/062016','51000.00','V0000003'),('011/BL-ITRD/062016','011/BL-ITRD/062016','-51000.00','V0000003'),('011/BY-ITRD/062016','011/BL-ITRD/062016','51000.00','V0000003'),('012/BL-ITRD/062016','012/BL-ITRD/062016','-6000000.00','V0000079'),('012/BY-ITRD/062016','012/BL-ITRD/062016','6000000.00','V0000079'),('013/BL-ITRD/062016','013/BL-ITRD/062016','-211000.00','V0000055'),('013/BY-ITRD/062016','013/BL-ITRD/062016','211000.00','V0000055'),('014/BL-ITRD/062016','014/BL-ITRD/062016','-43000.00','V0000083'),('014/BY-ITRD/062016','014/BL-ITRD/062016','43000.00','V0000083'),('015/BL-ITRD/062016','015/BL-ITRD/062016','-21500.00','V0000087'),('015/BY-ITRD/062016','015/BL-ITRD/062016','21500.00','V0000087'),('016/BL-ITRD/062016','016/BL-ITRD/062016','-57900.00','V0000087'),('016/BY-ITRD/062016','016/BL-ITRD/062016','57900.00','V0000087'),('017/BL-ITRD/062016','017/BL-ITRD/062016','-20000.00','V0000053'),('017/BY-ITRD/062016','017/BL-ITRD/062016','20000.00','V0000053'),('018/BL-ITRD/062016','018/BL-ITRD/062016','-450000.00','V0000056'),('018/BY-ITRD/062016','018/BL-ITRD/062016','450000.00','V0000056'),('019/BL-ITRD/062016','019/BL-ITRD/062016','-1100000.00','V0000088'),('019/BY-ITRD/062016','019/BL-ITRD/062016','1100000.00','V0000088'),('020/BL-ITRD/062016','020/BL-ITRD/062016','-53000.00','V0000089'),('020/BY-ITRD/062016','020/BL-ITRD/062016','53000.00','V0000089'),('001/BL-PJSG/062016','001/BL-PJSG/062016','-150000.00','V0000022'),('001/BY-PJSG/062016','001/BL-PJSG/062016','150000.00','V0000022'),('002/BL-PJSG/062016','002/BL-PJSG/062016','-90000.00','V0000026'),('002/BY-PJSG/062016','002/BL-PJSG/062016','90000.00','V0000026'),('003/BL-PJSG/062016','003/BL-PJSG/062016','-250000.00','V0000026'),('003/BY-PJSG/062016','003/BL-PJSG/062016','250000.00','V0000026'),('004/BL-PJSG/062016','004/BL-PJSG/062016','-878000.00','V0000026'),('004/BY-PJSG/062016','004/BL-PJSG/062016','878000.00','V0000026'),('005/BL-PJSG/062016','005/BL-PJSG/062016','-250000.00','V0000026'),('005/BY-PJSG/062016','005/BL-PJSG/062016','250000.00','V0000026'),('001/BL-ISGN/062016','001/BL-ISGN/062016','-450000.00','V0000090'),('001/BY-ISGN/062016','001/BL-ISGN/062016','450000.00','V0000090'),('021/BL-ITRD/062016','021/BL-ITRD/062016','-2250000.00','V0000091'),('021/BY-ITRD/062016','021/BL-ITRD/062016','2250000.00','V0000091'),('021/BL-ITRD/062016','021/BL-ITRD/062016','-2250000.00','V0000091'),('021/BY-ITRD/062016','021/BL-ITRD/062016','2250000.00','V0000091'),('022/BL-ITRD/062016','022/BL-ITRD/062016','-116400.00','V0000052'),('022/BY-ITRD/062016','022/BL-ITRD/062016','116400.00','V0000052'),('022/BL-ITRD/062016','022/BL-ITRD/062016','-116400.00','V0000052'),('022/BY-ITRD/062016','022/BL-ITRD/062016','116400.00','V0000052'),('023/BL-ITRD/062016','023/BL-ITRD/062016','-51000.00','V0000003'),('023/BY-ITRD/062016','023/BL-ITRD/062016','51000.00','V0000003'),('024/BL-ITRD/062016','024/BL-ITRD/062016','-51000.00','V0000003'),('024/BY-ITRD/062016','024/BL-ITRD/062016','51000.00','V0000003'),('025/BL-ITRD/062016','025/BL-ITRD/062016','-16400.00','V0000058'),('025/BY-ITRD/062016','025/BL-ITRD/062016','16400.00','V0000058'),('026/BL-ITRD/062016','026/BL-ITRD/062016','-130000.00','V0000078'),('026/BY-ITRD/062016','026/BL-ITRD/062016','130000.00','V0000078'),('027/BL-ITRD/062016','027/BL-ITRD/062016','-35000.00','V0000053'),('027/BY-ITRD/062016','027/BL-ITRD/062016','35000.00','V0000053'),('001/BL-ITNS/062016','001/BL-ITNS/062016','-250000.00','V0000055'),('002/BL-ITNS/062016','002/BL-ITNS/062016','-6680000.00','V0000055'),('003/BL-ITNS/062016','003/BL-ITNS/062016','-4175000.00','V0000055'),('028/BL-ITRD/062016','028/BL-ITRD/062016','-28000.00','V0000055'),('028/BY-ITRD/062016','028/BL-ITRD/062016','28000.00','V0000055'),('029/BL-ITRD/062016','029/BL-ITRD/062016','-1000000.00','V0000055'),('029/BY-ITRD/062016','029/BL-ITRD/062016','1000000.00','V0000055'),('030/BL-ITRD/062016','030/BL-ITRD/062016','-104000.00','V0000055'),('030/BY-ITRD/062016','030/BL-ITRD/062016','104000.00','V0000055'),('002/BL-ISGN/062016','002/BL-ISGN/062016','-177500.00','V0000092'),('002/BY-ISGN/062016','002/BL-ISGN/062016','177500.00','V0000092'),('004/BL-ITNS/062016','004/BL-ITNS/062016','-60000.00','V0000048'),('001/BY-ITNS/062016','004/BL-ITNS/062016','60000.00','V0000048'),('005/BL-ITNS/062016','005/BL-ITNS/062016','-51000.00','V0000003'),('002/BY-ITNS/062016','005/BL-ITNS/062016','51000.00','V0000003'),('006/BL-ITNS/062016','006/BL-ITNS/062016','-51000.00','V0000058'),('003/BY-ITNS/062016','006/BL-ITNS/062016','51000.00','V0000058'),('007/BL-ITNS/062016','007/BL-ITNS/062016','-51000.00','V0000003'),('004/BY-ITNS/062016','007/BL-ITNS/062016','51000.00','V0000003'),('008/BL-ITNS/062016','008/BL-ITNS/062016','-51000.00','V0000003'),('005/BY-ITNS/062016','008/BL-ITNS/062016','51000.00','V0000003'),('009/BL-ITNS/062016','009/BL-ITNS/062016','-51000.00','V0000003'),('006/BY-ITNS/062016','009/BL-ITNS/062016','51000.00','V0000003'),('010/BL-ITNS/062016','010/BL-ITNS/062016','-51000.00','V0000003'),('007/BY-ITNS/062016','010/BL-ITNS/062016','51000.00','V0000003'),('011/BL-ITNS/062016','011/BL-ITNS/062016','-51000.00','V0000003'),('008/BY-ITNS/062016','011/BL-ITNS/062016','51000.00','V0000003'),('012/BL-ITNS/062016','012/BL-ITNS/062016','-51000.00','V0000003'),('009/BY-ITNS/062016','012/BL-ITNS/062016','51000.00','V0000003'),('013/BL-ITNS/062016','013/BL-ITNS/062016','-260000.00','V0000093'),('010/BY-ITNS/062016','013/BL-ITNS/062016','260000.00','V0000093'),('031/BL-ITRD/062016','031/BL-ITRD/062016','-290000.00','V0000094'),('031/BY-ITRD/062016','031/BL-ITRD/062016','290000.00','V0000094'),('032/BL-ITRD/062016','032/BL-ITRD/062016','-600000.00','V0000091'),('032/BY-ITRD/062016','032/BL-ITRD/062016','600000.00','V0000091'),('001/BL-SMNC/062016','001/BL-SMNC/062016','-600000.00','V0000055'),('001/BY-SMNC/062016','001/BL-SMNC/062016','600000.00','V0000055'),('002/BL-SMNC/062016','002/BL-SMNC/062016','-725000.00','V0000095'),('002/BY-SMNC/062016','002/BL-SMNC/062016','725000.00','V0000095'),('003/BL-SMNC/062016','003/BL-SMNC/062016','-2900000.00','V0000095'),('003/BY-SMNC/062016','003/BL-SMNC/062016','2900000.00','V0000095'),('004/BL-SMNC/062016','004/BL-SMNC/062016','-800000.00','V0000096'),('004/BY-SMNC/062016','004/BL-SMNC/062016','800000.00','V0000096'),('005/BL-SMNC/062016','005/BL-SMNC/062016','-1150000.00','V0000097'),('005/BY-SMNC/062016','005/BL-SMNC/062016','1150000.00','V0000097'),('006/BL-SMNC/062016','006/BL-SMNC/062016','-1425000.00','V0000055'),('006/BY-SMNC/062016','006/BL-SMNC/062016','1425000.00','V0000055'),('001/BL-SMTH/062016','001/BL-SMTH/062016','-112000.00','V0000023'),('001/BY-SMTH/062016','001/BL-SMTH/062016','112000.00','V0000023'),('002/BL-SMTH/062016','002/BL-SMTH/062016','-906000.00','V0000026'),('002/BY-SMTH/062016','002/BL-SMTH/062016','906000.00','V0000026'),('003/BL-SMTH/062016','003/BL-SMTH/062016','-675000.00','V0000026'),('003/BY-SMTH/062016','003/BL-SMTH/062016','675000.00','V0000026'),('004/BL-SMTH/062016','004/BL-SMTH/062016','-190000.00','V0000026'),('004/BY-SMTH/062016','004/BL-SMTH/062016','190000.00','V0000026'),('005/BL-SMTH/062016','005/BL-SMTH/062016','-50000.00','V0000026'),('005/BY-SMTH/062016','005/BL-SMTH/062016','50000.00','V0000026'),('006/BL-SMTH/062016','006/BL-SMTH/062016','-100000.00','V0000026'),('006/BY-SMTH/062016','006/BL-SMTH/062016','100000.00','V0000026'),('007/BL-SMTH/062016','007/BL-SMTH/062016','-70000.00','V0000026'),('007/BY-SMTH/062016','007/BL-SMTH/062016','70000.00','V0000026'),('008/BL-SMTH/062016','008/BL-SMTH/062016','-45000.00','V0000026'),('008/BY-SMTH/062016','008/BL-SMTH/062016','45000.00','V0000026'),('009/BL-SMTH/062016','009/BL-SMTH/062016','-1050000.00','V0000098'),('009/BY-SMTH/062016','009/BL-SMTH/062016','1050000.00','V0000098'),('010/BL-SMTH/062016','010/BL-SMTH/062016','-1260000.00','V0000015'),('010/BY-SMTH/062016','010/BL-SMTH/062016','1260000.00','V0000015'),('011/BL-SMTH/062016','011/BL-SMTH/062016','-252000.00','V0000015'),('011/BY-SMTH/062016','011/BL-SMTH/062016','252000.00','V0000015'),('012/BL-SMTH/062016','012/BL-SMTH/062016','-990000.00','V0000013'),('012/BY-SMTH/062016','012/BL-SMTH/062016','990000.00','V0000013'),('013/BL-SMTH/062016','013/BL-SMTH/062016','-990000.00','V0000013'),('013/BY-SMTH/062016','013/BL-SMTH/062016','990000.00','V0000013'),('014/BL-SMTH/062016','014/BL-SMTH/062016','-162000.00','V0000026'),('014/BY-SMTH/062016','014/BL-SMTH/062016','162000.00','V0000026'),('015/BL-SMTH/062016','015/BL-SMTH/062016','-375000.00','V0000059'),('015/BY-SMTH/062016','015/BL-SMTH/062016','375000.00','V0000059'),('016/BL-SMTH/062016','016/BL-SMTH/062016','-20000.00','V0000059'),('016/BY-SMTH/062016','016/BL-SMTH/062016','20000.00','V0000059'),('017/BL-SMTH/062016','017/BL-SMTH/062016','-1170000.00','V0000055'),('017/BY-SMTH/062016','017/BL-SMTH/062016','1170000.00','V0000055'),('018/BL-SMTH/062016','018/BL-SMTH/062016','-120000.00','V0000029'),('018/BY-SMTH/062016','018/BL-SMTH/062016','120000.00','V0000029'),('019/BL-SMTH/062016','019/BL-SMTH/062016','-90000.00','V0000022'),('019/BY-SMTH/062016','019/BL-SMTH/062016','90000.00','V0000022'),('020/BL-SMTH/062016','020/BL-SMTH/062016','-42000.00','V0000022'),('020/BY-SMTH/062016','020/BL-SMTH/062016','42000.00','V0000022'),('021/BL-SMTH/062016','021/BL-SMTH/062016','-1155000.00','V0000023'),('021/BY-SMTH/062016','021/BL-SMTH/062016','1155000.00','V0000023'),('022/BL-SMTH/062016','022/BL-SMTH/062016','-870000.00','V0000080'),('022/BY-SMTH/062016','022/BL-SMTH/062016','870000.00','V0000080'),('023/BL-SMTH/062016','023/BL-SMTH/062016','-765000.00','V0000026'),('023/BY-SMTH/062016','023/BL-SMTH/062016','765000.00','V0000026'),('024/BL-SMTH/062016','024/BL-SMTH/062016','-906000.00','V0000026'),('024/BY-SMTH/062016','024/BL-SMTH/062016','906000.00','V0000026'),('025/BL-SMTH/062016','025/BL-SMTH/062016','-450000.00','V0000026'),('025/BY-SMTH/062016','025/BL-SMTH/062016','450000.00','V0000026'),('026/BL-SMTH/062016','026/BL-SMTH/062016','-23000.00','V0000023'),('026/BY-SMTH/062016','026/BL-SMTH/062016','23000.00','V0000023'),('027/BL-SMTH/062016','027/BL-SMTH/062016','-2058500.00','V0000023'),('027/BY-SMTH/062016','027/BL-SMTH/062016','2058500.00','V0000023'),('028/BL-SMTH/062016','028/BL-SMTH/062016','-21000.00','V0000058'),('028/BY-SMTH/062016','028/BL-SMTH/062016','21000.00','V0000058'),('029/BL-SMTH/072016','029/BL-SMTH/072016','-990000.00','V0000013'),('029/BY-SMTH/072016','029/BL-SMTH/072016','990000.00','V0000013'),('030/BL-SMTH/072016','030/BL-SMTH/072016','-1045200.00','V0000023'),('030/BY-SMTH/072016','030/BL-SMTH/072016','1045200.00','V0000023'),('031/BL-SMTH/072016','031/BL-SMTH/072016','-1829000.00','V0000026'),('031/BY-SMTH/072016','031/BL-SMTH/072016','1829000.00','V0000026'),('006/BL-PJSG/072016','006/BL-PJSG/072016','-208000.00','V0000026'),('006/BY-PJSG/072016','006/BL-PJSG/072016','208000.00','V0000026'),('007/BL-PJSG/072016','007/BL-PJSG/072016','-90000.00','V0000026'),('007/BY-PJSG/072016','007/BL-PJSG/072016','90000.00','V0000026'),('008/BL-PJSG/072016','008/BL-PJSG/072016','-150000.00','V0000022'),('008/BY-PJSG/072016','008/BL-PJSG/072016','150000.00','V0000022'),('033/BL-ITRD/072016','033/BL-ITRD/072016','-54500.00','V0000051'),('033/BY-ITRD/072016','033/BL-ITRD/072016','15500.00','V0000051'),('034/BL-ITRD/072016','034/BL-ITRD/072016','-84000.00','V0000006'),('034/BY-ITRD/072016','034/BL-ITRD/072016','16500.00','V0000006'),('035/BL-ITRD/072016','035/BL-ITRD/072016','-46400.00','V0000006'),('035/BY-ITRD/072016','035/BL-ITRD/072016','13700.00','V0000006'),('036/BL-ITRD/072016','036/BL-ITRD/072016','-67500.00','V0000010'),('036/BY-ITRD/072016','036/BL-ITRD/072016','55500.00','V0000010'),('037/BL-ITRD/072016','037/BL-ITRD/072016','-20000.00','V0000010'),('037/BY-ITRD/072016','037/BL-ITRD/072016','15500.00','V0000010'),('038/BL-ITRD/072016','038/BL-ITRD/072016','-4800.00','V0000006'),('038/BY-ITRD/072016','038/BL-ITRD/072016','4800.00','V0000006'),('039/BL-ITRD/072016','039/BL-ITRD/072016','-22400.00','V0000058'),('039/BY-ITRD/072016','039/BL-ITRD/072016','22400.00','V0000058'),('040/BL-ITRD/072016','040/BL-ITRD/072016','-33700.00','V0000006'),('040/BY-ITRD/072016','040/BL-ITRD/072016','15700.00','V0000006'),('041/BL-ITRD/072016','041/BL-ITRD/072016','-20000.00','V0000055'),('041/BY-ITRD/072016','041/BL-ITRD/072016','20000.00','V0000055'),('042/BL-ITRD/072016','042/BL-ITRD/072016','-16600.00','V0000058'),('042/BY-ITRD/072016','042/BL-ITRD/072016','16600.00','V0000058'),('043/BL-ITRD/072016','043/BL-ITRD/072016','-480000.00','V0000008'),('043/BY-ITRD/072016','043/BL-ITRD/072016','480000.00','V0000008'),('044/BL-ITRD/072016','044/BL-ITRD/072016','-32000.00','V0000055'),('044/BY-ITRD/072016','044/BL-ITRD/072016','32000.00','V0000055'),('045/BL-ITRD/072016','045/BL-ITRD/072016','-102000.00','V0000058'),('045/BY-ITRD/072016','045/BL-ITRD/072016','102000.00','V0000058'),('046/BL-ITRD/072016','046/BL-ITRD/072016','-75000.00','V0000052'),('046/BY-ITRD/072016','046/BL-ITRD/072016','75000.00','V0000052'),('047/BL-ITRD/072016','047/BL-ITRD/072016','-30900.00','V0000099'),('047/BY-ITRD/072016','047/BL-ITRD/072016','30900.00','V0000099'),('048/BL-ITRD/072016','048/BL-ITRD/072016','-30200.00','V0000058'),('048/BY-ITRD/072016','048/BL-ITRD/072016','30200.00','V0000058'),('049/BL-ITRD/072016','049/BL-ITRD/072016','-27000.00','V0000006'),('049/BY-ITRD/072016','049/BL-ITRD/072016','27000.00','V0000006'),('050/BL-ITRD/072016','050/BL-ITRD/072016','-10500.00','V0000058'),('050/BY-ITRD/072016','050/BL-ITRD/072016','10500.00','V0000058'),('051/BL-ITRD/072016','051/BL-ITRD/072016','-180000.00','V0000002'),('051/BY-ITRD/072016','051/BL-ITRD/072016','150000.00','V0000002'),('052/BL-ITRD/072016','052/BL-ITRD/072016','-23500.00','V0000020'),('052/BY-ITRD/072016','052/BL-ITRD/072016','23500.00','V0000020'),('053/BL-ITRD/072016','053/BL-ITRD/072016','-120000.00','V0000057'),('053/BY-ITRD/072016','053/BL-ITRD/072016','120000.00','V0000057'),('054/BL-ITRD/072016','054/BL-ITRD/072016','-96000.00','V0000055'),('054/BY-ITRD/072016','054/BL-ITRD/072016','62000.00','V0000055'),('055/BL-ITRD/072016','055/BL-ITRD/072016','-35000.00','V0000053'),('055/BY-ITRD/072016','055/BL-ITRD/072016','35000.00','V0000053'),('056/BL-ITRD/072016','056/BL-ITRD/072016','-44000.00','V0000055'),('056/BY-ITRD/072016','056/BL-ITRD/072016','44000.00','V0000055'),('057/BL-ITRD/072016','057/BL-ITRD/072016','-200000.00','V0000001'),('057/BY-ITRD/072016','057/BL-ITRD/072016','200000.00','V0000001'),('009/BL-PJSG/072016','009/BL-PJSG/072016','-12145000.00','V0000016'),('009/BY-PJSG/072016','009/BL-PJSG/072016','3050000.00','V0000016'),('010/BL-PJSG/072016','010/BL-PJSG/072016','-8980000.00','V0000055'),('010/BY-PJSG/072016','010/BL-PJSG/072016','1055000.00','V0000055'),('011/BL-PJSG/072016','011/BL-PJSG/072016','-4955000.00','V0000055'),('011/BY-PJSG/072016','011/BL-PJSG/072016','3880000.00','V0000055'),('012/BL-PJSG/072016','012/BL-PJSG/072016','-4050000.00','V0000026'),('012/BY-PJSG/072016','012/BL-PJSG/072016','30000.00','V0000026'),('013/BL-PJSG/072016','013/BL-PJSG/072016','-186000.00','V0000026'),('013/BY-PJSG/072016','013/BL-PJSG/072016','186000.00','V0000026'),('058/BL-ITRD/072016','058/BL-ITRD/072016','-70000.00','V0000010'),('058/BY-ITRD/072016','058/BL-ITRD/072016','70000.00','V0000010'),('003/BL-ISGN/072016','003/BL-ISGN/072016','-104500.00','V0000013'),('003/BY-ISGN/072016','003/BL-ISGN/072016','15000.00','V0000013'),('004/BL-ISGN/072016','004/BL-ISGN/072016','-340000.00','V0000026'),('004/BY-ISGN/072016','004/BL-ISGN/072016','30000.00','V0000026'),('005/BL-ISGN/072016','005/BL-ISGN/072016','-750000.00','V0000026'),('005/BY-ISGN/072016','005/BL-ISGN/072016','100000.00','V0000026'),('006/BL-ISGN/072016','006/BL-ISGN/072016','-187500.00','V0000022'),('006/BY-ISGN/072016','006/BL-ISGN/072016','127500.00','V0000022'),('007/BL-ISGN/072016','007/BL-ISGN/072016','-380000.00','V0000029'),('007/BY-ISGN/072016','007/BL-ISGN/072016','140000.00','V0000029'),('008/BL-ISGN/072016','008/BL-ISGN/072016','-240000.00','V0000029'),('008/BY-ISGN/072016','008/BL-ISGN/072016','240000.00','V0000029'),('059/BL-ITRD/072016','059/BL-ITRD/072016','-4800000.00','V0000100'),('059/BY-ITRD/072016','059/BL-ITRD/072016','3000000.00','V0000100'),('060/BL-ITRD/072016','060/BL-ITRD/072016','-6400000.00','V0000091'),('060/BY-ITRD/072016','060/BL-ITRD/072016','6400000.00','V0000091'),('061/BL-ITRD/072016','061/BL-ITRD/072016','-500000.00','V0000091'),('061/BY-ITRD/072016','061/BL-ITRD/072016','500000.00','V0000091'),('062/BL-ITRD/072016','062/BL-ITRD/072016','-16500.00','V0000006'),('062/BY-ITRD/072016','062/BL-ITRD/072016','16500.00','V0000006'),('063/BL-ITRD/072016','063/BL-ITRD/072016','-120520.00','V0000006'),('063/BY-ITRD/072016','063/BL-ITRD/072016','120500.00','V0000006'),('064/BL-ITRD/072016','064/BL-ITRD/072016','-10290.00','V0000006'),('064/BY-ITRD/072016','064/BL-ITRD/072016','10290.00','V0000006'),('014/BL-ITNS/072016','014/BL-ITNS/072016','-173000.00','V0000101'),('011/BY-ITNS/072016','014/BL-ITNS/072016','173000.00','V0000101'),('015/BL-ITNS/072016','015/BL-ITNS/072016','-600000.00','V0000042'),('012/BY-ITNS/072016','015/BL-ITNS/072016','600000.00','V0000042'),('016/BL-ITNS/072016','016/BL-ITNS/072016','-51000.00','V0000058'),('013/BY-ITNS/072016','016/BL-ITNS/072016','51000.00','V0000058'),('017/BL-ITNS/072016','017/BL-ITNS/072016','-51000.00','V0000102'),('014/BY-ITNS/072016','017/BL-ITNS/072016','51000.00','V0000102'),('014/BL-PJSG/072016','014/BL-PJSG/072016','-248000.00','V0000026'),('014/BY-PJSG/072016','014/BL-PJSG/072016','248000.00','V0000026'),('009/BL-ISGN/072016','009/BL-ISGN/072016','-480000.00','V0000029'),('009/BY-ISGN/072016','009/BL-ISGN/072016','480000.00','V0000029'),('032/BL-SMTH/072016','032/BL-SMTH/072016','-392000.00','V0000026'),('032/BY-SMTH/072016','032/BL-SMTH/072016','392000.00','V0000026'),('010/BL-ISGN/072016','010/BL-ISGN/072016','-990000.00','V0000013'),('010/BY-ISGN/072016','010/BL-ISGN/072016','990000.00','V0000013'),('033/BL-SMTH/072016','033/BL-SMTH/072016','-2970000.00','V0000029'),('033/BY-SMTH/072016','033/BL-SMTH/072016','2970000.00','V0000029'),('011/BL-ISGN/072016','011/BL-ISGN/072016','-1055000.00','V0000055'),('011/BY-ISGN/072016','011/BL-ISGN/072016','1055000.00','V0000055'),('015/BL-PJSG/072016','015/BL-PJSG/072016','-4020000.00','V0000047'),('015/BY-PJSG/072016','015/BL-PJSG/072016','1045000.00','V0000047'),('034/BL-SMTH/072016','034/BL-SMTH/072016','-1895500.00','V0000055'),('034/BY-SMTH/072016','034/BL-SMTH/072016','1895500.00','V0000055'),('012/BL-ISGN/072016','012/BL-ISGN/072016','-321000.00','V0000026'),('012/BY-ISGN/072016','012/BL-ISGN/072016','286000.00','V0000026'),('013/BL-ISGN/072016','013/BL-ISGN/072016','-718000.00','V0000026'),('013/BY-ISGN/072016','013/BL-ISGN/072016','718000.00','V0000026'),('014/BL-ISGN/072016','014/BL-ISGN/072016','-3786800.00','V0000055'),('014/BY-ISGN/072016','014/BL-ISGN/072016','683000.00','V0000055'),('015/BL-ISGN/072016','015/BL-ISGN/072016','-2888600.00','V0000023'),('015/BY-ISGN/072016','015/BL-ISGN/072016','2888600.00','V0000023'),('016/BL-ISGN/072016','016/BL-ISGN/072016','-47000.00','V0000023'),('016/BY-ISGN/072016','016/BL-ISGN/072016','47000.00','V0000023'),('017/BL-ISGN/072016','017/BL-ISGN/072016','-2818000.00','V0000023'),('017/BY-ISGN/072016','017/BL-ISGN/072016','724000.00','V0000023'),('065/BL-ITRD/072016','065/BL-ITRD/072016','-10000.00','V0000007'),('065/BY-ITRD/072016','065/BL-ITRD/072016','10000.00','V0000007'),('066/BL-ITRD/072016','066/BL-ITRD/072016','-48000.00','V0000007'),('066/BY-ITRD/072016','066/BL-ITRD/072016','32000.00','V0000007'),('067/BL-ITRD/072016','067/BL-ITRD/072016','-23500.00','V0000007'),('067/BY-ITRD/072016','067/BL-ITRD/072016','23500.00','V0000007'),('068/BL-ITRD/072016','068/BL-ITRD/072016','-157000.00','V0000007'),('068/BY-ITRD/072016','068/BL-ITRD/072016','58500.00','V0000007'),('069/BL-ITRD/072016','069/BL-ITRD/072016','-103250.00','V0000066'),('069/BY-ITRD/072016','069/BL-ITRD/072016','18250.00','V0000066'),('070/BL-ITRD/072016','070/BL-ITRD/072016','-141200.00','V0000066'),('070/BY-ITRD/072016','070/BL-ITRD/072016','56200.00','V0000066'),('071/BL-ITRD/072016','071/BL-ITRD/072016','-480000.00','V0000008'),('071/BY-ITRD/072016','071/BL-ITRD/072016','480000.00','V0000008'),('018/BL-ISGN/072016','018/BL-ISGN/072016','-53500.00','V0000022'),('018/BY-ISGN/072016','018/BL-ISGN/072016','18500.00','V0000022'),('016/BL-PJSG/072016','016/BL-PJSG/072016','-400000.00','V0000026'),('016/BY-PJSG/072016','016/BL-PJSG/072016','400000.00','V0000026'),('072/BL-ITRD/072016','072/BL-ITRD/072016','-75000.00','V0000007'),('072/BY-ITRD/072016','072/BL-ITRD/072016','75000.00','V0000007'),('073/BL-ITRD/072016','073/BL-ITRD/072016','-3240000.00','V0000081'),('073/BY-ITRD/072016','073/BL-ITRD/072016','3240000.00','V0000081'),('074/BL-ITRD/072016','074/BL-ITRD/072016','-90000.00','V0000006'),('074/BY-ITRD/072016','074/BL-ITRD/072016','19000.00','V0000006'),('075/BL-ITRD/072016','075/BL-ITRD/072016','-30500.00','V0000007'),('075/BY-ITRD/072016','075/BL-ITRD/072016','30500.00','V0000007'),('076/BL-ITRD/072016','076/BL-ITRD/072016','-70000.00','V0000010'),('076/BY-ITRD/072016','076/BL-ITRD/072016','70000.00','V0000010'),('077/BL-ITRD/072016','077/BL-ITRD/072016','-85000.00','V0000055'),('077/BY-ITRD/072016','077/BL-ITRD/072016','85000.00','V0000055'),('018/BL-ITNS/072016','018/BL-ITNS/072016','-50000.00','V0000058'),('015/BY-ITNS/072016','018/BL-ITNS/072016','50000.00','V0000058'),('078/BL-ITRD/072016','078/BL-ITRD/072016','-102000.00','V0000058'),('078/BY-ITRD/072016','078/BL-ITRD/072016','102000.00','V0000058'),('017/BL-PJSG/072016','017/BL-PJSG/072016','-1396000.00','V0000023'),('017/BY-PJSG/072016','017/BL-PJSG/072016','1396000.00','V0000023'),('019/BL-ISGN/072016','019/BL-ISGN/072016','-385000.00','V0000023'),('019/BY-ISGN/072016','019/BL-ISGN/072016','385000.00','V0000023'),('079/BL-ITRD/072016','079/BL-ITRD/072016','-27500.00','V0000056'),('079/BY-ITRD/072016','079/BL-ITRD/072016','27500.00','V0000056'),('080/BL-ITRD/072016','080/BL-ITRD/072016','-206000.00','V0000076'),('080/BY-ITRD/072016','080/BL-ITRD/072016','206000.00','V0000076'),('018/BL-PJSG/072016','018/BL-PJSG/072016','-358000.00','V0000026'),('018/BY-PJSG/072016','018/BL-PJSG/072016','358000.00','V0000026'),('019/BL-PJSG/072016','019/BL-PJSG/072016','-220000.00','V0000026'),('019/BY-PJSG/072016','019/BL-PJSG/072016','220000.00','V0000026'),('020/BL-PJSG/072016','020/BL-PJSG/072016','-400000.00','V0000026'),('020/BY-PJSG/072016','020/BL-PJSG/072016','400000.00','V0000026'),('021/BL-PJSG/072016','021/BL-PJSG/072016','-496000.00','V0000026'),('021/BY-PJSG/072016','021/BL-PJSG/072016','496000.00','V0000026'),('081/BL-ITRD/072016','081/BL-ITRD/072016','-66500.00','V0000087'),('081/BY-ITRD/072016','081/BL-ITRD/072016','66500.00','V0000087'),('082/BL-ITRD/072016','082/BL-ITRD/072016','-540000.00','V0000055'),('082/BY-ITRD/072016','082/BL-ITRD/072016','540000.00','V0000055'),('083/BL-ITRD/082016','083/BL-ITRD/082016','-1000000.00','V0000055'),('083/BY-ITRD/082016','083/BL-ITRD/082016','500000.00','V0000055'),('084/BL-ITRD/082016','084/BL-ITRD/082016','-500000.00','V0000055'),('084/BY-ITRD/082016','084/BL-ITRD/082016','500000.00','V0000055'),('085/BL-ITRD/082016','085/BL-ITRD/082016','-18500.00','V0000055'),('085/BY-ITRD/082016','085/BL-ITRD/082016','18500.00','V0000055'),('086/BL-ITRD/082016','086/BL-ITRD/082016','-280000.00','V0000056'),('086/BY-ITRD/082016','086/BL-ITRD/082016','280000.00','V0000056'),('087/BL-ITRD/082016','087/BL-ITRD/082016','-552500.00','V0000084'),('087/BY-ITRD/082016','087/BL-ITRD/082016','552500.00','V0000084'),('035/BL-SMTH/082016','035/BL-SMTH/082016','-2214000.00','V0000016'),('035/BY-SMTH/082016','035/BL-SMTH/082016','360000.00','V0000016'),('088/BL-ITRD/082016','088/BL-ITRD/082016','-621000.00','V0000054'),('088/BY-ITRD/082016','088/BL-ITRD/082016','543000.00','V0000054'),('036/BL-SMTH/082016','036/BL-SMTH/082016','-315000.00','V0000016'),('036/BY-SMTH/082016','036/BL-SMTH/082016','315000.00','V0000016'),('020/BL-ISGN/082016','020/BL-ISGN/082016','-1176000.00','V0000015'),('020/BY-ISGN/082016','020/BL-ISGN/082016','1176000.00','V0000015'),('021/BL-ISGN/082016','021/BL-ISGN/082016','-902000.00','V0000015'),('021/BY-ISGN/082016','021/BL-ISGN/082016','552000.00','V0000015'),('022/BL-ISGN/082016','022/BL-ISGN/082016','-1279000.00','V0000015'),('022/BY-ISGN/082016','022/BL-ISGN/082016','1104000.00','V0000015'),('023/BL-ISGN/082016','023/BL-ISGN/082016','-23800.00','V0000058'),('023/BY-ISGN/082016','023/BL-ISGN/082016','23800.00','V0000058'),('037/BL-SMTH/082016','037/BL-SMTH/082016','-325000.00','V0000015'),('037/BY-SMTH/082016','037/BL-SMTH/082016','325000.00','V0000015'),('022/BL-PJSG/082016','022/BL-PJSG/082016','-490000.00','V0000026'),('022/BY-PJSG/082016','022/BL-PJSG/082016','490000.00','V0000026'),('024/BL-ISGN/082016','024/BL-ISGN/082016','-254000.00','V0000026'),('024/BY-ISGN/082016','024/BL-ISGN/082016','254000.00','V0000026'),('038/BL-SMTH/082016','038/BL-SMTH/082016','-200000.00','V0000026'),('038/BY-SMTH/082016','038/BL-SMTH/082016','200000.00','V0000026'),('039/BL-SMTH/082016','039/BL-SMTH/082016','-500000.00','V0000026'),('039/BY-SMTH/082016','039/BL-SMTH/082016','500000.00','V0000026'),('040/BL-SMTH/082016','040/BL-SMTH/082016','-70000.00','V0000026'),('040/BY-SMTH/082016','040/BL-SMTH/082016','70000.00','V0000026'),('041/BL-SMTH/082016','041/BL-SMTH/082016','-75200.00','V0000023'),('041/BY-SMTH/082016','041/BL-SMTH/082016','56000.00','V0000023'),('042/BL-SMTH/082016','042/BL-SMTH/082016','-40000.00','V0000055'),('042/BY-SMTH/082016','042/BL-SMTH/082016','40000.00','V0000055'),('043/BL-SMTH/082016','043/BL-SMTH/082016','-1055000.00','V0000055'),('043/BY-SMTH/082016','043/BL-SMTH/082016','1055000.00','V0000055'),('044/BL-SMTH/082016','044/BL-SMTH/082016','-340000.00','V0000103'),('044/BY-SMTH/082016','044/BL-SMTH/082016','340000.00','V0000103'),('089/BL-ITRD/082016','089/BL-ITRD/082016','-100000.00','V0000055'),('089/BY-ITRD/082016','089/BL-ITRD/082016','100000.00','V0000055'),('090/BL-ITRD/082016','090/BL-ITRD/082016','-16500.00','V0000006'),('090/BY-ITRD/082016','090/BL-ITRD/082016','16500.00','V0000006'),('091/BL-ITRD/082016','091/BL-ITRD/082016','-503490.00','V0000008'),('091/BY-ITRD/082016','091/BL-ITRD/082016','227490.00','V0000008'),('092/BL-ITRD/082016','092/BL-ITRD/082016','-560010.00','V0000008'),('092/BY-ITRD/082016','092/BL-ITRD/082016','560000.00','V0000008'),('093/BL-ITRD/082016','093/BL-ITRD/082016','-27500.00','V0000056'),('093/BY-ITRD/082016','093/BL-ITRD/082016','27500.00','V0000056'),('094/BL-ITRD/082016','094/BL-ITRD/082016','-21300.00','V0000006'),('094/BY-ITRD/082016','094/BL-ITRD/082016','21300.00','V0000006'),('095/BL-ITRD/082016','095/BL-ITRD/082016','-32000.00','V0000007'),('095/BY-ITRD/082016','095/BL-ITRD/082016','32000.00','V0000007'),('096/BL-ITRD/082016','096/BL-ITRD/082016','-278200.00','V0000006'),('096/BY-ITRD/082016','096/BL-ITRD/082016','28200.00','V0000006'),('097/BL-ITRD/082016','097/BL-ITRD/082016','-250000.00','V0000055'),('097/BY-ITRD/082016','097/BL-ITRD/082016','250000.00','V0000055'),('098/BL-ITRD/082016','098/BL-ITRD/082016','-110000.00','V0000007'),('098/BY-ITRD/082016','098/BL-ITRD/082016','16000.00','V0000007'),('099/BL-ITRD/082016','099/BL-ITRD/082016','-90000.00','V0000007'),('099/BY-ITRD/082016','099/BL-ITRD/082016','60000.00','V0000007'),('100/BL-ITRD/082016','100/BL-ITRD/082016','-1300000.00','V0000001'),('100/BY-ITRD/082016','100/BL-ITRD/082016','1300000.00','V0000001'),('101/BL-ITRD/082016','101/BL-ITRD/082016','-16500.00','V0000006'),('101/BY-ITRD/082016','101/BL-ITRD/082016','16500.00','V0000006'),('102/BL-ITRD/082016','102/BL-ITRD/082016','-480000.00','V0000008'),('102/BY-ITRD/082016','102/BL-ITRD/082016','480000.00','V0000008'),('045/BL-SMTH/082016','045/BL-SMTH/082016','-963000.00','V0000016'),('045/BY-SMTH/082016','045/BL-SMTH/082016','963000.00','V0000016'),('103/BL-ITRD/082016','103/BL-ITRD/082016','-60000.00','V0000007'),('103/BY-ITRD/082016','103/BL-ITRD/082016','60000.00','V0000007'),('025/BL-ISGN/082016','025/BL-ISGN/082016','-474000.00','V0000029'),('025/BY-ISGN/082016','025/BL-ISGN/082016','474000.00','V0000029'),('026/BL-ISGN/082016','026/BL-ISGN/082016','-1500000.00','V0000031'),('026/BY-ISGN/082016','026/BL-ISGN/082016','1500000.00','V0000031'),('027/BL-ISGN/082016','027/BL-ISGN/082016','-93000.00','V0000019'),('027/BY-ISGN/082016','027/BL-ISGN/082016','93000.00','V0000019'),('007/BL-SMNC/082016','007/BL-SMNC/082016','-370000.00','V0000019'),('007/BY-SMNC/082016','007/BL-SMNC/082016','370000.00','V0000019'),('104/BL-ITRD/082016','104/BL-ITRD/082016','-11000.00','V0000007'),('104/BY-ITRD/082016','104/BL-ITRD/082016','11000.00','V0000007'),('105/BL-ITRD/082016','105/BL-ITRD/082016','-30000.00','V0000007'),('105/BY-ITRD/082016','105/BL-ITRD/082016','30000.00','V0000007'),('106/BL-ITRD/082016','106/BL-ITRD/082016','-18000.00','V0000055'),('106/BY-ITRD/082016','106/BL-ITRD/082016','18000.00','V0000055'),('107/BL-ITRD/082016','107/BL-ITRD/082016','-74000.00','V0000010'),('107/BY-ITRD/082016','107/BL-ITRD/082016','74000.00','V0000010'),('019/BL-ITNS/082016','019/BL-ITNS/082016','-51000.00','V0000058'),('016/BY-ITNS/082016','019/BL-ITNS/082016','51000.00','V0000058'),('008/BL-SMNC/082016','008/BL-SMNC/082016','-1250000.00','V0000031'),('008/BY-SMNC/082016','008/BL-SMNC/082016','1250000.00','V0000031'),('108/BL-ITRD/082016','108/BL-ITRD/082016','-25300.00','V0000006'),('108/BY-ITRD/082016','108/BL-ITRD/082016','25300.00','V0000006'),('109/BL-ITRD/082016','109/BL-ITRD/082016','-32600.00','V0000087'),('109/BY-ITRD/082016','109/BL-ITRD/082016','32600.00','V0000087'),('110/BL-ITRD/082016','110/BL-ITRD/082016','-120000.00','V0000048'),('110/BY-ITRD/082016','110/BL-ITRD/082016','120000.00','V0000048'),('111/BL-ITRD/082016','111/BL-ITRD/082016','-230000.00','V0000056'),('111/BY-ITRD/082016','111/BL-ITRD/082016','230000.00','V0000056'),('028/BL-ISGN/082016','028/BL-ISGN/082016','-2285000.00','V0000104'),('028/BY-ISGN/082016','028/BL-ISGN/082016','1430000.00','V0000104'),('020/BL-ITNS/082016','020/BL-ITNS/082016','-60000.00','V0000048'),('017/BY-ITNS/082016','020/BL-ITNS/082016','60000.00','V0000048'),('021/BL-ITNS/082016','021/BL-ITNS/082016','-1372000.00','V0000070'),('018/BY-ITNS/082016','021/BL-ITNS/082016','1372000.00','V0000070'),('022/BL-ITNS/082016','022/BL-ITNS/082016','-600000.00','V0000042'),('019/BY-ITNS/082016','022/BL-ITNS/082016','600000.00','V0000042'),('023/BL-ITNS/082016','023/BL-ITNS/082016','-230004.00','V0000055'),('020/BY-ITNS/082016','023/BL-ITNS/082016','230000.00','V0000055'),('024/BL-ITNS/082016','024/BL-ITNS/082016','-225000.00','V0000055'),('021/BY-ITNS/082016','024/BL-ITNS/082016','225000.00','V0000055'),('025/BL-ITNS/082016','025/BL-ITNS/082016','-4000000.00','V0000105'),('022/BY-ITNS/082016','025/BL-ITNS/082016','4000000.00','V0000105'),('026/BL-ITNS/082016','026/BL-ITNS/082016','-153000.00','V0000099'),('023/BY-ITNS/082016','026/BL-ITNS/082016','51000.00','V0000099'),('027/BL-ITNS/082016','027/BL-ITNS/082016','-153000.00','V0000099'),('024/BY-ITNS/082016','027/BL-ITNS/082016','51000.00','V0000099'),('028/BL-ITNS/082016','028/BL-ITNS/082016','-51000.00','V0000058'),('025/BY-ITNS/082016','028/BL-ITNS/082016','51000.00','V0000058'),('029/BL-ITNS/082016','029/BL-ITNS/082016','-51000.00','V0000099'),('026/BY-ITNS/082016','029/BL-ITNS/082016','51000.00','V0000099'),('030/BL-ITNS/082016','030/BL-ITNS/082016','-51000.00','V0000102'),('027/BY-ITNS/082016','030/BL-ITNS/082016','51000.00','V0000102'),('031/BL-ITNS/082016','031/BL-ITNS/082016','-160000.00','V0000055'),('028/BY-ITNS/082016','031/BL-ITNS/082016','160000.00','V0000055'),('032/BL-ITNS/082016','032/BL-ITNS/082016','-160000.00','V0000055'),('029/BY-ITNS/082016','032/BL-ITNS/082016','160000.00','V0000055'),('033/BL-ITNS/082016','033/BL-ITNS/082016','-60000.00','V0000048'),('030/BY-ITNS/082016','033/BL-ITNS/082016','60000.00','V0000048'),('112/BL-ITRD/082016','112/BL-ITRD/082016','-27500.00','V0000056'),('112/BY-ITRD/082016','112/BL-ITRD/082016','27500.00','V0000056'),('113/BL-ITRD/082016','113/BL-ITRD/082016','-70000.00','V0000010'),('113/BY-ITRD/082016','113/BL-ITRD/082016','70000.00','V0000010'),('114/BL-ITRD/082016','114/BL-ITRD/082016','-16500.00','V0000006'),('114/BY-ITRD/082016','114/BL-ITRD/082016','16500.00','V0000006'),('023/BL-PJSG/082016','023/BL-PJSG/082016','-2448500.00','V0000055'),('023/BY-PJSG/082016','023/BL-PJSG/082016','2448500.00','V0000055'),('029/BL-ISGN/082016','029/BL-ISGN/082016','-370000.00','V0000022'),('029/BY-ISGN/082016','029/BL-ISGN/082016','150000.00','V0000022'),('024/BL-PJSG/082016','024/BL-PJSG/082016','-136000.00','V0000106'),('024/BY-PJSG/082016','024/BL-PJSG/082016','136000.00','V0000106'),('030/BL-ISGN/082016','030/BL-ISGN/082016','-250000.00','V0000026'),('030/BY-ISGN/082016','030/BL-ISGN/082016','190000.00','V0000026'),('031/BL-ISGN/082016','031/BL-ISGN/082016','-87500.00','V0000026'),('031/BY-ISGN/082016','031/BL-ISGN/082016','87500.00','V0000026'),('032/BL-ISGN/082016','032/BL-ISGN/082016','-180000.00','V0000026'),('032/BY-ISGN/082016','032/BL-ISGN/082016','180000.00','V0000026'),('033/BL-ISGN/082016','033/BL-ISGN/082016','-120000.00','V0000026'),('033/BY-ISGN/082016','033/BL-ISGN/082016','90000.00','V0000026'),('034/BL-ISGN/082016','034/BL-ISGN/082016','-155000.00','V0000016'),('034/BY-ISGN/082016','034/BL-ISGN/082016','50000.00','V0000016'),('035/BL-ISGN/082016','035/BL-ISGN/082016','-160000.00','V0000016'),('035/BY-ISGN/082016','035/BL-ISGN/082016','100000.00','V0000016'),('036/BL-ISGN/082016','036/BL-ISGN/082016','-280800.00','V0000016'),('036/BY-ISGN/082016','036/BL-ISGN/082016','280800.00','V0000016'),('025/BL-PJSG/082016','025/BL-PJSG/082016','-3531000.00','V0000047'),('025/BY-PJSG/082016','025/BL-PJSG/082016','1045000.00','V0000047'),('026/BL-PJSG/082016','026/BL-PJSG/082016','-2486000.00','V0000016'),('026/BY-PJSG/082016','026/BL-PJSG/082016','936000.00','V0000016'),('037/BL-ISGN/082016','037/BL-ISGN/082016','-580000.00','V0000029'),('037/BY-ISGN/082016','037/BL-ISGN/082016','580000.00','V0000029'),('038/BL-ISGN/082016','038/BL-ISGN/082016','-70000.00','V0000026'),('038/BY-ISGN/082016','038/BL-ISGN/082016','70000.00','V0000026'),('039/BL-ISGN/082016','039/BL-ISGN/082016','-30625000.00','V0000098'),('039/BY-ISGN/082016','039/BL-ISGN/082016','13300000.00','V0000098'),('046/BL-SMTH/082016','046/BL-SMTH/082016','-344000.00','V0000026'),('046/BY-SMTH/082016','046/BL-SMTH/082016','344000.00','V0000026'),('115/BL-ITRD/082016','115/BL-ITRD/082016','-560000.00','V0000008'),('115/BY-ITRD/082016','115/BL-ITRD/082016','560000.00','V0000008'),('047/BL-SMTH/082016','047/BL-SMTH/082016','-618000.00','V0000023'),('047/BY-SMTH/082016','047/BL-SMTH/082016','618000.00','V0000023'),('048/BL-SMTH/082016','048/BL-SMTH/082016','-19200.00','V0000023'),('048/BY-SMTH/082016','048/BL-SMTH/082016','19200.00','V0000023'),('034/BL-ITNS/082016','034/BL-ITNS/082016','-415000.00','V0000022'),('031/BY-ITNS/082016','034/BL-ITNS/082016','115000.00','V0000022'),('035/BL-ITNS/082016','035/BL-ITNS/082016','-600000.00','V0000042'),('032/BY-ITNS/082016','035/BL-ITNS/082016','600000.00','V0000042'),('116/BL-ITRD/082016','116/BL-ITRD/082016','-1270800.00','V0000107'),('116/BY-ITRD/082016','116/BL-ITRD/082016','1270800.00','V0000107'),('117/BL-ITRD/082016','117/BL-ITRD/082016','-46500.00','V0000007'),('117/BY-ITRD/082016','117/BL-ITRD/082016','46500.00','V0000007'),('118/BL-ITRD/082016','118/BL-ITRD/082016','-65500.00','V0000055'),('118/BY-ITRD/082016','118/BL-ITRD/082016','25000.00','V0000055'),('119/BL-ITRD/082016','119/BL-ITRD/082016','-1767000.00','V0000054'),('119/BY-ITRD/082016','119/BL-ITRD/082016','1767000.00','V0000054'),('120/BL-ITRD/082016','120/BL-ITRD/082016','-3533500.00','V0000054'),('120/BY-ITRD/082016','120/BL-ITRD/082016','3533500.00','V0000054'),('121/BL-ITRD/082016','121/BL-ITRD/082016','-2017000.00','V0000054'),('121/BY-ITRD/082016','121/BL-ITRD/082016','92000.00','V0000054'),('122/BL-ITRD/082016','122/BL-ITRD/082016','-16500.00','V0000006'),('122/BY-ITRD/082016','122/BL-ITRD/082016','16500.00','V0000006');

/*Table structure for table `pembayaran` */


CREATE TABLE `pembayaran` (
  `kodeperusahaan` varchar(4) DEFAULT NULL,
  `lokasi` varchar(3) DEFAULT NULL,
  `kodebayar` varchar(20) DEFAULT NULL,
  `kodevendor` varchar(20) DEFAULT NULL,
  `jmlrp` decimal(15,2) DEFAULT NULL,
  `tglbayar` date DEFAULT NULL,
  `jnsbayar` int(1) DEFAULT NULL,
  `idbank_tujuan` varchar(5) DEFAULT NULL,
  `norek_tujuan` varchar(20) DEFAULT NULL,
  `tglentry` datetime DEFAULT NULL,
  `userid` varchar(20) DEFAULT NULL
) ENGINE=InnoDB DEFAULT CHARSET=latin1;

/*Data for the table `pembayaran` */

insert  into `pembayaran`(kodeperusahaan,lokasi,kodebayar,kodevendor,jmlrp,tglbayar,jnsbayar,idbank_tujuan,norek_tujuan,tglentry,userid) values ('ITRD','201','001/BY-ITRD/062016','V0000006','21100.00','2016-06-03',1,NULL,NULL,'2016-06-20 10:15:35','ayuproc'),('ITRD','201','002/BY-ITRD/062016','V0000006','11300.00','2016-06-03',1,NULL,NULL,'2016-06-20 10:16:47','ayuproc'),('ITRD','201','003/BY-ITRD/062016','V0000080','3150000.00','2016-06-04',1,NULL,NULL,'2016-06-20 10:45:57','ayuproc'),('ITRD','201','004/BY-ITRD/062016','V0000060','1039000.00','2016-06-09',1,NULL,NULL,'2016-06-20 10:59:25','ayuproc'),('ITRD','201','005/BY-ITRD/062016','V0000055','73000.00','2016-06-08',1,NULL,NULL,'2016-06-20 11:07:08','ayuproc'),('ITRD','201','006/BY-ITRD/062016','V0000055','25000.00','2016-06-11',1,NULL,NULL,'2016-06-20 11:11:30','ayuproc'),('ITRD','201','007/BY-ITRD/062016','V0000055','60000.00','2016-06-08',1,NULL,NULL,'2016-06-20 11:16:09','ayuproc'),('ITRD','201','008/BY-ITRD/062016','V0000008','560000.00','2016-06-03',1,NULL,NULL,'2016-06-20 11:18:51','ayuproc'),('ITRD','201','009/BY-ITRD/062016','V0000055','765000.00','2016-06-07',1,NULL,NULL,'2016-06-20 11:21:42','ayuproc'),('ITRD','201','010/BY-ITRD/062016','V0000003','51000.00','2016-06-04',1,NULL,NULL,'2016-06-20 13:01:21','ayuproc'),('ITRD','201','011/BY-ITRD/062016','V0000003','51000.00','2016-06-04',1,NULL,NULL,'2016-06-20 13:02:14','ayuproc'),('ITRD','201','012/BY-ITRD/062016','V0000079','6000000.00','2016-06-02',1,NULL,NULL,'2016-06-20 13:04:42','ayuproc'),('ITRD','201','013/BY-ITRD/062016','V0000055','211000.00','2016-06-06',1,NULL,NULL,'2016-06-20 13:21:52','ayuproc'),('ITRD','201','014/BY-ITRD/062016','V0000083','43000.00','2016-06-06',1,NULL,NULL,'2016-06-20 13:26:39','ayuproc'),('ITRD','201','015/BY-ITRD/062016','V0000087','21500.00','2016-06-07',1,NULL,NULL,'2016-06-20 13:37:27','ayuproc'),('ITRD','201','016/BY-ITRD/062016','V0000087','57900.00','2016-06-07',1,NULL,NULL,'2016-06-20 13:53:10','ayuproc'),('ITRD','201','017/BY-ITRD/062016','V0000053','20000.00','2016-06-18',1,NULL,NULL,'2016-06-20 14:10:07','ayuproc'),('ITRD','201','018/BY-ITRD/062016','V0000056','450000.00','2016-06-18',1,NULL,NULL,'2016-06-20 14:25:40','ayuproc'),('ITRD','201','019/BY-ITRD/062016','V0000088','1100000.00','2016-06-17',1,NULL,NULL,'2016-06-20 14:44:14','ayuproc'),('ITRD','201','020/BY-ITRD/062016','V0000089','53000.00','2016-06-08',1,NULL,NULL,'2016-06-20 15:12:15','ayuproc'),('PJSG','201','001/BY-PJSG/062016','V0000022','150000.00','2016-06-02',1,NULL,NULL,'2016-06-21 10:23:35','ayuproc'),('PJSG','201','002/BY-PJSG/062016','V0000026','90000.00','2016-06-02',1,NULL,NULL,'2016-06-21 10:24:38','ayuproc'),('PJSG','201','003/BY-PJSG/062016','V0000026','250000.00','2016-06-08',1,NULL,NULL,'2016-06-21 10:25:36','ayuproc'),('PJSG','201','004/BY-PJSG/062016','V0000026','878000.00','2016-06-08',1,NULL,NULL,'2016-06-21 10:28:10','ayuproc'),('PJSG','201','005/BY-PJSG/062016','V0000026','250000.00','2016-06-02',1,NULL,NULL,'2016-06-21 10:29:07','ayuproc'),('ISGN','201','001/BY-ISGN/062016','V0000090','450000.00','2016-06-10',1,NULL,NULL,'2016-06-23 14:39:25','ayuproc'),('ITRD','201','021/BY-ITRD/062016','V0000091','2250000.00','2016-06-14',1,NULL,NULL,'2016-06-24 13:00:05','ayuproc'),('ITRD','201','022/BY-ITRD/062016','V0000052','116400.00','2016-06-21',1,NULL,NULL,'2016-06-24 14:08:28','ayuproc'),('ITRD','201','023/BY-ITRD/062016','V0000003','51000.00','2016-06-18',1,NULL,NULL,'2016-06-24 14:33:04','ayuproc'),('ITRD','201','024/BY-ITRD/062016','V0000003','51000.00','2016-06-18',1,NULL,NULL,'2016-06-24 14:34:21','ayuproc'),('ITRD','201','025/BY-ITRD/062016','V0000058','16400.00','2016-06-20',1,NULL,NULL,'2016-06-25 09:42:37','ayuproc'),('ITRD','201','026/BY-ITRD/062016','V0000078','130000.00','2016-06-22',1,NULL,NULL,'2016-06-25 09:59:46','ayuproc'),('ITRD','201','027/BY-ITRD/062016','V0000053','35000.00','2016-06-23',1,NULL,NULL,'2016-06-25 10:55:22','ayuproc'),('ITRD','201','028/BY-ITRD/062016','V0000055','28000.00','2016-06-16',1,NULL,NULL,'2016-06-27 08:38:57','ayuproc'),('ITRD','201','029/BY-ITRD/062016','V0000055','1000000.00','2016-06-25',1,NULL,NULL,'2016-06-27 08:44:47','ayuproc'),('ITRD','201','030/BY-ITRD/062016','V0000055','104000.00','2016-06-28',1,NULL,NULL,'2016-06-28 09:27:15','ayuproc'),('ISGN','201','002/BY-ISGN/062016','V0000092','177500.00','2016-06-25',1,NULL,NULL,'2016-06-28 09:44:24','ayuproc'),('ITNS','201','001/BY-ITNS/062016','V0000048','60000.00','2016-06-25',1,NULL,NULL,'2016-06-28 09:56:55','ayuproc'),('ITNS','201','002/BY-ITNS/062016','V0000003','51000.00','2016-06-23',1,NULL,NULL,'2016-06-28 09:58:55','ayuproc'),('ITNS','201','003/BY-ITNS/062016','V0000058','51000.00','2016-06-27',1,NULL,NULL,'2016-06-28 10:01:33','ayuproc'),('ITNS','201','004/BY-ITNS/062016','V0000003','51000.00','2016-06-11',1,NULL,NULL,'2016-06-28 10:03:45','ayuproc'),('ITNS','201','005/BY-ITNS/062016','V0000003','51000.00','2016-06-23',1,NULL,NULL,'2016-06-28 10:04:43','ayuproc'),('ITNS','201','006/BY-ITNS/062016','V0000003','51000.00','2016-06-24',1,NULL,NULL,'2016-06-28 10:05:24','ayuproc'),('ITNS','201','007/BY-ITNS/062016','V0000003','51000.00','2016-06-16',1,NULL,NULL,'2016-06-28 10:06:22','ayuproc'),('ITNS','201','008/BY-ITNS/062016','V0000003','51000.00','2016-06-16',1,NULL,NULL,'2016-06-28 10:07:03','ayuproc'),('ITNS','201','009/BY-ITNS/062016','V0000003','51000.00','2016-06-16',1,NULL,NULL,'2016-06-28 10:07:51','ayuproc'),('ITNS','201','010/BY-ITNS/062016','V0000093','260000.00','2016-06-21',1,NULL,NULL,'2016-06-28 10:12:56','ayuproc'),('ITRD','201','031/BY-ITRD/062016','V0000094','290000.00','2016-06-24',1,NULL,NULL,'2016-06-28 10:27:01','ayuproc'),('ITRD','201','032/BY-ITRD/062016','V0000091','600000.00','2016-06-27',1,NULL,NULL,'2016-06-28 10:34:39','ayuproc'),('SMNC','201','001/BY-SMNC/062016','V0000055','600000.00','2016-06-24',1,NULL,NULL,'2016-06-28 14:29:41','ayuproc'),('SMNC','201','002/BY-SMNC/062016','V0000095','725000.00','2016-06-20',1,NULL,NULL,'2016-06-28 14:33:46','ayuproc'),('SMNC','201','003/BY-SMNC/062016','V0000095','2900000.00','2016-06-27',1,NULL,NULL,'2016-06-28 14:34:47','ayuproc'),('SMNC','201','004/BY-SMNC/062016','V0000096','800000.00','2016-06-10',1,NULL,NULL,'2016-06-28 14:37:10','ayuproc'),('SMNC','201','005/BY-SMNC/062016','V0000097','1150000.00','2016-06-09',1,NULL,NULL,'2016-06-28 14:45:24','ayuproc'),('SMNC','201','006/BY-SMNC/062016','V0000055','1425000.00','2016-06-10',1,NULL,NULL,'2016-06-28 14:59:05','ayuproc'),('SMTH','201','001/BY-SMTH/062016','V0000023','112000.00','2016-05-18',1,NULL,NULL,'2016-06-29 10:19:18','ayuproc'),('SMTH','201','002/BY-SMTH/062016','V0000026','906000.00','2016-05-18',1,NULL,NULL,'2016-06-29 10:23:19','ayuproc'),('SMTH','201','003/BY-SMTH/062016','V0000026','675000.00','2016-05-18',1,NULL,NULL,'2016-06-29 10:27:24','ayuproc'),('SMTH','201','004/BY-SMTH/062016','V0000026','190000.00','2016-05-18',1,NULL,NULL,'2016-06-29 10:38:47','ayuproc'),('SMTH','201','005/BY-SMTH/062016','V0000026','50000.00','2016-05-18',1,NULL,NULL,'2016-06-29 10:46:38','ayuproc'),('SMTH','201','006/BY-SMTH/062016','V0000026','100000.00','2016-05-18',1,NULL,NULL,'2016-06-29 11:10:56','ayuproc'),('SMTH','201','007/BY-SMTH/062016','V0000026','70000.00','2016-05-18',1,NULL,NULL,'2016-06-29 11:12:46','ayuproc'),('SMTH','201','008/BY-SMTH/062016','V0000026','45000.00','2016-05-18',1,NULL,NULL,'2016-06-29 11:18:01','ayuproc'),('SMTH','201','009/BY-SMTH/062016','V0000098','1050000.00','2016-05-03',1,NULL,NULL,'2016-06-29 11:33:39','ayuproc'),('SMTH','201','010/BY-SMTH/062016','V0000015','1260000.00','2016-04-19',1,NULL,NULL,'2016-06-29 11:39:08','ayuproc'),('SMTH','201','011/BY-SMTH/062016','V0000015','252000.00','2016-05-12',1,NULL,NULL,'2016-06-29 11:44:23','ayuproc'),('SMTH','201','012/BY-SMTH/062016','V0000013','990000.00','2016-05-12',1,NULL,NULL,'2016-06-29 11:52:33','ayuproc'),('SMTH','201','013/BY-SMTH/062016','V0000013','990000.00','2016-05-18',1,NULL,NULL,'2016-06-29 12:45:55','ayuproc'),('SMTH','201','014/BY-SMTH/062016','V0000026','162000.00','2016-05-20',1,NULL,NULL,'2016-06-29 13:38:26','ayuproc'),('SMTH','201','015/BY-SMTH/062016','V0000059','375000.00','2016-05-20',1,NULL,NULL,'2016-06-30 10:53:57','ayuproc'),('SMTH','201','016/BY-SMTH/062016','V0000059','20000.00','2016-05-20',1,NULL,NULL,'2016-06-30 10:55:41','ayuproc'),('SMTH','201','017/BY-SMTH/062016','V0000055','1170000.00','2016-05-21',1,NULL,NULL,'2016-06-30 10:57:11','ayuproc'),('SMTH','201','018/BY-SMTH/062016','V0000029','120000.00','2016-05-21',1,NULL,NULL,'2016-06-30 11:21:01','ayuproc'),('SMTH','201','019/BY-SMTH/062016','V0000022','90000.00','2016-02-05',1,NULL,NULL,'2016-06-30 11:34:31','ayuproc'),('SMTH','201','020/BY-SMTH/062016','V0000022','42000.00','2016-05-21',1,NULL,NULL,'2016-06-30 11:36:41','ayuproc'),('SMTH','201','021/BY-SMTH/062016','V0000023','1155000.00','2016-05-21',1,NULL,NULL,'2016-06-30 11:42:11','ayuproc'),('SMTH','201','022/BY-SMTH/062016','V0000080','870000.00','2016-06-01',1,NULL,NULL,'2016-06-30 11:47:30','ayuproc'),('SMTH','201','023/BY-SMTH/062016','V0000026','765000.00','2016-06-01',1,NULL,NULL,'2016-06-30 12:04:06','ayuproc'),('SMTH','201','024/BY-SMTH/062016','V0000026','906000.00','2016-06-01',1,NULL,NULL,'2016-06-30 12:06:54','ayuproc'),('SMTH','201','025/BY-SMTH/062016','V0000026','450000.00','2016-06-01',1,NULL,NULL,'2016-06-30 12:52:52','ayuproc'),('SMTH','201','026/BY-SMTH/062016','V0000023','23000.00','2016-06-01',1,NULL,NULL,'2016-06-30 12:56:09','ayuproc'),('SMTH','201','027/BY-SMTH/062016','V0000023','2058500.00','2016-06-01',1,NULL,NULL,'2016-06-30 13:00:34','ayuproc'),('SMTH','201','028/BY-SMTH/062016','V0000058','21000.00','2016-06-01',1,NULL,NULL,'2016-06-30 13:32:16','ayuproc'),('SMTH','201','029/BY-SMTH/072016','V0000013','990000.00','2016-07-01',1,NULL,NULL,'2016-07-02 10:07:40','ayuproc'),('SMTH','201','030/BY-SMTH/072016','V0000023','1045200.00','2016-07-01',1,NULL,NULL,'2016-07-02 10:08:52','ayuproc'),('SMTH','201','031/BY-SMTH/072016','V0000026','1829000.00','2016-07-01',1,NULL,NULL,'2016-07-02 10:11:45','ayuproc'),('PJSG','201','006/BY-PJSG/072016','V0000026','208000.00','2016-06-29',1,NULL,NULL,'2016-07-04 09:22:44','ayuproc'),('PJSG','201','007/BY-PJSG/072016','V0000026','90000.00','2016-06-29',1,NULL,NULL,'2016-07-04 09:23:56','ayuproc'),('PJSG','201','008/BY-PJSG/072016','V0000022','150000.00','2016-07-01',1,NULL,NULL,'2016-07-04 09:25:41','ayuproc'),('ITRD','201','033/BY-ITRD/072016','V0000051','15500.00','2016-07-12',1,NULL,NULL,'2016-07-15 13:56:05','ayuproc'),('ITRD','201','034/BY-ITRD/072016','V0000006','16500.00','2016-07-12',1,NULL,NULL,'2016-07-15 14:04:38','ayuproc'),('ITRD','201','035/BY-ITRD/072016','V0000006','13700.00','2016-07-13',1,NULL,NULL,'2016-07-15 14:09:43','ayuproc'),('ITRD','201','036/BY-ITRD/072016','V0000010','55500.00','2016-07-13',1,NULL,NULL,'2016-07-15 14:13:43','ayuproc'),('ITRD','201','037/BY-ITRD/072016','V0000010','15500.00','2016-07-13',1,NULL,NULL,'2016-07-15 14:23:32','ayuproc'),('ITRD','201','038/BY-ITRD/072016','V0000006','4800.00','2016-07-12',1,NULL,NULL,'2016-07-15 14:24:50','ayuproc'),('ITRD','201','039/BY-ITRD/072016','V0000058','22400.00','2016-07-15',1,NULL,NULL,'2016-07-15 14:27:00','ayuproc'),('ITRD','201','040/BY-ITRD/072016','V0000006','15700.00','2016-07-15',1,NULL,NULL,'2016-07-15 14:34:13','ayuproc'),('ITRD','201','041/BY-ITRD/072016','V0000055','20000.00','2016-07-14',1,NULL,NULL,'2016-07-15 14:36:21','ayuproc'),('ITRD','201','042/BY-ITRD/072016','V0000058','16600.00','2016-07-15',1,NULL,NULL,'2016-07-15 14:58:06','ayuproc'),('ITRD','201','043/BY-ITRD/072016','V0000008','480000.00','2016-07-15',1,NULL,NULL,'2016-07-15 15:52:30','ayuproc'),('ITRD','201','044/BY-ITRD/072016','V0000055','32000.00','2016-07-14',1,NULL,NULL,'2016-07-16 09:00:17','ayuproc'),('ITRD','201','045/BY-ITRD/072016','V0000058','102000.00','2016-07-14',1,NULL,NULL,'2016-07-16 09:28:48','ayuproc'),('ITRD','201','046/BY-ITRD/072016','V0000052','75000.00','2016-07-14',1,NULL,NULL,'2016-07-18 10:54:00','ayuproc'),('ITRD','201','047/BY-ITRD/072016','V0000099','30900.00','2016-06-29',1,NULL,NULL,'2016-07-19 09:43:09','ayuproc'),('ITRD','201','048/BY-ITRD/072016','V0000058','30200.00','2016-06-29',1,NULL,NULL,'2016-07-19 09:48:31','ayuproc'),('ITRD','201','049/BY-ITRD/072016','V0000006','27000.00','2016-06-28',1,NULL,NULL,'2016-07-19 09:51:35','ayuproc'),('ITRD','201','050/BY-ITRD/072016','V0000058','10500.00','2016-06-29',1,NULL,NULL,'2016-07-19 09:56:24','ayuproc'),('ITRD','201','051/BY-ITRD/072016','V0000002','150000.00','2016-06-28',1,NULL,NULL,'2016-07-19 10:41:28','ayuproc'),('ITRD','201','052/BY-ITRD/072016','V0000020','23500.00','2016-07-04',1,NULL,NULL,'2016-07-19 10:43:11','ayuproc'),('ITRD','201','053/BY-ITRD/072016','V0000057','120000.00','2016-06-29',1,NULL,NULL,'2016-07-19 11:27:40','ayuproc'),('ITRD','201','054/BY-ITRD/072016','V0000055','62000.00','2016-07-01',1,NULL,NULL,'2016-07-19 11:44:14','ayuproc'),('ITRD','201','055/BY-ITRD/072016','V0000053','35000.00','2016-07-13',1,NULL,NULL,'2016-07-19 11:46:20','ayuproc'),('ITRD','201','056/BY-ITRD/072016','V0000055','44000.00','2016-06-28',1,NULL,NULL,'2016-07-19 11:51:33','ayuproc'),('ITRD','201','057/BY-ITRD/072016','V0000001','200000.00','2016-06-21',1,NULL,NULL,'2016-07-19 13:41:09','ayuproc'),('PJSG','201','009/BY-PJSG/072016','V0000016','3050000.00','2016-07-18',1,NULL,NULL,'2016-07-19 14:21:51','ayuproc'),('PJSG','201','010/BY-PJSG/072016','V0000055','1055000.00','2016-07-18',1,NULL,NULL,'2016-07-19 14:23:34','ayuproc'),('PJSG','201','011/BY-PJSG/072016','V0000055','3880000.00','2016-07-18',1,NULL,NULL,'2016-07-19 14:25:17','ayuproc'),('PJSG','201','012/BY-PJSG/072016','V0000026','30000.00','2016-07-18',1,NULL,NULL,'2016-07-19 14:28:38','ayuproc'),('PJSG','201','013/BY-PJSG/072016','V0000026','186000.00','2016-07-18',1,NULL,NULL,'2016-07-19 14:31:17','ayuproc'),('ITRD','201','058/BY-ITRD/072016','V0000010','70000.00','2016-07-19',1,NULL,NULL,'2016-07-19 16:15:01','ayuproc'),('ISGN','201','003/BY-ISGN/072016','V0000013','15000.00','2016-07-19',1,NULL,NULL,'2016-07-20 08:20:23','ayuproc'),('ISGN','201','004/BY-ISGN/072016','V0000026','30000.00','2016-07-14',1,NULL,NULL,'2016-07-20 08:28:48','ayuproc'),('ISGN','201','005/BY-ISGN/072016','V0000026','100000.00','2016-07-14',1,NULL,NULL,'2016-07-20 08:30:36','ayuproc'),('ISGN','201','006/BY-ISGN/072016','V0000022','127500.00','2016-07-09',1,NULL,NULL,'2016-07-20 08:33:39','ayuproc'),('ISGN','201','007/BY-ISGN/072016','V0000029','140000.00','2016-06-24',1,NULL,NULL,'2016-07-20 09:14:50','ayuproc'),('ISGN','201','008/BY-ISGN/072016','V0000029','240000.00','2016-06-25',1,NULL,NULL,'2016-07-20 09:15:52','ayuproc'),('ITRD','201','059/BY-ITRD/072016','V0000100','3000000.00','2016-06-09',1,NULL,NULL,'2016-07-20 09:45:32','ayuproc'),('ITRD','201','060/BY-ITRD/072016','V0000091','6400000.00','2016-07-18',1,NULL,NULL,'2016-07-20 11:26:40','ayuproc'),('ITRD','201','061/BY-ITRD/072016','V0000091','500000.00','2016-07-18',1,NULL,NULL,'2016-07-20 11:48:23','ayuproc'),('ITRD','201','062/BY-ITRD/072016','V0000006','16500.00','2016-07-19',1,NULL,NULL,'2016-07-20 13:53:12','ayuproc'),('ITRD','201','063/BY-ITRD/072016','V0000006','120500.00','2016-07-20',1,NULL,NULL,'2016-07-20 14:12:29','ayuproc'),('ITRD','201','064/BY-ITRD/072016','V0000006','10290.00','2016-07-20',1,NULL,NULL,'2016-07-20 14:14:09','ayuproc'),('ITNS','201','011/BY-ITNS/072016','V0000101','173000.00','2016-07-07',1,NULL,NULL,'2016-07-20 14:46:28','ayuproc'),('ITNS','201','012/BY-ITNS/072016','V0000042','600000.00','2016-07-14',1,NULL,NULL,'2016-07-20 14:48:04','ayuproc'),('ITNS','201','013/BY-ITNS/072016','V0000058','51000.00','2016-07-18',1,NULL,NULL,'2016-07-20 14:54:44','ayuproc'),('ITNS','201','014/BY-ITNS/072016','V0000102','51000.00','2016-07-20',1,NULL,NULL,'2016-07-20 14:56:25','ayuproc'),('PJSG','201','014/BY-PJSG/072016','V0000026','248000.00','2016-07-20',1,NULL,NULL,'2016-07-20 16:09:28','ayuproc'),('ISGN','201','009/BY-ISGN/072016','V0000029','480000.00','2016-06-20',1,NULL,NULL,'2016-07-20 16:12:12','ayuproc'),('SMTH','201','032/BY-SMTH/072016','V0000026','392000.00','2016-07-20',1,NULL,NULL,'2016-07-21 09:15:29','ayuproc'),('ISGN','201','010/BY-ISGN/072016','V0000013','990000.00','2016-07-20',1,NULL,NULL,'2016-07-21 13:48:40','ayuproc'),('SMTH','201','033/BY-SMTH/072016','V0000029','2970000.00','2016-06-20',1,NULL,NULL,'2016-07-21 14:20:56','ayuproc'),('ISGN','201','011/BY-ISGN/072016','V0000055','1055000.00','2016-07-20',1,NULL,NULL,'2016-07-21 14:38:56','ayuproc'),('PJSG','201','015/BY-PJSG/072016','V0000047','1045000.00','2016-07-20',1,NULL,NULL,'2016-07-21 14:44:06','ayuproc'),('SMTH','201','034/BY-SMTH/072016','V0000055','1895500.00','2016-07-20',1,NULL,NULL,'2016-07-21 15:57:31','ayuproc'),('ISGN','201','012/BY-ISGN/072016','V0000026','286000.00','2016-07-20',1,NULL,NULL,'2016-07-22 08:36:32','ayuproc'),('ISGN','201','013/BY-ISGN/072016','V0000026','718000.00','2016-07-20',1,NULL,NULL,'2016-07-22 08:40:51','ayuproc'),('ISGN','201','014/BY-ISGN/072016','V0000055','683000.00','2016-07-20',1,NULL,NULL,'2016-07-22 08:43:09','ayuproc'),('ISGN','201','015/BY-ISGN/072016','V0000023','2888600.00','2016-07-21',1,NULL,NULL,'2016-07-22 09:04:34','ayuproc'),('ISGN','201','016/BY-ISGN/072016','V0000023','47000.00','2016-07-21',1,NULL,NULL,'2016-07-22 09:06:13','ayuproc'),('ISGN','201','017/BY-ISGN/072016','V0000023','724000.00','2016-07-21',1,NULL,NULL,'2016-07-22 09:10:46','ayuproc'),('ITRD','201','065/BY-ITRD/072016','V0000007','10000.00','2016-07-22',1,NULL,NULL,'2016-07-23 09:55:04','ayuproc'),('ITRD','201','066/BY-ITRD/072016','V0000007','32000.00','2016-07-21',1,NULL,NULL,'2016-07-23 09:56:45','ayuproc'),('ITRD','201','067/BY-ITRD/072016','V0000007','23500.00','2016-07-21',1,NULL,NULL,'2016-07-23 09:59:59','ayuproc'),('ITRD','201','068/BY-ITRD/072016','V0000007','58500.00','2016-07-21',1,NULL,NULL,'2016-07-23 11:01:51','ayuproc'),('ITRD','201','069/BY-ITRD/072016','V0000066','18250.00','2016-07-21',1,NULL,NULL,'2016-07-23 11:04:31','ayuproc'),('ITRD','201','070/BY-ITRD/072016','V0000066','56200.00','2016-07-21',1,NULL,NULL,'2016-07-23 11:06:00','ayuproc'),('ITRD','201','071/BY-ITRD/072016','V0000008','480000.00','2016-07-22',1,NULL,NULL,'2016-07-23 11:07:21','ayuproc'),('ISGN','201','018/BY-ISGN/072016','V0000022','18500.00','2016-07-04',1,NULL,NULL,'2016-07-25 10:19:46','ayuproc'),('PJSG','201','016/BY-PJSG/072016','V0000026','400000.00','2016-06-28',1,NULL,NULL,'2016-07-25 10:55:59','ayuproc'),('ITRD','201','072/BY-ITRD/072016','V0000007','75000.00','2016-07-22',1,NULL,NULL,'2016-07-25 13:08:04','ayuproc'),('ITRD','201','073/BY-ITRD/072016','V0000081','3240000.00','2016-07-27',1,NULL,NULL,'2016-07-29 14:39:03','ayuproc'),('ITRD','201','074/BY-ITRD/072016','V0000006','19000.00','2016-07-27',1,NULL,NULL,'2016-07-29 14:46:15','ayuproc'),('ITRD','201','075/BY-ITRD/072016','V0000007','30500.00','2016-07-27',1,NULL,NULL,'2016-07-29 14:47:20','ayuproc'),('ITRD','201','076/BY-ITRD/072016','V0000010','70000.00','2016-07-27',1,NULL,NULL,'2016-07-29 14:48:27','ayuproc'),('ITRD','201','077/BY-ITRD/072016','V0000055','85000.00','2016-07-27',1,NULL,NULL,'2016-07-29 14:49:05','ayuproc'),('ITNS','201','015/BY-ITNS/072016','V0000058','50000.00','2016-07-26',1,NULL,NULL,'2016-07-29 14:49:54','ayuproc'),('ITRD','201','078/BY-ITRD/072016','V0000058','102000.00','2016-07-26',1,NULL,NULL,'2016-07-29 14:50:55','ayuproc'),('PJSG','201','017/BY-PJSG/072016','V0000023','1396000.00','2016-07-25',1,NULL,NULL,'2016-07-29 14:54:29','ayuproc'),('ISGN','201','019/BY-ISGN/072016','V0000023','385000.00','2016-07-23',1,NULL,NULL,'2016-07-29 14:56:02','ayuproc'),('ITRD','201','079/BY-ITRD/072016','V0000056','27500.00','2016-07-27',1,NULL,NULL,'2016-07-30 08:26:43','ayuproc'),('ITRD','201','080/BY-ITRD/072016','V0000076','206000.00','2016-07-20',1,NULL,NULL,'2016-07-30 09:12:29','ayuproc'),('PJSG','201','018/BY-PJSG/072016','V0000026','358000.00','2016-07-25',1,NULL,NULL,'2016-07-30 09:53:40','ayuproc'),('PJSG','201','019/BY-PJSG/072016','V0000026','220000.00','2016-07-25',1,NULL,NULL,'2016-07-30 09:55:24','ayuproc'),('PJSG','201','020/BY-PJSG/072016','V0000026','400000.00','2016-07-25',1,NULL,NULL,'2016-07-30 09:56:30','ayuproc'),('PJSG','201','021/BY-PJSG/072016','V0000026','496000.00','2016-07-25',1,NULL,NULL,'2016-07-30 09:57:40','ayuproc'),('ITRD','201','081/BY-ITRD/072016','V0000087','66500.00','2016-07-26',1,NULL,NULL,'2016-07-30 10:28:44','ayuproc'),('ITRD','201','082/BY-ITRD/072016','V0000055','540000.00','2016-07-18',1,NULL,NULL,'2016-07-30 10:33:12','ayuproc'),('ITRD','201','083/BY-ITRD/082016','V0000055','500000.00','2016-07-30',1,NULL,NULL,'2016-08-01 08:56:58','ayuproc'),('ITRD','201','084/BY-ITRD/082016','V0000055','500000.00','2016-07-30',1,NULL,NULL,'2016-08-01 08:59:01','ayuproc'),('ITRD','201','085/BY-ITRD/082016','V0000055','18500.00','2016-07-23',1,NULL,NULL,'2016-08-01 09:18:36','ayuproc'),('ITRD','201','086/BY-ITRD/082016','V0000056','280000.00','2016-07-23',1,NULL,NULL,'2016-08-01 11:34:34','ayuproc'),('ITRD','201','087/BY-ITRD/082016','V0000084','552500.00','2016-07-30',1,NULL,NULL,'2016-08-01 13:47:05','ayuproc'),('SMTH','201','035/BY-SMTH/082016','V0000016','360000.00','2016-07-29',1,NULL,NULL,'2016-08-01 15:13:46','ayuproc'),('ITRD','201','088/BY-ITRD/082016','V0000054','543000.00','2016-07-25',1,NULL,NULL,'2016-08-02 09:02:50','ayuproc'),('SMTH','201','036/BY-SMTH/082016','V0000016','315000.00','2016-07-29',1,NULL,NULL,'2016-08-03 14:39:45','ayuproc'),('ISGN','201','020/BY-ISGN/082016','V0000015','1176000.00','2016-06-24',1,NULL,NULL,'2016-08-04 09:23:53','ayuproc'),('ISGN','201','021/BY-ISGN/082016','V0000015','552000.00','2016-06-24',1,NULL,NULL,'2016-08-04 09:27:01','ayuproc'),('ISGN','201','022/BY-ISGN/082016','V0000015','1104000.00','2016-06-24',1,NULL,NULL,'2016-08-04 09:34:34','ayuproc'),('ISGN','201','023/BY-ISGN/082016','V0000058','23800.00','2016-08-03',1,NULL,NULL,'2016-08-04 10:17:32','ayuproc'),('SMTH','201','037/BY-SMTH/082016','V0000015','325000.00','2016-07-29',1,NULL,NULL,'2016-08-04 10:21:08','ayuproc'),('PJSG','201','022/BY-PJSG/082016','V0000026','490000.00','2016-08-02',1,NULL,NULL,'2016-08-04 10:57:24','ayuproc'),('ISGN','201','024/BY-ISGN/082016','V0000026','254000.00','2016-08-02',1,NULL,NULL,'2016-08-04 10:59:42','ayuproc'),('SMTH','201','038/BY-SMTH/082016','V0000026','200000.00','2016-07-29',1,NULL,NULL,'2016-08-04 14:43:23','ayuproc'),('SMTH','201','039/BY-SMTH/082016','V0000026','500000.00','2016-07-29',1,NULL,NULL,'2016-08-04 14:51:46','ayuproc'),('SMTH','201','040/BY-SMTH/082016','V0000026','70000.00','2016-07-29',1,NULL,NULL,'2016-08-04 15:21:35','ayuproc'),('SMTH','201','041/BY-SMTH/082016','V0000023','56000.00','2016-07-29',1,NULL,NULL,'2016-08-04 15:57:38','ayuproc'),('SMTH','201','042/BY-SMTH/082016','V0000055','40000.00','2016-07-29',1,NULL,NULL,'2016-08-04 16:01:20','ayuproc'),('SMTH','201','043/BY-SMTH/082016','V0000055','1055000.00','2016-07-29',1,NULL,NULL,'2016-08-04 16:03:40','ayuproc'),('SMTH','201','044/BY-SMTH/082016','V0000103','340000.00','2016-07-20',1,NULL,NULL,'2016-08-05 14:46:42','ayuproc'),('ITRD','201','089/BY-ITRD/082016','V0000055','100000.00','2016-08-03',1,NULL,NULL,'2016-08-06 09:21:33','ayuproc'),('ITRD','201','090/BY-ITRD/082016','V0000006','16500.00','2016-08-02',1,NULL,NULL,'2016-08-06 09:24:26','ayuproc'),('ITRD','201','091/BY-ITRD/082016','V0000008','227490.00','2016-07-29',1,NULL,NULL,'2016-08-06 09:26:18','ayuproc'),('ITRD','201','092/BY-ITRD/082016','V0000008','560000.00','2016-07-29',1,NULL,NULL,'2016-08-06 09:29:04','ayuproc'),('ITRD','201','093/BY-ITRD/082016','V0000056','27500.00','2016-08-04',1,NULL,NULL,'2016-08-06 09:38:13','ayuproc'),('ITRD','201','094/BY-ITRD/082016','V0000006','21300.00','2016-07-29',1,NULL,NULL,'2016-08-06 09:39:42','ayuproc'),('ITRD','201','095/BY-ITRD/082016','V0000007','32000.00','2016-07-29',1,NULL,NULL,'2016-08-06 09:44:44','ayuproc'),('ITRD','201','096/BY-ITRD/082016','V0000006','28200.00','2016-07-29',1,NULL,NULL,'2016-08-06 09:48:20','ayuproc'),('ITRD','201','097/BY-ITRD/082016','V0000055','250000.00','2016-07-29',1,NULL,NULL,'2016-08-06 09:49:06','ayuproc'),('ITRD','201','098/BY-ITRD/082016','V0000007','16000.00','2016-07-29',1,NULL,NULL,'2016-08-06 09:56:55','ayuproc'),('ITRD','201','099/BY-ITRD/082016','V0000007','60000.00','2016-08-01',1,NULL,NULL,'2016-08-06 09:58:30','ayuproc'),('ITRD','201','100/BY-ITRD/082016','V0000001','1300000.00','2016-08-03',1,NULL,NULL,'2016-08-06 10:03:49','ayuproc'),('ITRD','201','101/BY-ITRD/082016','V0000006','16500.00','2016-08-06',1,NULL,NULL,'2016-08-08 15:04:22','ayuproc'),('ITRD','201','102/BY-ITRD/082016','V0000008','480000.00','2016-08-05',1,NULL,NULL,'2016-08-08 15:15:32','ayuproc'),('SMTH','201','045/BY-SMTH/082016','V0000016','963000.00','2016-08-05',1,NULL,NULL,'2016-08-08 16:24:02','ayuproc'),('ITRD','201','103/BY-ITRD/082016','V0000007','60000.00','2016-08-08',1,NULL,NULL,'2016-08-09 13:10:37','ayuproc'),('ISGN','201','025/BY-ISGN/082016','V0000029','474000.00','2016-07-20',1,NULL,NULL,'2016-08-09 13:25:17','ayuproc'),('ISGN','201','026/BY-ISGN/082016','V0000031','1500000.00','2016-06-14',1,NULL,NULL,'2016-08-09 13:27:12','ayuproc'),('ISGN','201','027/BY-ISGN/082016','V0000019','93000.00','2016-07-29',1,NULL,NULL,'2016-08-09 13:28:47','ayuproc'),('SMNC','201','007/BY-SMNC/082016','V0000019','370000.00','2016-07-29',1,NULL,NULL,'2016-08-09 13:33:45','ayuproc'),('ITRD','201','104/BY-ITRD/082016','V0000007','11000.00','2016-08-05',1,NULL,NULL,'2016-08-09 13:38:04','ayuproc'),('ITRD','201','105/BY-ITRD/082016','V0000007','30000.00','2016-08-05',1,NULL,NULL,'2016-08-09 13:39:04','ayuproc'),('ITRD','201','106/BY-ITRD/082016','V0000055','18000.00','2016-08-04',1,NULL,NULL,'2016-08-09 13:41:21','ayuproc'),('ITRD','201','107/BY-ITRD/082016','V0000010','74000.00','2016-08-04',1,NULL,NULL,'2016-08-09 13:43:15','ayuproc'),('ITNS','201','016/BY-ITNS/082016','V0000058','51000.00','2016-08-09',1,NULL,NULL,'2016-08-09 14:03:39','ayuproc'),('SMNC','201','008/BY-SMNC/082016','V0000031','1250000.00','2016-06-14',1,NULL,NULL,'2016-08-10 11:42:51','ayuproc'),('ITRD','201','108/BY-ITRD/082016','V0000006','25300.00','2016-08-06',1,NULL,NULL,'2016-08-10 11:49:39','ayuproc'),('ITRD','201','109/BY-ITRD/082016','V0000087','32600.00','2016-08-07',1,NULL,NULL,'2016-08-10 11:51:00','ayuproc'),('ITRD','201','110/BY-ITRD/082016','V0000048','120000.00','2016-08-08',1,NULL,NULL,'2016-08-10 11:51:52','ayuproc'),('ITRD','201','111/BY-ITRD/082016','V0000056','230000.00','2016-08-06',1,NULL,NULL,'2016-08-10 11:52:52','ayuproc'),('ISGN','201','028/BY-ISGN/082016','V0000104','1430000.00','2016-08-09',1,NULL,NULL,'2016-08-10 15:13:37','ayuproc'),('ITNS','201','017/BY-ITNS/082016','V0000048','60000.00','2016-08-03',1,NULL,NULL,'2016-08-10 15:45:34','ayuproc'),('ITNS','201','018/BY-ITNS/082016','V0000070','1372000.00','2016-07-18',1,NULL,NULL,'2016-08-10 15:47:31','ayuproc'),('ITNS','201','019/BY-ITNS/082016','V0000042','600000.00','2016-08-03',1,NULL,NULL,'2016-08-10 15:51:23','ayuproc'),('ITNS','201','020/BY-ITNS/082016','V0000055','230000.00','2016-07-30',1,NULL,NULL,'2016-08-10 15:54:00','ayuproc'),('ITNS','201','021/BY-ITNS/082016','V0000055','225000.00','2016-08-01',1,NULL,NULL,'2016-08-10 15:55:10','ayuproc'),('ITNS','201','022/BY-ITNS/082016','V0000105','4000000.00','2016-08-04',1,NULL,NULL,'2016-08-10 15:57:54','ayuproc'),('ITNS','201','023/BY-ITNS/082016','V0000099','51000.00','2016-08-04',1,NULL,NULL,'2016-08-10 15:59:26','ayuproc'),('ITNS','201','024/BY-ITNS/082016','V0000099','51000.00','2016-08-04',1,NULL,NULL,'2016-08-10 16:00:18','ayuproc'),('ITNS','201','025/BY-ITNS/082016','V0000058','51000.00','2016-08-02',1,NULL,NULL,'2016-08-10 16:01:48','ayuproc'),('ITNS','201','026/BY-ITNS/082016','V0000099','51000.00','2016-08-02',1,NULL,NULL,'2016-08-10 16:04:18','ayuproc'),('ITNS','201','027/BY-ITNS/082016','V0000102','51000.00','2016-07-30',1,NULL,NULL,'2016-08-10 16:05:40','ayuproc'),('ITNS','201','028/BY-ITNS/082016','V0000055','160000.00','2016-07-27',1,NULL,NULL,'2016-08-10 16:10:19','ayuproc'),('ITNS','201','029/BY-ITNS/082016','V0000055','160000.00','2016-07-06',1,NULL,NULL,'2016-08-10 16:11:45','ayuproc'),('ITNS','201','030/BY-ITNS/082016','V0000048','60000.00','2016-08-11',1,NULL,NULL,'2016-08-11 08:18:35','ayuproc'),('ITRD','201','112/BY-ITRD/082016','V0000056','27500.00','2016-08-11',1,NULL,NULL,'2016-08-11 08:20:06','ayuproc'),('ITRD','201','113/BY-ITRD/082016','V0000010','70000.00','2016-08-10',1,NULL,NULL,'2016-08-11 09:41:22','ayuproc'),('ITRD','201','114/BY-ITRD/082016','V0000006','16500.00','2016-08-10',1,NULL,NULL,'2016-08-11 09:46:59','ayuproc'),('PJSG','201','023/BY-PJSG/082016','V0000055','2448500.00','2016-08-03',1,NULL,NULL,'2016-08-11 10:57:34','ayuproc'),('ISGN','201','029/BY-ISGN/082016','V0000022','150000.00','2016-08-10',1,NULL,NULL,'2016-08-11 14:42:23','ayuproc'),('PJSG','201','024/BY-PJSG/082016','V0000106','136000.00','2016-08-10',1,NULL,NULL,'2016-08-11 14:46:42','ayuproc'),('ISGN','201','030/BY-ISGN/082016','V0000026','190000.00','2016-08-10',1,NULL,NULL,'2016-08-11 14:50:33','ayuproc'),('ISGN','201','031/BY-ISGN/082016','V0000026','87500.00','2016-08-10',1,NULL,NULL,'2016-08-11 14:52:09','ayuproc'),('ISGN','201','032/BY-ISGN/082016','V0000026','180000.00','2016-08-10',1,NULL,NULL,'2016-08-11 14:54:34','ayuproc'),('ISGN','201','033/BY-ISGN/082016','V0000026','90000.00','2016-08-10',1,NULL,NULL,'2016-08-11 14:56:33','ayuproc'),('ISGN','201','034/BY-ISGN/082016','V0000016','50000.00','2016-08-10',1,NULL,NULL,'2016-08-11 14:58:41','ayuproc'),('ISGN','201','035/BY-ISGN/082016','V0000016','100000.00','2016-08-10',1,NULL,NULL,'2016-08-11 15:00:16','ayuproc'),('ISGN','201','036/BY-ISGN/082016','V0000016','280800.00','2016-08-10',1,NULL,NULL,'2016-08-11 15:02:01','ayuproc'),('PJSG','201','025/BY-PJSG/082016','V0000047','1045000.00','2016-08-10',1,NULL,NULL,'2016-08-11 15:48:21','ayuproc'),('PJSG','201','026/BY-PJSG/082016','V0000016','936000.00','2016-08-10',1,NULL,NULL,'2016-08-11 15:50:13','ayuproc'),('ISGN','201','037/BY-ISGN/082016','V0000029','580000.00','2016-08-10',1,NULL,NULL,'2016-08-12 09:02:57','ayuproc'),('ISGN','201','038/BY-ISGN/082016','V0000026','70000.00','2016-08-10',1,NULL,NULL,'2016-08-12 09:29:46','ayuproc'),('ISGN','201','039/BY-ISGN/082016','V0000098','13300000.00','2016-08-11',1,NULL,NULL,'2016-08-12 10:40:02','ayuproc'),('SMTH','201','046/BY-SMTH/082016','V0000026','344000.00','2016-08-12',1,NULL,NULL,'2016-08-12 14:34:28','ayuproc'),('ITRD','201','115/BY-ITRD/082016','V0000008','560000.00','2016-08-12',1,NULL,NULL,'2016-08-12 15:01:09','ayuproc'),('SMTH','201','047/BY-SMTH/082016','V0000023','618000.00','2016-08-11',1,NULL,NULL,'2016-08-12 15:03:45','ayuproc'),('SMTH','201','048/BY-SMTH/082016','V0000023','19200.00','2016-08-11',1,NULL,NULL,'2016-08-12 15:05:46','ayuproc'),('ITNS','201','031/BY-ITNS/082016','V0000022','115000.00','2016-08-12',1,NULL,NULL,'2016-08-13 08:39:10','ayuproc'),('ITNS','201','032/BY-ITNS/082016','V0000042','600000.00','2016-08-11',1,NULL,NULL,'2016-08-13 08:41:26','ayuproc'),('ITRD','201','116/BY-ITRD/082016','V0000107','1270800.00','2016-08-05',1,NULL,NULL,'2016-08-18 11:29:38','ayuproc'),('ITRD','201','117/BY-ITRD/082016','V0000007','46500.00','2016-08-09',1,NULL,NULL,'2016-08-18 11:34:15','ayuproc'),('ITRD','201','118/BY-ITRD/082016','V0000055','25000.00','2016-08-09',1,NULL,NULL,'2016-08-18 11:35:30','ayuproc'),('ITRD','201','119/BY-ITRD/082016','V0000054','1767000.00','2016-07-27',1,NULL,NULL,'2016-08-18 11:40:29','ayuproc'),('ITRD','201','120/BY-ITRD/082016','V0000054','3533500.00','2016-08-03',1,NULL,NULL,'2016-08-18 13:43:50','ayuproc'),('ITRD','201','121/BY-ITRD/082016','V0000054','92000.00','2016-08-15',1,NULL,NULL,'2016-08-18 13:59:15','ayuproc'),('ITRD','201','122/BY-ITRD/082016','V0000006','16500.00','2016-08-13',1,NULL,NULL,'2016-08-18 14:23:56','ayuproc');

/*Table structure for table `pembayaranjasa_detail` */

